{"id":30015,"date":"2023-10-27T18:18:32","date_gmt":"2023-10-27T18:18:32","guid":{"rendered":"https:\/\/www.saralinatacado.com.br\/loja\/?post_type=product&#038;p=30015"},"modified":"2023-10-27T18:18:32","modified_gmt":"2023-10-27T18:18:32","slug":"conversor-tv-de-sinal-analogico-para-digital-hdtv-set-box","status":"publish","type":"product","link":"https:\/\/www.saralinatacado.com.br\/loja\/produto\/conversor-tv-de-sinal-analogico-para-digital-hdtv-set-box\/","title":{"rendered":"Conversor Tv De Sinal Anal\u00f3gico Para Digital Hdtv \u2013 Set Box"},"content":{"rendered":"<h2 class=\"ui-pdp-description__title\">Descri\u00e7\u00e3o<\/h2>\n<p class=\"ui-pdp-description__content\">O Conversor FULL HD \u00e9 utilizado para recep\u00e7\u00e3o de sinal digital de televis\u00e3o aberta, e equipado com tecnologia de alta qualidade para som e imagem, possui fun\u00e7\u00e3o de grava\u00e7\u00e3o, entrada USB, conex\u00e3o HDMI, Central de m\u00eddia e controle remoto. A antena Digital HDTV, possui o melhor desempenho do mercado, super compacta, j\u00e1 vem montada. Capta sinais em UHF, VHF, FM e HDTV digital, tudo em alta defini\u00e7\u00e3o, para otimizar mais ainda recep\u00e7\u00e3o do conversor. Pode ser instalada em ambientes internos ou externos e acompanha cabo de 1,5 metros. Tudo o que voc\u00ea precisa em um \u00fanico produto.<\/p>\n<p>Especifica\u00e7\u00e3o T\u00e9cnica:<br \/>\n\u2022 Conversor Digital ISDB-T com Display de LED<br \/>\n\u2022 Recep\u00e7\u00e3o Terrestre em VHF e UHF<br \/>\n\u2022 Resolu\u00e7\u00e3o Compat\u00edvel 480i, 480p, 720p, 1080i e 1080p Full HD<br \/>\n\u2022 Sa\u00edda para Conex\u00e3o HDMI, RCA e Coaxial (Sa\u00edda de \u00c1udio Digital)<br \/>\n\u2022 Entrada USB<br \/>\n\u2022 Fun\u00e7\u00e3o Grava\u00e7\u00e3o de Programas (Necess\u00e1rio Pen Drive ou HD Externo. N\u00e3o Acompanha o Produto)<br \/>\n\u2022 Busca Autom\u00e1tica e Manual de Canais<br \/>\n\u2022 Menu EPG: Guia de Programa\u00e7\u00e3o Eletr\u00f4nico<br \/>\n\u2022 Defini\u00e7\u00e3o de Data e Hora<br \/>\n\u2022 Fun\u00e7\u00e3o Closed Caption<br \/>\n\u2022 Fun\u00e7\u00e3o Calend\u00e1rio, Calculadora e Jogos<br \/>\n\u2022 Formatos de \u00c1udio Suportados: MP3, WMA e AAC<br \/>\n\u2022 Formatos de V\u00eddeo Suportados: H.264, MPEG1, MPEG2, MPEG4, MJPEG, AVI, e DAT<br \/>\n\u2022 Formatos de Imagem Suportados: JPEG, BMP e PNG<br \/>\n\u2022 Frequ\u00eancia de Entrada: 470MHz a 806MHz<br \/>\n\u2022 Voltagem de Alimenta\u00e7\u00e3o: 90V \u2013 220V<br \/>\n\u2022 Pot\u00eancia M\u00e1xima: 8W<br \/>\n\u2022 N\u00edvel de Sensibilidade: 90dBm<br \/>\n\u2022 Medidas Aproximadas (LxAxP): 16,5\u00d73,5\u00d79,5cm<\/p>\n<p>Conte\u00fado da Embalagem:<br \/>\n\u2022 01 Conversor Digital<br \/>\n\u2022 01 Controle Remoto<br \/>\n\u2022 Chicote de Instala\u00e7\u00e3o<br \/>\n\u2022 Manual do Usu\u00e1rio<\/p>\n","protected":false},"excerpt":{"rendered":"<p>Descri\u00e7\u00e3o O Conversor FULL HD \u00e9 utilizado para recep\u00e7\u00e3o de sinal digital de televis\u00e3o aberta, e equipado com tecnologia de alta qualidade para som e imagem, possui fun\u00e7\u00e3o de grava\u00e7\u00e3o, entrada USB, conex\u00e3o HDMI, Central de m\u00eddia e controle remoto. A antena Digital HDTV, possui o melhor desempenho do mercado, super compacta, j\u00e1 vem montada. [&hellip;]\n","protected":false},"featured_media":30016,"comment_status":"open","ping_status":"closed","template":"","meta":{"_bbp_topic_count":0,"_bbp_reply_count":0,"_bbp_total_topic_count":0,"_bbp_total_reply_count":0,"_bbp_voice_count":0,"_bbp_anonymous_reply_count":0,"_bbp_topic_count_hidden":0,"_bbp_reply_count_hidden":0,"_bbp_forum_subforum_count":0,"_joinchat":[]},"product_brand":[],"product_cat":[175],"product_tag":[],"class_list":{"0":"post-30015","1":"product","2":"type-product","3":"status-publish","4":"has-post-thumbnail","6":"product_cat-receptor","8":"first","9":"instock","10":"taxable","11":"shipping-taxable","12":"purchasable","13":"product-type-simple"},"_links":{"self":[{"href":"https:\/\/www.saralinatacado.com.br\/loja\/wp-json\/wp\/v2\/product\/30015","targetHints":{"allow":["GET"]}}],"collection":[{"href":"https:\/\/www.saralinatacado.com.br\/loja\/wp-json\/wp\/v2\/product"}],"about":[{"href":"https:\/\/www.saralinatacado.com.br\/loja\/wp-json\/wp\/v2\/types\/product"}],"replies":[{"embeddable":true,"href":"https:\/\/www.saralinatacado.com.br\/loja\/wp-json\/wp\/v2\/comments?post=30015"}],"wp:featuredmedia":[{"embeddable":true,"href":"https:\/\/www.saralinatacado.com.br\/loja\/wp-json\/wp\/v2\/media\/30016"}],"wp:attachment":[{"href":"https:\/\/www.saralinatacado.com.br\/loja\/wp-json\/wp\/v2\/media?parent=30015"}],"wp:term":[{"taxonomy":"product_brand","embeddable":true,"href":"https:\/\/www.saralinatacado.com.br\/loja\/wp-json\/wp\/v2\/product_brand?post=30015"},{"taxonomy":"product_cat","embeddable":true,"href":"https:\/\/www.saralinatacado.com.br\/loja\/wp-json\/wp\/v2\/product_cat?post=30015"},{"taxonomy":"product_tag","embeddable":true,"href":"https:\/\/www.saralinatacado.com.br\/loja\/wp-json\/wp\/v2\/product_tag?post=30015"}],"curies":[{"name":"wp","href":"https:\/\/api.w.org\/{rel}","templated":true}]}}