{"id":30007,"date":"2023-10-27T17:56:41","date_gmt":"2023-10-27T17:56:41","guid":{"rendered":"https:\/\/www.saralinatacado.com.br\/loja\/?post_type=product&#038;p=30007"},"modified":"2023-10-27T17:57:36","modified_gmt":"2023-10-27T17:57:36","slug":"roteador-repetidor-wifi-4-antenas-amplificador-de-sinal","status":"publish","type":"product","link":"https:\/\/www.saralinatacado.com.br\/loja\/produto\/roteador-repetidor-wifi-4-antenas-amplificador-de-sinal\/","title":{"rendered":"Roteador Repetidor Wifi &#8211; 4 Antenas Amplificador De Sinal"},"content":{"rendered":"<p><strong class=\"desctitle\">DETALHES DO PRODUTO:<\/strong><\/p>\n<p>Com o mini repetidor e roteador wr09, o problema de sinal wireless na sua casa ou escrit\u00f3rio acabou, basta configur\u00e1-lo na fun\u00e7\u00e3o repetidor wireless ou ap, que a sua rede wi-fi ficara ampla, amplificando a qualidade de sinal nos lugares mais longe do seu roteador. Pix-link tamb\u00e9m possui a fun\u00e7\u00e3o roteador, basta conectar o modem adsl na porta internet rj45 e configurar a rede wi-fi, n\u00e3o fique preso em um s\u00f3 lugar, amplifique a sua rede wi-fi e tenha a liberdade de usar a internet a onde voc\u00ea quiser.<\/p>\n<p><strong>Especifica\u00e7\u00f5es T\u00e9cnicas:<\/strong><br \/>\n-\u00e1rea de cobertura: interior: 30 m, ao ar livre: 50 m<br \/>\n-Interface: porta WAN, porta LAN (1&#215;10\/100 Mbps)<br \/>\n-taxa de sinal: 2.4 GHz, 300 Mbps<br \/>\n-seguran\u00e7a sem fio: suporte 64\/128 bit WEP, WPA-PSK\/WPA2-PSK, 802.1x<br \/>\n-pot\u00eancia de transmiss\u00e3o: menos de 20dBm<\/p>\n","protected":false},"excerpt":{"rendered":"<p>DETALHES DO PRODUTO: Com o mini repetidor e roteador wr09, o problema de sinal wireless na sua casa ou escrit\u00f3rio acabou, basta configur\u00e1-lo na fun\u00e7\u00e3o repetidor wireless ou ap, que a sua rede wi-fi ficara ampla, amplificando a qualidade de sinal nos lugares mais longe do seu roteador. Pix-link tamb\u00e9m possui a fun\u00e7\u00e3o roteador, basta [&hellip;]\n","protected":false},"featured_media":30010,"comment_status":"open","ping_status":"closed","template":"","meta":{"_bbp_topic_count":0,"_bbp_reply_count":0,"_bbp_total_topic_count":0,"_bbp_total_reply_count":0,"_bbp_voice_count":0,"_bbp_anonymous_reply_count":0,"_bbp_topic_count_hidden":0,"_bbp_reply_count_hidden":0,"_bbp_forum_subforum_count":0,"_joinchat":[]},"product_brand":[],"product_cat":[175,176],"product_tag":[],"class_list":{"0":"post-30007","1":"product","2":"type-product","3":"status-publish","4":"has-post-thumbnail","6":"product_cat-receptor","7":"product_cat-roteador","9":"first","10":"instock","11":"taxable","12":"shipping-taxable","13":"purchasable","14":"product-type-simple"},"_links":{"self":[{"href":"https:\/\/www.saralinatacado.com.br\/loja\/wp-json\/wp\/v2\/product\/30007","targetHints":{"allow":["GET"]}}],"collection":[{"href":"https:\/\/www.saralinatacado.com.br\/loja\/wp-json\/wp\/v2\/product"}],"about":[{"href":"https:\/\/www.saralinatacado.com.br\/loja\/wp-json\/wp\/v2\/types\/product"}],"replies":[{"embeddable":true,"href":"https:\/\/www.saralinatacado.com.br\/loja\/wp-json\/wp\/v2\/comments?post=30007"}],"wp:featuredmedia":[{"embeddable":true,"href":"https:\/\/www.saralinatacado.com.br\/loja\/wp-json\/wp\/v2\/media\/30010"}],"wp:attachment":[{"href":"https:\/\/www.saralinatacado.com.br\/loja\/wp-json\/wp\/v2\/media?parent=30007"}],"wp:term":[{"taxonomy":"product_brand","embeddable":true,"href":"https:\/\/www.saralinatacado.com.br\/loja\/wp-json\/wp\/v2\/product_brand?post=30007"},{"taxonomy":"product_cat","embeddable":true,"href":"https:\/\/www.saralinatacado.com.br\/loja\/wp-json\/wp\/v2\/product_cat?post=30007"},{"taxonomy":"product_tag","embeddable":true,"href":"https:\/\/www.saralinatacado.com.br\/loja\/wp-json\/wp\/v2\/product_tag?post=30007"}],"curies":[{"name":"wp","href":"https:\/\/api.w.org\/{rel}","templated":true}]}}