{"id":29985,"date":"2023-10-27T14:45:28","date_gmt":"2023-10-27T14:45:28","guid":{"rendered":"https:\/\/www.saralinatacado.com.br\/loja\/?post_type=product&#038;p=29985"},"modified":"2023-10-27T14:45:29","modified_gmt":"2023-10-27T14:45:29","slug":"adaptador-de-audio-usb-bluetooth-p2-caixa-rosa-oem","status":"publish","type":"product","link":"https:\/\/www.saralinatacado.com.br\/loja\/produto\/adaptador-de-audio-usb-bluetooth-p2-caixa-rosa-oem\/","title":{"rendered":"Adaptador de Audio Usb Bluetooth P2 (caixa Rosa ) &#8211; oem"},"content":{"rendered":"<div class=\"sc-dAlyuH fuMQye sc-jlZhew gnIXvv sc-dLMFU kZAmPK sc-dLMFU kZAmPK\" data-testid=\"item\">\n<h2 class=\"sc-kpDqfm SqDpH\" data-testid=\"main-title\">Informa\u00e7\u00f5es do Produto<\/h2>\n<\/div>\n<div class=\"sc-fqkvVR brzqJX sc-jEACwC heJXky sc-eDPEul bGQnla sc-eDPEul bGQnla\" data-testid=\"item-content\">Receptor Bluetooth Usb P2 \u00c1udio Stereo 2.1 Adaptador M\u00fasicas &#8211; Permite Reproduzir \u00c1udio via Bluetooth para Equipamentos de Som &#8211; Compat\u00edvel com Aparelhos de Som com Entrada Auxiliar P2 e usb &#8211; Compat\u00edvel com Dispositivos com Bluetooth, Smartphones, PCs, Sistemas Android e iOS &#8211; Compat\u00edvel com Todas as Vers\u00f5es de Bluetooth &#8211; Ideal para Player Automotivo &#8211; Alcance M\u00e1ximo de 10 Metros Sem Barreira &#8211; Plug and Play: N\u00e3o Necessita Driver de Instala\u00e7\u00e3o &#8211; Cabo Entrada USB para Fonte de Alimenta\u00e7\u00e3o &#8211; LED vermelho quando carregando, LED fica azul quando carregado Recomenda-se uma carga completa antes de come\u00e7ar a us\u00e1-lo para melhor funcionamento. CONTE\u00daDO DA EMBALAGEM: &#8211; 01 Receptor Bluetooth &#8211; 01 Cabo usb &#8211; 01 Adaptador Auxiliar com 2 Pontas<\/div>\n","protected":false},"excerpt":{"rendered":"<p>Informa\u00e7\u00f5es do Produto Receptor Bluetooth Usb P2 \u00c1udio Stereo 2.1 Adaptador M\u00fasicas &#8211; Permite Reproduzir \u00c1udio via Bluetooth para Equipamentos de Som &#8211; Compat\u00edvel com Aparelhos de Som com Entrada Auxiliar P2 e usb &#8211; Compat\u00edvel com Dispositivos com Bluetooth, Smartphones, PCs, Sistemas Android e iOS &#8211; Compat\u00edvel com Todas as Vers\u00f5es de Bluetooth &#8211; [&hellip;]\n","protected":false},"featured_media":29986,"comment_status":"open","ping_status":"closed","template":"","meta":{"_bbp_topic_count":0,"_bbp_reply_count":0,"_bbp_total_topic_count":0,"_bbp_total_reply_count":0,"_bbp_voice_count":0,"_bbp_anonymous_reply_count":0,"_bbp_topic_count_hidden":0,"_bbp_reply_count_hidden":0,"_bbp_forum_subforum_count":0,"_joinchat":[]},"product_brand":[],"product_cat":[107],"product_tag":[],"class_list":{"0":"post-29985","1":"product","2":"type-product","3":"status-publish","4":"has-post-thumbnail","6":"product_cat-acessorios","8":"first","9":"instock","10":"taxable","11":"shipping-taxable","12":"purchasable","13":"product-type-simple"},"_links":{"self":[{"href":"https:\/\/www.saralinatacado.com.br\/loja\/wp-json\/wp\/v2\/product\/29985","targetHints":{"allow":["GET"]}}],"collection":[{"href":"https:\/\/www.saralinatacado.com.br\/loja\/wp-json\/wp\/v2\/product"}],"about":[{"href":"https:\/\/www.saralinatacado.com.br\/loja\/wp-json\/wp\/v2\/types\/product"}],"replies":[{"embeddable":true,"href":"https:\/\/www.saralinatacado.com.br\/loja\/wp-json\/wp\/v2\/comments?post=29985"}],"wp:featuredmedia":[{"embeddable":true,"href":"https:\/\/www.saralinatacado.com.br\/loja\/wp-json\/wp\/v2\/media\/29986"}],"wp:attachment":[{"href":"https:\/\/www.saralinatacado.com.br\/loja\/wp-json\/wp\/v2\/media?parent=29985"}],"wp:term":[{"taxonomy":"product_brand","embeddable":true,"href":"https:\/\/www.saralinatacado.com.br\/loja\/wp-json\/wp\/v2\/product_brand?post=29985"},{"taxonomy":"product_cat","embeddable":true,"href":"https:\/\/www.saralinatacado.com.br\/loja\/wp-json\/wp\/v2\/product_cat?post=29985"},{"taxonomy":"product_tag","embeddable":true,"href":"https:\/\/www.saralinatacado.com.br\/loja\/wp-json\/wp\/v2\/product_tag?post=29985"}],"curies":[{"name":"wp","href":"https:\/\/api.w.org\/{rel}","templated":true}]}}