{"id":29979,"date":"2023-10-27T14:38:40","date_gmt":"2023-10-27T14:38:40","guid":{"rendered":"https:\/\/www.saralinatacado.com.br\/loja\/?post_type=product&#038;p=29979"},"modified":"2023-10-27T14:38:40","modified_gmt":"2023-10-27T14:38:40","slug":"cabo-usb-macho-x-mini-usb-v3-5-pinos","status":"publish","type":"product","link":"https:\/\/www.saralinatacado.com.br\/loja\/produto\/cabo-usb-macho-x-mini-usb-v3-5-pinos\/","title":{"rendered":"Cabo USB Macho x Mini USB V3 5 pinos"},"content":{"rendered":"<div class=\"row-fluid\">\n<div class=\"container\">\n<div id=\"single-product\" class=\"js-product-detail js-shipping-calculator-container js-has-new-shipping\">\n<div id=\"single-product-container\" class=\"js-product-container\" data-variants=\"[{&quot;product_id&quot;:113223898,&quot;price_short&quot;:&quot;R$20,00&quot;,&quot;price_long&quot;:&quot;R$20,00&quot;,&quot;price_number&quot;:20,&quot;compare_at_price_short&quot;:null,&quot;compare_at_price_long&quot;:null,&quot;compare_at_price_number&quot;:null,&quot;stock&quot;:36,&quot;sku&quot;:&quot;40756&quot;,&quot;available&quot;:true,&quot;contact&quot;:false,&quot;option0&quot;:null,&quot;option1&quot;:null,&quot;option2&quot;:null,&quot;id&quot;:433924542,&quot;image&quot;:286492676,&quot;image_url&quot;:&quot;\\\/\\\/acdn.mitiendanube.com\\\/stores\\\/001\\\/586\\\/333\\\/products\\\/cabo-usb-macho-x-mini-usb-v3-hd-5-pinos-capa1-99c657637917793f5016465000227826-1024-1024.webp&quot;,&quot;installments_data&quot;:&quot;{\\&quot;Personalizado\\&quot;:{\\&quot;1\\&quot;:{\\&quot;installment_value\\&quot;:20,\\&quot;installment_value_cents\\&quot;:2000,\\&quot;interest\\&quot;:0,\\&quot;total_value\\&quot;:20,\\&quot;without_interests\\&quot;:true}},\\&quot;PagBank\\&quot;:[]}&quot;}]\">\n<div class=\"span6 clear-both-xs\" data-store=\"product-info-113223898\">\n<div class=\"product-form-container\">\n<div class=\"description user-content display-when-content-ready\" data-store=\"product-description-113223898\">\n<p>Especifica\u00e7\u00f5es t\u00e9cnicas:<br \/>\nC\u00f3digo: WI197<br \/>\nCor: preto<br \/>\nVelocidade: USB 2.0<br \/>\nAlimenta\u00e7\u00e3o de 5 V<br \/>\nComprimento do cabo: 1,5 m<br \/>\nPeso: 33 g<\/p>\n<p>Conectores:<br \/>\n&#8211; USB tipo A macho<br \/>\n&#8211; Mini USB 2.0 de 5 pinos<\/p>\n<p>Taxa de transfer\u00eancia:<br \/>\n&#8211; USB 2.0: at\u00e9 480 Mbps<\/p>\n<p>Conte\u00fado da Embalagem:<br \/>\n1x Cabo USB x Mini USB 1,5m<\/p>\n<\/div>\n<\/div>\n<\/div>\n<\/div>\n<\/div>\n<\/div>\n<\/div>\n<div id=\"related-products\" data-store=\"related-products\">\n<div class=\"row-fluid m-top\">\n<div class=\"container m-bottom\"><\/div>\n<\/div>\n<\/div>\n","protected":false},"excerpt":{"rendered":"<p>Especifica\u00e7\u00f5es t\u00e9cnicas: C\u00f3digo: WI197 Cor: preto Velocidade: USB 2.0 Alimenta\u00e7\u00e3o de 5 V Comprimento do cabo: 1,5 m Peso: 33 g Conectores: &#8211; USB tipo A macho &#8211; Mini USB 2.0 de 5 pinos Taxa de transfer\u00eancia: &#8211; USB 2.0: at\u00e9 480 Mbps Conte\u00fado da Embalagem: 1x Cabo USB x Mini USB 1,5m<\/p>\n","protected":false},"featured_media":29981,"comment_status":"open","ping_status":"closed","template":"","meta":{"_bbp_topic_count":0,"_bbp_reply_count":0,"_bbp_total_topic_count":0,"_bbp_total_reply_count":0,"_bbp_voice_count":0,"_bbp_anonymous_reply_count":0,"_bbp_topic_count_hidden":0,"_bbp_reply_count_hidden":0,"_bbp_forum_subforum_count":0,"_joinchat":[]},"product_brand":[],"product_cat":[106],"product_tag":[],"class_list":{"0":"post-29979","1":"product","2":"type-product","3":"status-publish","4":"has-post-thumbnail","6":"product_cat-cabos","8":"first","9":"instock","10":"taxable","11":"shipping-taxable","12":"purchasable","13":"product-type-simple"},"_links":{"self":[{"href":"https:\/\/www.saralinatacado.com.br\/loja\/wp-json\/wp\/v2\/product\/29979","targetHints":{"allow":["GET"]}}],"collection":[{"href":"https:\/\/www.saralinatacado.com.br\/loja\/wp-json\/wp\/v2\/product"}],"about":[{"href":"https:\/\/www.saralinatacado.com.br\/loja\/wp-json\/wp\/v2\/types\/product"}],"replies":[{"embeddable":true,"href":"https:\/\/www.saralinatacado.com.br\/loja\/wp-json\/wp\/v2\/comments?post=29979"}],"wp:featuredmedia":[{"embeddable":true,"href":"https:\/\/www.saralinatacado.com.br\/loja\/wp-json\/wp\/v2\/media\/29981"}],"wp:attachment":[{"href":"https:\/\/www.saralinatacado.com.br\/loja\/wp-json\/wp\/v2\/media?parent=29979"}],"wp:term":[{"taxonomy":"product_brand","embeddable":true,"href":"https:\/\/www.saralinatacado.com.br\/loja\/wp-json\/wp\/v2\/product_brand?post=29979"},{"taxonomy":"product_cat","embeddable":true,"href":"https:\/\/www.saralinatacado.com.br\/loja\/wp-json\/wp\/v2\/product_cat?post=29979"},{"taxonomy":"product_tag","embeddable":true,"href":"https:\/\/www.saralinatacado.com.br\/loja\/wp-json\/wp\/v2\/product_tag?post=29979"}],"curies":[{"name":"wp","href":"https:\/\/api.w.org\/{rel}","templated":true}]}}

<div class="row-fluid">
<div class="container">
<div id="single-product" class="js-product-detail js-shipping-calculator-container js-has-new-shipping">
<div id="single-product-container" class="js-product-container" data-variants="[{&quot;product_id&quot;:113223898,&quot;price_short&quot;:&quot;R$20,00&quot;,&quot;price_long&quot;:&quot;R$20,00&quot;,&quot;price_number&quot;:20,&quot;compare_at_price_short&quot;:null,&quot;compare_at_price_long&quot;:null,&quot;compare_at_price_number&quot;:null,&quot;stock&quot;:36,&quot;sku&quot;:&quot;40756&quot;,&quot;available&quot;:true,&quot;contact&quot;:false,&quot;option0&quot;:null,&quot;option1&quot;:null,&quot;option2&quot;:null,&quot;id&quot;:433924542,&quot;image&quot;:286492676,&quot;image_url&quot;:&quot;\/\/acdn.mitiendanube.com\/stores\/001\/586\/333\/products\/cabo-usb-macho-x-mini-usb-v3-hd-5-pinos-capa1-99c657637917793f5016465000227826-1024-1024.webp&quot;,&quot;installments_data&quot;:&quot;{\&quot;Personalizado\&quot;:{\&quot;1\&quot;:{\&quot;installment_value\&quot;:20,\&quot;installment_value_cents\&quot;:2000,\&quot;interest\&quot;:0,\&quot;total_value\&quot;:20,\&quot;without_interests\&quot;:true}},\&quot;PagBank\&quot;:[]}&quot;}]">
<div class="span6 clear-both-xs" data-store="product-info-113223898">
<div class="product-form-container">
<div class="description user-content display-when-content-ready" data-store="product-description-113223898">
<p>Especificações técnicas:<br />
Código: WI197<br />
Cor: preto<br />
Velocidade: USB 2.0<br />
Alimentação de 5 V<br />
Comprimento do cabo: 1,5 m<br />
Peso: 33 g</p>
<p>Conectores:<br />
&#8211; USB tipo A macho<br />
&#8211; Mini USB 2.0 de 5 pinos</p>
<p>Taxa de transferência:<br />
&#8211; USB 2.0: até 480 Mbps</p>
<p>Conteúdo da Embalagem:<br />
1x Cabo USB x Mini USB 1,5m</p>
</div>
</div>
</div>
</div>
</div>
</div>
</div>
<div id="related-products" data-store="related-products">
<div class="row-fluid m-top">
<div class="container m-bottom"></div>
</div>
</div>

<p>Especificações técnicas: Código: WI197 Cor: preto Velocidade: USB 2.0 Alimentação de 5 V Comprimento do cabo: 1,5 m Peso: 33 g Conectores: &#8211; USB tipo A macho &#8211; Mini USB 2.0 de 5 pinos Taxa de transferência: &#8211; USB 2.0: até 480 Mbps Conteúdo da Embalagem: 1x Cabo USB x Mini USB 1,5m</p>
