{"id":29976,"date":"2023-10-27T14:36:27","date_gmt":"2023-10-27T14:36:27","guid":{"rendered":"https:\/\/www.saralinatacado.com.br\/loja\/?post_type=product&#038;p=29976"},"modified":"2023-10-27T14:36:27","modified_gmt":"2023-10-27T14:36:27","slug":"cabo-otg-tipo-c-lelong-pendrive-usb-femea","status":"publish","type":"product","link":"https:\/\/www.saralinatacado.com.br\/loja\/produto\/cabo-otg-tipo-c-lelong-pendrive-usb-femea\/","title":{"rendered":"Cabo OTG Tipo C Lelong, Pendrive USB F\u00eamea"},"content":{"rendered":"<p>Com o Cabo Adaptador Celular OTG ficou mais f\u00e1cil passar fotos, v\u00eddeos e outros arquivos para o seu celular. Com ele \u00e9 poss\u00edvel conectar mouse, c\u00e2mera, teclado, pendrive e outros acess\u00f3rios ao seu aparelho. Caracter\u00edsticas e Especifica\u00e7\u00f5es: Tipo: USB 3.1 Tipo-C Para USB 3.0 Cabo de Dados OTG &gt; Micro USB macho e USB f\u00eamea &gt; Permite conectar mouse, teclado,pen drive, c\u00e2mera e outros acess\u00f3rios &gt; Compat\u00edvel com todos smartphones com tecnologia otg Conte\u00fado da embalagem: &gt; 1 Cabo Adaptador Para Celular OTG *imagens lustrativas<\/p>\n","protected":false},"excerpt":{"rendered":"<p>Com o Cabo Adaptador Celular OTG ficou mais f\u00e1cil passar fotos, v\u00eddeos e outros arquivos para o seu celular. Com ele \u00e9 poss\u00edvel conectar mouse, c\u00e2mera, teclado, pendrive e outros acess\u00f3rios ao seu aparelho. Caracter\u00edsticas e Especifica\u00e7\u00f5es: Tipo: USB 3.1 Tipo-C Para USB 3.0 Cabo de Dados OTG &gt; Micro USB macho e USB f\u00eamea [&hellip;]\n","protected":false},"featured_media":29978,"comment_status":"open","ping_status":"closed","template":"","meta":{"_bbp_topic_count":0,"_bbp_reply_count":0,"_bbp_total_topic_count":0,"_bbp_total_reply_count":0,"_bbp_voice_count":0,"_bbp_anonymous_reply_count":0,"_bbp_topic_count_hidden":0,"_bbp_reply_count_hidden":0,"_bbp_forum_subforum_count":0,"_joinchat":[]},"product_brand":[],"product_cat":[106],"product_tag":[],"class_list":{"0":"post-29976","1":"product","2":"type-product","3":"status-publish","4":"has-post-thumbnail","6":"product_cat-cabos","8":"first","9":"instock","10":"taxable","11":"shipping-taxable","12":"purchasable","13":"product-type-simple"},"_links":{"self":[{"href":"https:\/\/www.saralinatacado.com.br\/loja\/wp-json\/wp\/v2\/product\/29976","targetHints":{"allow":["GET"]}}],"collection":[{"href":"https:\/\/www.saralinatacado.com.br\/loja\/wp-json\/wp\/v2\/product"}],"about":[{"href":"https:\/\/www.saralinatacado.com.br\/loja\/wp-json\/wp\/v2\/types\/product"}],"replies":[{"embeddable":true,"href":"https:\/\/www.saralinatacado.com.br\/loja\/wp-json\/wp\/v2\/comments?post=29976"}],"wp:featuredmedia":[{"embeddable":true,"href":"https:\/\/www.saralinatacado.com.br\/loja\/wp-json\/wp\/v2\/media\/29978"}],"wp:attachment":[{"href":"https:\/\/www.saralinatacado.com.br\/loja\/wp-json\/wp\/v2\/media?parent=29976"}],"wp:term":[{"taxonomy":"product_brand","embeddable":true,"href":"https:\/\/www.saralinatacado.com.br\/loja\/wp-json\/wp\/v2\/product_brand?post=29976"},{"taxonomy":"product_cat","embeddable":true,"href":"https:\/\/www.saralinatacado.com.br\/loja\/wp-json\/wp\/v2\/product_cat?post=29976"},{"taxonomy":"product_tag","embeddable":true,"href":"https:\/\/www.saralinatacado.com.br\/loja\/wp-json\/wp\/v2\/product_tag?post=29976"}],"curies":[{"name":"wp","href":"https:\/\/api.w.org\/{rel}","templated":true}]}}