{"id":29966,"date":"2023-10-27T14:17:46","date_gmt":"2023-10-27T14:17:46","guid":{"rendered":"https:\/\/www.saralinatacado.com.br\/loja\/?post_type=product&#038;p=29966"},"modified":"2023-10-27T14:17:46","modified_gmt":"2023-10-27T14:17:46","slug":"cabo-de-forca-radio-1-5m-kts","status":"publish","type":"product","link":"https:\/\/www.saralinatacado.com.br\/loja\/produto\/cabo-de-forca-radio-1-5m-kts\/","title":{"rendered":"CABO DE FOR\u00c7A R\u00c1DIO 1.5M KTS"},"content":{"rendered":"<div><span data-sheets-value=\"{&quot;1&quot;:2,&quot;2&quot;:&quot;Cabo de for\u00e7a para r\u00e1dios e outros equipamentos com padr\u00e3o duplo.Tamb\u00e9m funciona no Playstation 2.N\u00e3o fique sem usar seus equipamentos por falta de um cabo de for\u00e7a.Tamanho: 1.5 metros&quot;}\" data-sheets-userformat=\"{&quot;2&quot;:769,&quot;3&quot;:{&quot;1&quot;:0},&quot;11&quot;:3,&quot;12&quot;:0}\">Cabo de for\u00e7a para r\u00e1dios e outros equipamentos com padr\u00e3o duplo.<\/span><\/div>\n<div><span data-sheets-value=\"{&quot;1&quot;:2,&quot;2&quot;:&quot;Cabo de for\u00e7a para r\u00e1dios e outros equipamentos com padr\u00e3o duplo.Tamb\u00e9m funciona no Playstation 2.N\u00e3o fique sem usar seus equipamentos por falta de um cabo de for\u00e7a.Tamanho: 1.5 metros&quot;}\" data-sheets-userformat=\"{&quot;2&quot;:769,&quot;3&quot;:{&quot;1&quot;:0},&quot;11&quot;:3,&quot;12&quot;:0}\">Tamb\u00e9m funciona no Playstation 2.<\/span><\/div>\n<div><span data-sheets-value=\"{&quot;1&quot;:2,&quot;2&quot;:&quot;Cabo de for\u00e7a para r\u00e1dios e outros equipamentos com padr\u00e3o duplo.Tamb\u00e9m funciona no Playstation 2.N\u00e3o fique sem usar seus equipamentos por falta de um cabo de for\u00e7a.Tamanho: 1.5 metros&quot;}\" data-sheets-userformat=\"{&quot;2&quot;:769,&quot;3&quot;:{&quot;1&quot;:0},&quot;11&quot;:3,&quot;12&quot;:0}\">N\u00e3o fique sem usar seus equipamentos por falta de um cabo de for\u00e7a.<\/span><\/div>\n<div><span data-sheets-value=\"{&quot;1&quot;:2,&quot;2&quot;:&quot;Cabo de for\u00e7a para r\u00e1dios e outros equipamentos com padr\u00e3o duplo.Tamb\u00e9m funciona no Playstation 2.N\u00e3o fique sem usar seus equipamentos por falta de um cabo de for\u00e7a.Tamanho: 1.5 metros&quot;}\" data-sheets-userformat=\"{&quot;2&quot;:769,&quot;3&quot;:{&quot;1&quot;:0},&quot;11&quot;:3,&quot;12&quot;:0}\">Tamanho: 1.5 metros<\/span><\/div>\n","protected":false},"excerpt":{"rendered":"<p>Cabo de for\u00e7a para r\u00e1dios e outros equipamentos com padr\u00e3o duplo. Tamb\u00e9m funciona no Playstation 2. N\u00e3o fique sem usar seus equipamentos por falta de um cabo de for\u00e7a. Tamanho: 1.5 metros<\/p>\n","protected":false},"featured_media":29969,"comment_status":"open","ping_status":"closed","template":"","meta":{"_bbp_topic_count":0,"_bbp_reply_count":0,"_bbp_total_topic_count":0,"_bbp_total_reply_count":0,"_bbp_voice_count":0,"_bbp_anonymous_reply_count":0,"_bbp_topic_count_hidden":0,"_bbp_reply_count_hidden":0,"_bbp_forum_subforum_count":0,"_joinchat":[]},"product_brand":[],"product_cat":[106],"product_tag":[],"class_list":{"0":"post-29966","1":"product","2":"type-product","3":"status-publish","4":"has-post-thumbnail","6":"product_cat-cabos","8":"first","9":"instock","10":"taxable","11":"shipping-taxable","12":"purchasable","13":"product-type-simple"},"_links":{"self":[{"href":"https:\/\/www.saralinatacado.com.br\/loja\/wp-json\/wp\/v2\/product\/29966","targetHints":{"allow":["GET"]}}],"collection":[{"href":"https:\/\/www.saralinatacado.com.br\/loja\/wp-json\/wp\/v2\/product"}],"about":[{"href":"https:\/\/www.saralinatacado.com.br\/loja\/wp-json\/wp\/v2\/types\/product"}],"replies":[{"embeddable":true,"href":"https:\/\/www.saralinatacado.com.br\/loja\/wp-json\/wp\/v2\/comments?post=29966"}],"wp:featuredmedia":[{"embeddable":true,"href":"https:\/\/www.saralinatacado.com.br\/loja\/wp-json\/wp\/v2\/media\/29969"}],"wp:attachment":[{"href":"https:\/\/www.saralinatacado.com.br\/loja\/wp-json\/wp\/v2\/media?parent=29966"}],"wp:term":[{"taxonomy":"product_brand","embeddable":true,"href":"https:\/\/www.saralinatacado.com.br\/loja\/wp-json\/wp\/v2\/product_brand?post=29966"},{"taxonomy":"product_cat","embeddable":true,"href":"https:\/\/www.saralinatacado.com.br\/loja\/wp-json\/wp\/v2\/product_cat?post=29966"},{"taxonomy":"product_tag","embeddable":true,"href":"https:\/\/www.saralinatacado.com.br\/loja\/wp-json\/wp\/v2\/product_tag?post=29966"}],"curies":[{"name":"wp","href":"https:\/\/api.w.org\/{rel}","templated":true}]}}

CABO DE FORÇA RÁDIO 1.5M KTS

<div><span data-sheets-value="{&quot;1&quot;:2,&quot;2&quot;:&quot;Cabo de força para rádios e outros equipamentos com padrão duplo.Também funciona no Playstation 2.Não fique sem usar seus equipamentos por falta de um cabo de força.Tamanho: 1.5 metros&quot;}" data-sheets-userformat="{&quot;2&quot;:769,&quot;3&quot;:{&quot;1&quot;:0},&quot;11&quot;:3,&quot;12&quot;:0}">Cabo de força para rádios e outros equipamentos com padrão duplo.</span></div>
<div><span data-sheets-value="{&quot;1&quot;:2,&quot;2&quot;:&quot;Cabo de força para rádios e outros equipamentos com padrão duplo.Também funciona no Playstation 2.Não fique sem usar seus equipamentos por falta de um cabo de força.Tamanho: 1.5 metros&quot;}" data-sheets-userformat="{&quot;2&quot;:769,&quot;3&quot;:{&quot;1&quot;:0},&quot;11&quot;:3,&quot;12&quot;:0}">Também funciona no Playstation 2.</span></div>
<div><span data-sheets-value="{&quot;1&quot;:2,&quot;2&quot;:&quot;Cabo de força para rádios e outros equipamentos com padrão duplo.Também funciona no Playstation 2.Não fique sem usar seus equipamentos por falta de um cabo de força.Tamanho: 1.5 metros&quot;}" data-sheets-userformat="{&quot;2&quot;:769,&quot;3&quot;:{&quot;1&quot;:0},&quot;11&quot;:3,&quot;12&quot;:0}">Não fique sem usar seus equipamentos por falta de um cabo de força.</span></div>
<div><span data-sheets-value="{&quot;1&quot;:2,&quot;2&quot;:&quot;Cabo de força para rádios e outros equipamentos com padrão duplo.Também funciona no Playstation 2.Não fique sem usar seus equipamentos por falta de um cabo de força.Tamanho: 1.5 metros&quot;}" data-sheets-userformat="{&quot;2&quot;:769,&quot;3&quot;:{&quot;1&quot;:0},&quot;11&quot;:3,&quot;12&quot;:0}">Tamanho: 1.5 metros</span></div>

<p>Cabo de força para rádios e outros equipamentos com padrão duplo. Também funciona no Playstation 2. Não fique sem usar seus equipamentos por falta de um cabo de força. Tamanho: 1.5 metros</p>
