{"id":29956,"date":"2023-10-27T14:01:45","date_gmt":"2023-10-27T14:01:45","guid":{"rendered":"https:\/\/www.saralinatacado.com.br\/loja\/?post_type=product&#038;p=29956"},"modified":"2023-10-27T14:01:45","modified_gmt":"2023-10-27T14:01:45","slug":"cabo-extensor-prolongador-storm-p2-stereo-x-p2-femea-1-8m","status":"publish","type":"product","link":"https:\/\/www.saralinatacado.com.br\/loja\/produto\/cabo-extensor-prolongador-storm-p2-stereo-x-p2-femea-1-8m\/","title":{"rendered":"Cabo Extensor Prolongador Storm P2 Stereo X P2 F\u00eamea 1.8m"},"content":{"rendered":"<p><strong>Especifica\u00e7\u00f5es:\u00a0<\/strong><\/p>\n<p>&#8211; Tipo: P2 Est\u00e9reo x J2 Est\u00e9reo<\/p>\n<p>&#8211; Cor: Preto<\/p>\n<p>&#8211; Conector: Banhado \u00e0 Ouro<\/p>\n","protected":false},"excerpt":{"rendered":"<p>Especifica\u00e7\u00f5es:\u00a0 &#8211; Tipo: P2 Est\u00e9reo x J2 Est\u00e9reo &#8211; Cor: Preto &#8211; Conector: Banhado \u00e0 Ouro<\/p>\n","protected":false},"featured_media":29957,"comment_status":"open","ping_status":"closed","template":"","meta":{"_bbp_topic_count":0,"_bbp_reply_count":0,"_bbp_total_topic_count":0,"_bbp_total_reply_count":0,"_bbp_voice_count":0,"_bbp_anonymous_reply_count":0,"_bbp_topic_count_hidden":0,"_bbp_reply_count_hidden":0,"_bbp_forum_subforum_count":0,"_joinchat":[]},"product_brand":[],"product_cat":[106],"product_tag":[],"class_list":{"0":"post-29956","1":"product","2":"type-product","3":"status-publish","4":"has-post-thumbnail","6":"product_cat-cabos","8":"first","9":"instock","10":"taxable","11":"shipping-taxable","12":"purchasable","13":"product-type-simple"},"_links":{"self":[{"href":"https:\/\/www.saralinatacado.com.br\/loja\/wp-json\/wp\/v2\/product\/29956","targetHints":{"allow":["GET"]}}],"collection":[{"href":"https:\/\/www.saralinatacado.com.br\/loja\/wp-json\/wp\/v2\/product"}],"about":[{"href":"https:\/\/www.saralinatacado.com.br\/loja\/wp-json\/wp\/v2\/types\/product"}],"replies":[{"embeddable":true,"href":"https:\/\/www.saralinatacado.com.br\/loja\/wp-json\/wp\/v2\/comments?post=29956"}],"wp:featuredmedia":[{"embeddable":true,"href":"https:\/\/www.saralinatacado.com.br\/loja\/wp-json\/wp\/v2\/media\/29957"}],"wp:attachment":[{"href":"https:\/\/www.saralinatacado.com.br\/loja\/wp-json\/wp\/v2\/media?parent=29956"}],"wp:term":[{"taxonomy":"product_brand","embeddable":true,"href":"https:\/\/www.saralinatacado.com.br\/loja\/wp-json\/wp\/v2\/product_brand?post=29956"},{"taxonomy":"product_cat","embeddable":true,"href":"https:\/\/www.saralinatacado.com.br\/loja\/wp-json\/wp\/v2\/product_cat?post=29956"},{"taxonomy":"product_tag","embeddable":true,"href":"https:\/\/www.saralinatacado.com.br\/loja\/wp-json\/wp\/v2\/product_tag?post=29956"}],"curies":[{"name":"wp","href":"https:\/\/api.w.org\/{rel}","templated":true}]}}

Cabo Extensor Prolongador Storm P2 Stereo X P2 Fêmea 1.8m

<p><strong>Especificações: </strong></p>
<p>&#8211; Tipo: P2 Estéreo x J2 Estéreo</p>
<p>&#8211; Cor: Preto</p>
<p>&#8211; Conector: Banhado à Ouro</p>

<p>Especificações:  &#8211; Tipo: P2 Estéreo x J2 Estéreo &#8211; Cor: Preto &#8211; Conector: Banhado à Ouro</p>
