{"id":29948,"date":"2023-10-27T12:32:34","date_gmt":"2023-10-27T12:32:34","guid":{"rendered":"https:\/\/www.saralinatacado.com.br\/loja\/?post_type=product&#038;p=29948"},"modified":"2023-10-27T13:10:42","modified_gmt":"2023-10-27T13:10:42","slug":"cabo-extensor-usb-2-0-de-15-metros","status":"publish","type":"product","link":"https:\/\/www.saralinatacado.com.br\/loja\/produto\/cabo-extensor-usb-2-0-de-15-metros\/","title":{"rendered":"Cabo Extensor USB 2.0 de 1,5 Metros"},"content":{"rendered":"<p><strong>CARACTER\u00cdSTICA DO PRODUTO<\/strong><\/p>\n<p>Marca: Bear Cabos<br \/>\nRefer\u00eancia do Modelo: C006<br \/>\nGarantia do Fornecedor: 1,5 Meses<br \/>\nConectores: USB 2.0 A Macho x A F\u00eamea<br \/>\nTamanho do Cabo: 3 Metros<br \/>\nRevestimento: TPE<\/p>\n<p><strong>Conte\u00fado da Embalagem:<\/strong><br \/>\n&#8211; 01 Cabo Extensor USB 2.0 de 1,5<\/p>\n<p>Metros<\/p>\n","protected":false},"excerpt":{"rendered":"<p>CARACTER\u00cdSTICA DO PRODUTO Marca: Bear Cabos Refer\u00eancia do Modelo: C006 Garantia do Fornecedor: 1,5 Meses Conectores: USB 2.0 A Macho x A F\u00eamea Tamanho do Cabo: 3 Metros Revestimento: TPE Conte\u00fado da Embalagem: &#8211; 01 Cabo Extensor USB 2.0 de 1,5 Metros<\/p>\n","protected":false},"featured_media":29950,"comment_status":"open","ping_status":"closed","template":"","meta":{"_bbp_topic_count":0,"_bbp_reply_count":0,"_bbp_total_topic_count":0,"_bbp_total_reply_count":0,"_bbp_voice_count":0,"_bbp_anonymous_reply_count":0,"_bbp_topic_count_hidden":0,"_bbp_reply_count_hidden":0,"_bbp_forum_subforum_count":0,"_joinchat":[]},"product_brand":[],"product_cat":[106],"product_tag":[],"class_list":{"0":"post-29948","1":"product","2":"type-product","3":"status-publish","4":"has-post-thumbnail","6":"product_cat-cabos","8":"first","9":"instock","10":"taxable","11":"shipping-taxable","12":"purchasable","13":"product-type-simple"},"_links":{"self":[{"href":"https:\/\/www.saralinatacado.com.br\/loja\/wp-json\/wp\/v2\/product\/29948","targetHints":{"allow":["GET"]}}],"collection":[{"href":"https:\/\/www.saralinatacado.com.br\/loja\/wp-json\/wp\/v2\/product"}],"about":[{"href":"https:\/\/www.saralinatacado.com.br\/loja\/wp-json\/wp\/v2\/types\/product"}],"replies":[{"embeddable":true,"href":"https:\/\/www.saralinatacado.com.br\/loja\/wp-json\/wp\/v2\/comments?post=29948"}],"wp:featuredmedia":[{"embeddable":true,"href":"https:\/\/www.saralinatacado.com.br\/loja\/wp-json\/wp\/v2\/media\/29950"}],"wp:attachment":[{"href":"https:\/\/www.saralinatacado.com.br\/loja\/wp-json\/wp\/v2\/media?parent=29948"}],"wp:term":[{"taxonomy":"product_brand","embeddable":true,"href":"https:\/\/www.saralinatacado.com.br\/loja\/wp-json\/wp\/v2\/product_brand?post=29948"},{"taxonomy":"product_cat","embeddable":true,"href":"https:\/\/www.saralinatacado.com.br\/loja\/wp-json\/wp\/v2\/product_cat?post=29948"},{"taxonomy":"product_tag","embeddable":true,"href":"https:\/\/www.saralinatacado.com.br\/loja\/wp-json\/wp\/v2\/product_tag?post=29948"}],"curies":[{"name":"wp","href":"https:\/\/api.w.org\/{rel}","templated":true}]}}

<p><strong>CARACTERÍSTICA DO PRODUTO</strong></p>
<p>Marca: Bear Cabos<br />
Referência do Modelo: C006<br />
Garantia do Fornecedor: 1,5 Meses<br />
Conectores: USB 2.0 A Macho x A Fêmea<br />
Tamanho do Cabo: 3 Metros<br />
Revestimento: TPE</p>
<p><strong>Conteúdo da Embalagem:</strong><br />
&#8211; 01 Cabo Extensor USB 2.0 de 1,5</p>
<p>Metros</p>

<p>CARACTERÍSTICA DO PRODUTO Marca: Bear Cabos Referência do Modelo: C006 Garantia do Fornecedor: 1,5 Meses Conectores: USB 2.0 A Macho x A Fêmea Tamanho do Cabo: 3 Metros Revestimento: TPE Conteúdo da Embalagem: &#8211; 01 Cabo Extensor USB 2.0 de 1,5 Metros</p>
