{"id":29939,"date":"2023-10-27T12:22:05","date_gmt":"2023-10-27T12:22:05","guid":{"rendered":"https:\/\/www.saralinatacado.com.br\/loja\/?post_type=product&#038;p=29939"},"modified":"2023-10-27T12:22:05","modified_gmt":"2023-10-27T12:22:05","slug":"cabo-extensor-usb-2-0-femea-x-femea-1-5-metros","status":"publish","type":"product","link":"https:\/\/www.saralinatacado.com.br\/loja\/produto\/cabo-extensor-usb-2-0-femea-x-femea-1-5-metros\/","title":{"rendered":"Cabo Extensor Usb 2.0 F\u00eamea X F\u00eamea 1.5 Metros"},"content":{"rendered":"<h2 class=\"ui-pdp-description__title\">Descri\u00e7\u00e3o<\/h2>\n<p class=\"ui-pdp-description__content\">Cabo adaptador emenda USB F\u00eamea X F\u00eamea 1,5 Metros<br \/>\n&#8211; Blindagem especial<br \/>\n&#8211; Pontas N\u00edquel, garantem melhor qualidade e maior durabilidade<br \/>\n&#8211; Material pl\u00e1stico de alta durabilidade<br \/>\n&#8211; Produto: Novo<br \/>\n&#8211; Cor: Preto<br \/>\n&#8211; Entrada USB dos dois lados.<br \/>\n&#8211; Utiliz\u00e1vel para Celulares, Aparelhos Automotivos, Computadores, C\u00e2meras, etc<br \/>\n&#8211; Compacto, Resistente e de Qualidade<\/p>\n","protected":false},"excerpt":{"rendered":"<p>Descri\u00e7\u00e3o Cabo adaptador emenda USB F\u00eamea X F\u00eamea 1,5 Metros &#8211; Blindagem especial &#8211; Pontas N\u00edquel, garantem melhor qualidade e maior durabilidade &#8211; Material pl\u00e1stico de alta durabilidade &#8211; Produto: Novo &#8211; Cor: Preto &#8211; Entrada USB dos dois lados. &#8211; Utiliz\u00e1vel para Celulares, Aparelhos Automotivos, Computadores, C\u00e2meras, etc &#8211; Compacto, Resistente e de Qualidade<\/p>\n","protected":false},"featured_media":29941,"comment_status":"open","ping_status":"closed","template":"","meta":{"_bbp_topic_count":0,"_bbp_reply_count":0,"_bbp_total_topic_count":0,"_bbp_total_reply_count":0,"_bbp_voice_count":0,"_bbp_anonymous_reply_count":0,"_bbp_topic_count_hidden":0,"_bbp_reply_count_hidden":0,"_bbp_forum_subforum_count":0,"_joinchat":[]},"product_brand":[],"product_cat":[106],"product_tag":[],"class_list":{"0":"post-29939","1":"product","2":"type-product","3":"status-publish","4":"has-post-thumbnail","6":"product_cat-cabos","8":"first","9":"instock","10":"taxable","11":"shipping-taxable","12":"purchasable","13":"product-type-simple"},"_links":{"self":[{"href":"https:\/\/www.saralinatacado.com.br\/loja\/wp-json\/wp\/v2\/product\/29939","targetHints":{"allow":["GET"]}}],"collection":[{"href":"https:\/\/www.saralinatacado.com.br\/loja\/wp-json\/wp\/v2\/product"}],"about":[{"href":"https:\/\/www.saralinatacado.com.br\/loja\/wp-json\/wp\/v2\/types\/product"}],"replies":[{"embeddable":true,"href":"https:\/\/www.saralinatacado.com.br\/loja\/wp-json\/wp\/v2\/comments?post=29939"}],"wp:featuredmedia":[{"embeddable":true,"href":"https:\/\/www.saralinatacado.com.br\/loja\/wp-json\/wp\/v2\/media\/29941"}],"wp:attachment":[{"href":"https:\/\/www.saralinatacado.com.br\/loja\/wp-json\/wp\/v2\/media?parent=29939"}],"wp:term":[{"taxonomy":"product_brand","embeddable":true,"href":"https:\/\/www.saralinatacado.com.br\/loja\/wp-json\/wp\/v2\/product_brand?post=29939"},{"taxonomy":"product_cat","embeddable":true,"href":"https:\/\/www.saralinatacado.com.br\/loja\/wp-json\/wp\/v2\/product_cat?post=29939"},{"taxonomy":"product_tag","embeddable":true,"href":"https:\/\/www.saralinatacado.com.br\/loja\/wp-json\/wp\/v2\/product_tag?post=29939"}],"curies":[{"name":"wp","href":"https:\/\/api.w.org\/{rel}","templated":true}]}}

Cabo Extensor Usb 2.0 Fêmea X Fêmea 1.5 Metros

<h2 class="ui-pdp-description__title">Descrição</h2>
<p class="ui-pdp-description__content">Cabo adaptador emenda USB Fêmea X Fêmea 1,5 Metros<br />
&#8211; Blindagem especial<br />
&#8211; Pontas Níquel, garantem melhor qualidade e maior durabilidade<br />
&#8211; Material plástico de alta durabilidade<br />
&#8211; Produto: Novo<br />
&#8211; Cor: Preto<br />
&#8211; Entrada USB dos dois lados.<br />
&#8211; Utilizável para Celulares, Aparelhos Automotivos, Computadores, Câmeras, etc<br />
&#8211; Compacto, Resistente e de Qualidade</p>

<p>Descrição Cabo adaptador emenda USB Fêmea X Fêmea 1,5 Metros &#8211; Blindagem especial &#8211; Pontas Níquel, garantem melhor qualidade e maior durabilidade &#8211; Material plástico de alta durabilidade &#8211; Produto: Novo &#8211; Cor: Preto &#8211; Entrada USB dos dois lados. &#8211; Utilizável para Celulares, Aparelhos Automotivos, Computadores, Câmeras, etc &#8211; Compacto, Resistente e de Qualidade</p>
