{"id":29934,"date":"2023-10-27T12:14:09","date_gmt":"2023-10-27T12:14:09","guid":{"rendered":"https:\/\/www.saralinatacado.com.br\/loja\/?post_type=product&#038;p=29934"},"modified":"2023-10-27T12:14:09","modified_gmt":"2023-10-27T12:14:09","slug":"cabo-p2-x-2-rca-audio-auxiliar-estereo-3-metros-para-celulares-tvs-caixas-de-som-e-home-theater","status":"publish","type":"product","link":"https:\/\/www.saralinatacado.com.br\/loja\/produto\/cabo-p2-x-2-rca-audio-auxiliar-estereo-3-metros-para-celulares-tvs-caixas-de-som-e-home-theater\/","title":{"rendered":"Cabo P2 X 2 Rca \u00c1udio Auxiliar Estereo 3 Metros Para Celulares, Tv&#8217;s, Caixas de Som e Home Theater"},"content":{"rendered":"<p>O Cabo P2 X 2 RCA \u00e9 utilizado para transmiss\u00e3o de som e imagem de v\u00e1rios equipamentos, indicado para liga\u00e7\u00e3o de equipamentos como: Celulares, V\u00eddeo Cassete, DVD, Caixas de Som, Home Theather, Blu-ray, aparelhos de TV a cabo, etc&#8230; Os conectores com qualidade internacional que aperfei\u00e7oam o som para a transfer\u00eancia do sinal. Prote\u00e7\u00e3o em alum\u00ednio refor\u00e7ada com liga de cobre contra perda de sinal e ru\u00eddos. F\u00e1cil Instala\u00e7\u00e3o: Conectores com c\u00f3digos de cores para reconhecimento imediato das respectivas entradas. Cabo emborrachado de alta qualidade e resistente Padr\u00e3o de cores: segue todas as normas, sendo: vermelho e branco (\u00e1udio est\u00e9reo) Cabo na cor Azul Medida: 3m ITENS INCLUSOS: 1 Cabo P2 X 2 RCA 3m<\/p>\n","protected":false},"excerpt":{"rendered":"<p>O Cabo P2 X 2 RCA \u00e9 utilizado para transmiss\u00e3o de som e imagem de v\u00e1rios equipamentos, indicado para liga\u00e7\u00e3o de equipamentos como: Celulares, V\u00eddeo Cassete, DVD, Caixas de Som, Home Theather, Blu-ray, aparelhos de TV a cabo, etc&#8230; Os conectores com qualidade internacional que aperfei\u00e7oam o som para a transfer\u00eancia do sinal. Prote\u00e7\u00e3o em [&hellip;]\n","protected":false},"featured_media":29935,"comment_status":"open","ping_status":"closed","template":"","meta":{"_bbp_topic_count":0,"_bbp_reply_count":0,"_bbp_total_topic_count":0,"_bbp_total_reply_count":0,"_bbp_voice_count":0,"_bbp_anonymous_reply_count":0,"_bbp_topic_count_hidden":0,"_bbp_reply_count_hidden":0,"_bbp_forum_subforum_count":0,"_joinchat":[]},"product_brand":[],"product_cat":[106],"product_tag":[],"class_list":{"0":"post-29934","1":"product","2":"type-product","3":"status-publish","4":"has-post-thumbnail","6":"product_cat-cabos","8":"first","9":"instock","10":"taxable","11":"shipping-taxable","12":"purchasable","13":"product-type-simple"},"_links":{"self":[{"href":"https:\/\/www.saralinatacado.com.br\/loja\/wp-json\/wp\/v2\/product\/29934","targetHints":{"allow":["GET"]}}],"collection":[{"href":"https:\/\/www.saralinatacado.com.br\/loja\/wp-json\/wp\/v2\/product"}],"about":[{"href":"https:\/\/www.saralinatacado.com.br\/loja\/wp-json\/wp\/v2\/types\/product"}],"replies":[{"embeddable":true,"href":"https:\/\/www.saralinatacado.com.br\/loja\/wp-json\/wp\/v2\/comments?post=29934"}],"wp:featuredmedia":[{"embeddable":true,"href":"https:\/\/www.saralinatacado.com.br\/loja\/wp-json\/wp\/v2\/media\/29935"}],"wp:attachment":[{"href":"https:\/\/www.saralinatacado.com.br\/loja\/wp-json\/wp\/v2\/media?parent=29934"}],"wp:term":[{"taxonomy":"product_brand","embeddable":true,"href":"https:\/\/www.saralinatacado.com.br\/loja\/wp-json\/wp\/v2\/product_brand?post=29934"},{"taxonomy":"product_cat","embeddable":true,"href":"https:\/\/www.saralinatacado.com.br\/loja\/wp-json\/wp\/v2\/product_cat?post=29934"},{"taxonomy":"product_tag","embeddable":true,"href":"https:\/\/www.saralinatacado.com.br\/loja\/wp-json\/wp\/v2\/product_tag?post=29934"}],"curies":[{"name":"wp","href":"https:\/\/api.w.org\/{rel}","templated":true}]}}

Cabo P2 X 2 Rca Áudio Auxiliar Estereo 3 Metros Para Celulares, Tv&#8217;s, Caixas de Som e Home Theater

<p>O Cabo P2 X 2 RCA é utilizado para transmissão de som e imagem de vários equipamentos, indicado para ligação de equipamentos como: Celulares, Vídeo Cassete, DVD, Caixas de Som, Home Theather, Blu-ray, aparelhos de TV a cabo, etc&#8230; Os conectores com qualidade internacional que aperfeiçoam o som para a transferência do sinal. Proteção em alumínio reforçada com liga de cobre contra perda de sinal e ruídos. Fácil Instalação: Conectores com códigos de cores para reconhecimento imediato das respectivas entradas. Cabo emborrachado de alta qualidade e resistente Padrão de cores: segue todas as normas, sendo: vermelho e branco (áudio estéreo) Cabo na cor Azul Medida: 3m ITENS INCLUSOS: 1 Cabo P2 X 2 RCA 3m</p>

<p>O Cabo P2 X 2 RCA é utilizado para transmissão de som e imagem de vários equipamentos, indicado para ligação de equipamentos como: Celulares, Vídeo Cassete, DVD, Caixas de Som, Home Theather, Blu-ray, aparelhos de TV a cabo, etc&#8230; Os conectores com qualidade internacional que aperfeiçoam o som para a transferência do sinal. Proteção em [&hellip;]
