{"id":29931,"date":"2023-10-27T12:09:50","date_gmt":"2023-10-27T12:09:50","guid":{"rendered":"https:\/\/www.saralinatacado.com.br\/loja\/?post_type=product&#038;p=29931"},"modified":"2023-10-27T12:09:50","modified_gmt":"2023-10-27T12:09:50","slug":"cabo-rca-3-x-3-av-15-mts-audio-e-video-machos-p-tv-azul","status":"publish","type":"product","link":"https:\/\/www.saralinatacado.com.br\/loja\/produto\/cabo-rca-3-x-3-av-15-mts-audio-e-video-machos-p-tv-azul\/","title":{"rendered":"Cabo Rca 3 X 3 Av 1,5 Mts Audio E Video Machos P Tv &#8211; Azul"},"content":{"rendered":"<h2 class=\"Iv7FJp\">Descri\u00e7\u00e3o Do Produto<\/h2>\n<div class=\"MCCLkq\">\n<div class=\"f7AU53\">\n<p class=\"irIKAp\">Cabo Audio\/video Macho Rca, Av 1,5m Video Tv Lcd Led Dvd Sky Azul Cabo \u00e1udio e v\u00eddeo Azul 3 RCA \/ 3 RCA Macho Possui 1,5 Metros Pontas Gold com acabamento refor\u00e7ado. Cabos de alta qualidade e acabamento primeira linha para quem exige o m\u00e1ximo do seu sistema. -O Cabo Para \u00c1udio e V\u00eddeo 3 Rca + 3 Rca Coaxial possuem \u00f3timos plugs impedindo que haja interfer\u00eancias externas. -Ideal para equipamentos como DVDs, V\u00eddeo Cassete, Projetores, Home Theater, aparelhos de Tv a cabo, entre outros que utilizam entrada e sa\u00edda Rca. -Conte\u00fado Da Embalagem: 1 Cabo Para \u00c1udio e V\u00eddeo 3 Rca + 3 Rca Coaxial<\/p>\n<\/div>\n<\/div>\n","protected":false},"excerpt":{"rendered":"<p>Descri\u00e7\u00e3o Do Produto Cabo Audio\/video Macho Rca, Av 1,5m Video Tv Lcd Led Dvd Sky Azul Cabo \u00e1udio e v\u00eddeo Azul 3 RCA \/ 3 RCA Macho Possui 1,5 Metros Pontas Gold com acabamento refor\u00e7ado. Cabos de alta qualidade e acabamento primeira linha para quem exige o m\u00e1ximo do seu sistema. -O Cabo Para \u00c1udio [&hellip;]\n","protected":false},"featured_media":29933,"comment_status":"open","ping_status":"closed","template":"","meta":{"_bbp_topic_count":0,"_bbp_reply_count":0,"_bbp_total_topic_count":0,"_bbp_total_reply_count":0,"_bbp_voice_count":0,"_bbp_anonymous_reply_count":0,"_bbp_topic_count_hidden":0,"_bbp_reply_count_hidden":0,"_bbp_forum_subforum_count":0,"_joinchat":[]},"product_brand":[],"product_cat":[106],"product_tag":[],"class_list":{"0":"post-29931","1":"product","2":"type-product","3":"status-publish","4":"has-post-thumbnail","6":"product_cat-cabos","8":"first","9":"instock","10":"taxable","11":"shipping-taxable","12":"purchasable","13":"product-type-simple"},"_links":{"self":[{"href":"https:\/\/www.saralinatacado.com.br\/loja\/wp-json\/wp\/v2\/product\/29931","targetHints":{"allow":["GET"]}}],"collection":[{"href":"https:\/\/www.saralinatacado.com.br\/loja\/wp-json\/wp\/v2\/product"}],"about":[{"href":"https:\/\/www.saralinatacado.com.br\/loja\/wp-json\/wp\/v2\/types\/product"}],"replies":[{"embeddable":true,"href":"https:\/\/www.saralinatacado.com.br\/loja\/wp-json\/wp\/v2\/comments?post=29931"}],"wp:featuredmedia":[{"embeddable":true,"href":"https:\/\/www.saralinatacado.com.br\/loja\/wp-json\/wp\/v2\/media\/29933"}],"wp:attachment":[{"href":"https:\/\/www.saralinatacado.com.br\/loja\/wp-json\/wp\/v2\/media?parent=29931"}],"wp:term":[{"taxonomy":"product_brand","embeddable":true,"href":"https:\/\/www.saralinatacado.com.br\/loja\/wp-json\/wp\/v2\/product_brand?post=29931"},{"taxonomy":"product_cat","embeddable":true,"href":"https:\/\/www.saralinatacado.com.br\/loja\/wp-json\/wp\/v2\/product_cat?post=29931"},{"taxonomy":"product_tag","embeddable":true,"href":"https:\/\/www.saralinatacado.com.br\/loja\/wp-json\/wp\/v2\/product_tag?post=29931"}],"curies":[{"name":"wp","href":"https:\/\/api.w.org\/{rel}","templated":true}]}}

<h2 class="Iv7FJp">Descrição Do Produto</h2>
<div class="MCCLkq">
<div class="f7AU53">
<p class="irIKAp">Cabo Audio/video Macho Rca, Av 1,5m Video Tv Lcd Led Dvd Sky Azul Cabo áudio e vídeo Azul 3 RCA / 3 RCA Macho Possui 1,5 Metros Pontas Gold com acabamento reforçado. Cabos de alta qualidade e acabamento primeira linha para quem exige o máximo do seu sistema. -O Cabo Para Áudio e Vídeo 3 Rca + 3 Rca Coaxial possuem ótimos plugs impedindo que haja interferências externas. -Ideal para equipamentos como DVDs, Vídeo Cassete, Projetores, Home Theater, aparelhos de Tv a cabo, entre outros que utilizam entrada e saída Rca. -Conteúdo Da Embalagem: 1 Cabo Para Áudio e Vídeo 3 Rca + 3 Rca Coaxial</p>
</div>
</div>

<p>Descrição Do Produto Cabo Audio/video Macho Rca, Av 1,5m Video Tv Lcd Led Dvd Sky Azul Cabo áudio e vídeo Azul 3 RCA / 3 RCA Macho Possui 1,5 Metros Pontas Gold com acabamento reforçado. Cabos de alta qualidade e acabamento primeira linha para quem exige o máximo do seu sistema. -O Cabo Para Áudio [&hellip;]
