{"id":29923,"date":"2023-10-26T18:59:43","date_gmt":"2023-10-26T18:59:43","guid":{"rendered":"https:\/\/www.saralinatacado.com.br\/loja\/?post_type=product&#038;p=29923"},"modified":"2023-10-26T18:59:43","modified_gmt":"2023-10-26T18:59:43","slug":"lampada-espia-com-camera-ip-de-monitoramento-360-wifi","status":"publish","type":"product","link":"https:\/\/www.saralinatacado.com.br\/loja\/produto\/lampada-espia-com-camera-ip-de-monitoramento-360-wifi\/","title":{"rendered":"LAMPADA ESPI\u00c3 COM CAMERA IP DE MONITORAMENTO 360 WIFI"},"content":{"rendered":"<h4 class=\"my-4 font-weight-bold w-100\">Descri\u00e7\u00e3o<\/h4>\n<p><span style=\"font-family: Arial;\">Esta c\u00e2mera possui a tecnologia mais avan\u00e7ada atualmente para monitorar e cuidar de sua casa ou seu trabalho.<br \/>\n\u2022 Sistema Extremamente simples de instalar, basta colocar em um bocal de l\u00e2mpada comum;<br \/>\n\u2022 Tem o tamanho e formato de uma l\u00e2mpada de led comum, discreto;<br \/>\n\u2022 Conecta-se a sua rede wifi e a partir da\u00ed voc\u00ea pode visualizar e interagir de qualquer lugar do mundo atarv\u00e9s do seu celular ou tablet;<br \/>\n\u2022 Possui microfone para ouvir o som ambiente e auto falante para voc\u00ea poder falar com as pessoas no ambiente;<br \/>\n\u2022 Voc\u00ea pode gravar ou fotografar a qualquer momento em seu telefone ou tablet;<br \/>\n\u2022 Usando cart\u00e3o SD a c\u00e2mera vai gravando continuamente<br \/>\n\u2022 Voce consegue girar a imagem atrav\u00e9s do Celular e controlar o zoom.<br \/>\n\u2022 A instala\u00e7\u00e3o \u00e9 muito simples, basta rosquea-la como uma c\u00e2mera comum. (necessita rede wifi ao alcance)<br \/>\n\u2022 A imagem pode ser vista ao vivo em seu Smartphone.<br \/>\n\u2022 \u00c9 poss\u00edvel acender a luz remotamente atrav\u00e9s da internet, conversar com quem esta na sala (voc\u00ea ouve tudo o que esta sendo falado onde esta a c\u00e2mera e tamb\u00e9m \u00e9 poss\u00edvel falar no seu smartphone e o som sai no auto falante da c\u00e2mera)<br \/>\n\u2022 Por ela possuir uma vis\u00e3o de 360\u00ba, apenas uma c\u00e2mera consegue cobrir uma \u00e1rea bem maior do que uma c\u00e2mera comum, consegue cobrir uma \u00e1rea onde seria necess\u00e1rio aproximadamente 4 c\u00e2meras.<\/span><\/p>\n<p><span style=\"font-family: Arial;\"><strong>Especifica\u00e7\u00f5es T\u00e9cnicas<\/strong><\/span><\/p>\n<p><span style=\"font-family: Arial;\">Soquete: E27<br \/>\nTens\u00e3o: bivolt<br \/>\nTamanho m\u00e1ximo da imagem: 1280 x 960 pixel<br \/>\nSuporte de rede: conex\u00e3o sem fio (wi-fi)<br \/>\nEntrada para cart\u00e3o de mem\u00f3ria (micro SD): Suporte m\u00e1ximo 128gb<\/span><\/p>\n","protected":false},"excerpt":{"rendered":"<p>Descri\u00e7\u00e3o Esta c\u00e2mera possui a tecnologia mais avan\u00e7ada atualmente para monitorar e cuidar de sua casa ou seu trabalho. \u2022 Sistema Extremamente simples de instalar, basta colocar em um bocal de l\u00e2mpada comum; \u2022 Tem o tamanho e formato de uma l\u00e2mpada de led comum, discreto; \u2022 Conecta-se a sua rede wifi e a partir [&hellip;]\n","protected":false},"featured_media":29924,"comment_status":"open","ping_status":"closed","template":"","meta":{"_bbp_topic_count":0,"_bbp_reply_count":0,"_bbp_total_topic_count":0,"_bbp_total_reply_count":0,"_bbp_voice_count":0,"_bbp_anonymous_reply_count":0,"_bbp_topic_count_hidden":0,"_bbp_reply_count_hidden":0,"_bbp_forum_subforum_count":0,"_joinchat":[]},"product_brand":[],"product_cat":[104],"product_tag":[],"class_list":{"0":"post-29923","1":"product","2":"type-product","3":"status-publish","4":"has-post-thumbnail","6":"product_cat-cameras-de-seguranca","8":"first","9":"instock","10":"taxable","11":"shipping-taxable","12":"purchasable","13":"product-type-simple"},"_links":{"self":[{"href":"https:\/\/www.saralinatacado.com.br\/loja\/wp-json\/wp\/v2\/product\/29923","targetHints":{"allow":["GET"]}}],"collection":[{"href":"https:\/\/www.saralinatacado.com.br\/loja\/wp-json\/wp\/v2\/product"}],"about":[{"href":"https:\/\/www.saralinatacado.com.br\/loja\/wp-json\/wp\/v2\/types\/product"}],"replies":[{"embeddable":true,"href":"https:\/\/www.saralinatacado.com.br\/loja\/wp-json\/wp\/v2\/comments?post=29923"}],"wp:featuredmedia":[{"embeddable":true,"href":"https:\/\/www.saralinatacado.com.br\/loja\/wp-json\/wp\/v2\/media\/29924"}],"wp:attachment":[{"href":"https:\/\/www.saralinatacado.com.br\/loja\/wp-json\/wp\/v2\/media?parent=29923"}],"wp:term":[{"taxonomy":"product_brand","embeddable":true,"href":"https:\/\/www.saralinatacado.com.br\/loja\/wp-json\/wp\/v2\/product_brand?post=29923"},{"taxonomy":"product_cat","embeddable":true,"href":"https:\/\/www.saralinatacado.com.br\/loja\/wp-json\/wp\/v2\/product_cat?post=29923"},{"taxonomy":"product_tag","embeddable":true,"href":"https:\/\/www.saralinatacado.com.br\/loja\/wp-json\/wp\/v2\/product_tag?post=29923"}],"curies":[{"name":"wp","href":"https:\/\/api.w.org\/{rel}","templated":true}]}}