{"id":29920,"date":"2023-10-26T18:57:25","date_gmt":"2023-10-26T18:57:25","guid":{"rendered":"https:\/\/www.saralinatacado.com.br\/loja\/?post_type=product&#038;p=29920"},"modified":"2023-10-26T18:57:25","modified_gmt":"2023-10-26T18:57:25","slug":"camera-lampada-ip-inteligente-panoramica-yoosee-wifi-e-espia","status":"publish","type":"product","link":"https:\/\/www.saralinatacado.com.br\/loja\/produto\/camera-lampada-ip-inteligente-panoramica-yoosee-wifi-e-espia\/","title":{"rendered":"C\u00e2mera L\u00e2mpada Ip Inteligente Panor\u00e2mica Yoosee Wifi E Espi\u00e3"},"content":{"rendered":"<p>Especifica\u00e7\u00f5es:<\/p>\n<p>&#8211; Rastreamento autom\u00e1tico (segue o movimento do ambiente automaticamente para n\u00e3o perder nada de vista);<br \/>\n&#8211; Monitoramento 360\u00b0: inclina\u00e7\u00e3o autom\u00e1tica ou por controle remoto;<br \/>\n&#8211; Sistema Night-Vision: Vis\u00e3o Noturna e Diurna com Infra-Vermelho e Led\u00b4s de Alta Performance!<br \/>\n&#8211; Alarme de movimenta\u00e7\u00e3o: Dispara o alarme no seu celular ao detectar movimentos suspeitos;<br \/>\n&#8211; Sistema de \u00e1udio: Microfone com gravador de \u00e1udio detecta todos os sons do ambiente;<br \/>\n&#8211; Acesso remoto: Movimenta\u00e7\u00e3o manual via controle remoto atrav\u00e9s do seu Smartphone;<br \/>\n&#8211; F\u00e1cil instala\u00e7\u00e3o: Instala\u00e7\u00e3o Simples, R\u00e1pida e Pr\u00e1tica em qualquer suporte de l\u00e2mpada;<br \/>\n&#8211; Armazenamento: Nuvem e Cart\u00e3o de mem\u00f3ria de 128GB (N\u00e3o Inclu\u00eddo);<br \/>\n&#8211; Compatibilidade: Todos os Smartphones, compat\u00edvel com IOS e Android;<br \/>\n&#8211; Conex\u00e3o: Conex\u00e3o Wi-Fi, Sensor de \u00faltima gera\u00e7\u00e3o, C\u00e2mera HD 1080p.<\/p>\n<p>Detalhes da C\u00e2mera:<\/p>\n<p>&#8211; Microfone embutido: canal de \u00e1udio;<br \/>\n&#8211; Vis\u00e3o Noturna \/ Vis\u00e3o infravermelha;<br \/>\n&#8211; Lente: 3.6mm;<br \/>\n&#8211; Alta Defini\u00e7\u00e3o: 1080p (1920*1280) 720p (1280*720);<br \/>\n&#8211; \u00c2ngulo de inclina\u00e7\u00e3o: 355\u00b0 \/ 90\u00b0<br \/>\n&#8211; Quadro: 1080p @ 20fps \/ 720p @ 20fps;<br \/>\n&#8211; Fluxo de v\u00eddeo 1080p: 1.2 mbps 1.5mbps 720p: 512kbps;<br \/>\n&#8211; Formato de \u00e1udio G.711A;<br \/>\n&#8211; Tens\u00e3o: 110-240V;<br \/>\n&#8211; Economia de Energia: &lt;5w;<br \/>\n&#8211; Cor do produto: branco e preto;<br \/>\n&#8211; Tamanho do produto: 18,8 x 8,8 x 7,8cm.<\/p>\n<p>Itens Inclusos:<br \/>\n&#8211; C\u00e2mera L\u00e2mpada Wifi IP Jortan;<br \/>\n&#8211; Suporte para fixa\u00e7\u00e3o;<br \/>\n&#8211; Manual;<br \/>\n&#8211; Kit Parafusos.<\/p>\n<p>OBS: N\u00e3o deve ser instalada em local sujeito a sol e chuva, este modelo n\u00e3o \u00e9 \u00e0 prova d&#8217;\u00e1gua.<\/p>\n","protected":false},"excerpt":{"rendered":"<p>Especifica\u00e7\u00f5es: &#8211; Rastreamento autom\u00e1tico (segue o movimento do ambiente automaticamente para n\u00e3o perder nada de vista); &#8211; Monitoramento 360\u00b0: inclina\u00e7\u00e3o autom\u00e1tica ou por controle remoto; &#8211; Sistema Night-Vision: Vis\u00e3o Noturna e Diurna com Infra-Vermelho e Led\u00b4s de Alta Performance! &#8211; Alarme de movimenta\u00e7\u00e3o: Dispara o alarme no seu celular ao detectar movimentos suspeitos; &#8211; Sistema [&hellip;]\n","protected":false},"featured_media":29922,"comment_status":"open","ping_status":"closed","template":"","meta":{"_bbp_topic_count":0,"_bbp_reply_count":0,"_bbp_total_topic_count":0,"_bbp_total_reply_count":0,"_bbp_voice_count":0,"_bbp_anonymous_reply_count":0,"_bbp_topic_count_hidden":0,"_bbp_reply_count_hidden":0,"_bbp_forum_subforum_count":0,"_joinchat":[]},"product_brand":[],"product_cat":[104],"product_tag":[],"class_list":{"0":"post-29920","1":"product","2":"type-product","3":"status-publish","4":"has-post-thumbnail","6":"product_cat-cameras-de-seguranca","8":"first","9":"instock","10":"taxable","11":"shipping-taxable","12":"purchasable","13":"product-type-simple"},"_links":{"self":[{"href":"https:\/\/www.saralinatacado.com.br\/loja\/wp-json\/wp\/v2\/product\/29920","targetHints":{"allow":["GET"]}}],"collection":[{"href":"https:\/\/www.saralinatacado.com.br\/loja\/wp-json\/wp\/v2\/product"}],"about":[{"href":"https:\/\/www.saralinatacado.com.br\/loja\/wp-json\/wp\/v2\/types\/product"}],"replies":[{"embeddable":true,"href":"https:\/\/www.saralinatacado.com.br\/loja\/wp-json\/wp\/v2\/comments?post=29920"}],"wp:featuredmedia":[{"embeddable":true,"href":"https:\/\/www.saralinatacado.com.br\/loja\/wp-json\/wp\/v2\/media\/29922"}],"wp:attachment":[{"href":"https:\/\/www.saralinatacado.com.br\/loja\/wp-json\/wp\/v2\/media?parent=29920"}],"wp:term":[{"taxonomy":"product_brand","embeddable":true,"href":"https:\/\/www.saralinatacado.com.br\/loja\/wp-json\/wp\/v2\/product_brand?post=29920"},{"taxonomy":"product_cat","embeddable":true,"href":"https:\/\/www.saralinatacado.com.br\/loja\/wp-json\/wp\/v2\/product_cat?post=29920"},{"taxonomy":"product_tag","embeddable":true,"href":"https:\/\/www.saralinatacado.com.br\/loja\/wp-json\/wp\/v2\/product_tag?post=29920"}],"curies":[{"name":"wp","href":"https:\/\/api.w.org\/{rel}","templated":true}]}}