{"id":29913,"date":"2023-10-26T18:49:02","date_gmt":"2023-10-26T18:49:02","guid":{"rendered":"https:\/\/www.saralinatacado.com.br\/loja\/?post_type=product&#038;p=29913"},"modified":"2023-10-26T18:49:02","modified_gmt":"2023-10-26T18:49:02","slug":"caixa-som-portatil-xtrad-mbrabu-8w-bluetooth-fm-usb","status":"publish","type":"product","link":"https:\/\/www.saralinatacado.com.br\/loja\/produto\/caixa-som-portatil-xtrad-mbrabu-8w-bluetooth-fm-usb\/","title":{"rendered":"Caixa Som Port\u00e1til Xtrad, Mbrabu, 8w, Bluetooth, FM, USB"},"content":{"rendered":"<p>A SOM PORTATIL BLUETOOTH FM USB MBRABU PRETO WS-601<\/p>\n<p>Caixa de som estilosa, \u00f3timo para decora\u00e7\u00e3o e para quem gosta de cole\u00e7\u00e3o \u00e9 um \u00f3tima op\u00e7\u00e3o.<\/p>\n<p>Agora voc\u00ea pode ter o seu MBRABU !!! Produto Certificado pela Anatel: 18579-21-13346 \ud83d\ude09<\/p>\n<p>Ou\u00e7a um som limpo e marcante.\u00a0Alegre seu ambiente com esta linda caixinha de som.<\/p>\n<p>Conecte qualquer dispositivo via conex\u00e3o sem fio blue-connect, cart\u00e3o SD, entrada USB, auxiliar e R\u00e1dio FM.<br \/>\nN\u00e3o dependa s\u00f3 da tomada, recarregue a bateria interna e a desfrute.<br \/>\nPode ser utilizada em Notebooks, PCs, Celulares (atende chamadas), tablets, laptops, MP3\/4, etc<\/p>\n<p>&#8211; Auto falante no assoalho e teto<br \/>\n&#8211; Potencia: 8W<br \/>\n&#8211; Alimenta\u00e7\u00e3o: cabo usb DC 5V<br \/>\n&#8211; FM Stereo.<br \/>\n&#8211; Acende os far\u00f3is e lanternas traseiras enquanto estiver ligado.<br \/>\n&#8211; Entrada USB para pendrive e outros.<br \/>\n&#8211; Entrada para cart\u00e3o micro USD.<br \/>\n&#8211; Entrada para cabo USB.<\/p>\n<p>Dimens\u00f5es: Alt. 11cm X Comp. 24cm X Larg. 10cm<br \/>\nTempo em uso aproximadamente 5hs<\/p>\n<p>Itens<br \/>\n&#8211; 01 Caixa de som estilo MBRABU<br \/>\n&#8211; 01 Bateira interna<br \/>\n&#8211; 01 Cabo para carregar.<\/p>\n<p>Marca: Xtrad<\/p>\n","protected":false},"excerpt":{"rendered":"<p>A SOM PORTATIL BLUETOOTH FM USB MBRABU PRETO WS-601 Caixa de som estilosa, \u00f3timo para decora\u00e7\u00e3o e para quem gosta de cole\u00e7\u00e3o \u00e9 um \u00f3tima op\u00e7\u00e3o. Agora voc\u00ea pode ter o seu MBRABU !!! Produto Certificado pela Anatel: 18579-21-13346 \ud83d\ude09 Ou\u00e7a um som limpo e marcante.\u00a0Alegre seu ambiente com esta linda caixinha de som. Conecte [&hellip;]\n","protected":false},"featured_media":29914,"comment_status":"open","ping_status":"closed","template":"","meta":{"_bbp_topic_count":0,"_bbp_reply_count":0,"_bbp_total_topic_count":0,"_bbp_total_reply_count":0,"_bbp_voice_count":0,"_bbp_anonymous_reply_count":0,"_bbp_topic_count_hidden":0,"_bbp_reply_count_hidden":0,"_bbp_forum_subforum_count":0,"_joinchat":[]},"product_brand":[],"product_cat":[101],"product_tag":[],"class_list":{"0":"post-29913","1":"product","2":"type-product","3":"status-publish","4":"has-post-thumbnail","6":"product_cat-radios","8":"first","9":"instock","10":"taxable","11":"shipping-taxable","12":"purchasable","13":"product-type-simple"},"_links":{"self":[{"href":"https:\/\/www.saralinatacado.com.br\/loja\/wp-json\/wp\/v2\/product\/29913","targetHints":{"allow":["GET"]}}],"collection":[{"href":"https:\/\/www.saralinatacado.com.br\/loja\/wp-json\/wp\/v2\/product"}],"about":[{"href":"https:\/\/www.saralinatacado.com.br\/loja\/wp-json\/wp\/v2\/types\/product"}],"replies":[{"embeddable":true,"href":"https:\/\/www.saralinatacado.com.br\/loja\/wp-json\/wp\/v2\/comments?post=29913"}],"wp:featuredmedia":[{"embeddable":true,"href":"https:\/\/www.saralinatacado.com.br\/loja\/wp-json\/wp\/v2\/media\/29914"}],"wp:attachment":[{"href":"https:\/\/www.saralinatacado.com.br\/loja\/wp-json\/wp\/v2\/media?parent=29913"}],"wp:term":[{"taxonomy":"product_brand","embeddable":true,"href":"https:\/\/www.saralinatacado.com.br\/loja\/wp-json\/wp\/v2\/product_brand?post=29913"},{"taxonomy":"product_cat","embeddable":true,"href":"https:\/\/www.saralinatacado.com.br\/loja\/wp-json\/wp\/v2\/product_cat?post=29913"},{"taxonomy":"product_tag","embeddable":true,"href":"https:\/\/www.saralinatacado.com.br\/loja\/wp-json\/wp\/v2\/product_tag?post=29913"}],"curies":[{"name":"wp","href":"https:\/\/api.w.org\/{rel}","templated":true}]}}

Caixa Som Portátil Xtrad, Mbrabu, 8w, Bluetooth, FM, USB

<p>A SOM PORTATIL BLUETOOTH FM USB MBRABU PRETO WS-601</p>
<p>Caixa de som estilosa, ótimo para decoração e para quem gosta de coleção é um ótima opção.</p>
<p>Agora você pode ter o seu MBRABU !!! Produto Certificado pela Anatel: 18579-21-13346 😉</p>
<p>Ouça um som limpo e marcante. Alegre seu ambiente com esta linda caixinha de som.</p>
<p>Conecte qualquer dispositivo via conexão sem fio blue-connect, cartão SD, entrada USB, auxiliar e Rádio FM.<br />
Não dependa só da tomada, recarregue a bateria interna e a desfrute.<br />
Pode ser utilizada em Notebooks, PCs, Celulares (atende chamadas), tablets, laptops, MP3/4, etc</p>
<p>&#8211; Auto falante no assoalho e teto<br />
&#8211; Potencia: 8W<br />
&#8211; Alimentação: cabo usb DC 5V<br />
&#8211; FM Stereo.<br />
&#8211; Acende os faróis e lanternas traseiras enquanto estiver ligado.<br />
&#8211; Entrada USB para pendrive e outros.<br />
&#8211; Entrada para cartão micro USD.<br />
&#8211; Entrada para cabo USB.</p>
<p>Dimensões: Alt. 11cm X Comp. 24cm X Larg. 10cm<br />
Tempo em uso aproximadamente 5hs</p>
<p>Itens<br />
&#8211; 01 Caixa de som estilo MBRABU<br />
&#8211; 01 Bateira interna<br />
&#8211; 01 Cabo para carregar.</p>
<p>Marca: Xtrad</p>

<p>A SOM PORTATIL BLUETOOTH FM USB MBRABU PRETO WS-601 Caixa de som estilosa, ótimo para decoração e para quem gosta de coleção é um ótima opção. Agora você pode ter o seu MBRABU !!! Produto Certificado pela Anatel: 18579-21-13346 😉 Ouça um som limpo e marcante. Alegre seu ambiente com esta linda caixinha de som. Conecte [&hellip;]
