{"id":29886,"date":"2023-10-26T17:25:19","date_gmt":"2023-10-26T17:25:19","guid":{"rendered":"https:\/\/www.saralinatacado.com.br\/loja\/?post_type=product&#038;p=29886"},"modified":"2023-10-26T17:25:54","modified_gmt":"2023-10-26T17:25:54","slug":"caixa-de-som-amplificada-portatil-bluetooth-1000-watss-rms-mp3-fm-usb-lede-bateria-tws-amvox-aca-500","status":"publish","type":"product","link":"https:\/\/www.saralinatacado.com.br\/loja\/produto\/caixa-de-som-amplificada-portatil-bluetooth-1000-watss-rms-mp3-fm-usb-lede-bateria-tws-amvox-aca-500\/","title":{"rendered":"Caixa de som Amplificada port\u00e1til bluetooth 1000 watss Rms MP3 FM USB lede Bateria Tws Amvox Aca 500"},"content":{"rendered":"<p>Informa\u00e7\u00f5es t\u00e9cnicas Produto: Novo Marca: kimison Modelo: ki-5802 Fun\u00e7\u00e3o Power X (Tws): Conecte 2 caixas amplificadas via bluetooth da mesma fam\u00edlia e multiplique o som Fam\u00edlia Power X: Aca 500 Montanha, Aca 380 Viper, Aca 780 Vulcano Voltagem: 110\/220V (bivolt autom\u00e1tico) Frequencia: 60 Hz Pot\u00eancia: 1000W Rms Tecnologia Double Coil: Sim (Falante Woofer com Bonina Dupla) Di\u00e2metro do alto-falante: 8 polegadas (woofer) Di\u00e2metro do tweeter: 4 polegadas Luz com indica\u00e7\u00e3o de funcionamento: Sim Luz com indica\u00e7\u00e3o de carga da bateria: Sim Bateria: Interna recarreg\u00e1vel Autonomia: At\u00e9 6horas Bot\u00e3o liga\/desliga: Sim Display em led: Sim Encaixe para pedestal: N\u00e3o Al\u00e7a de transporte central: Sim Led r\u00edtmico: Sim Bot\u00e3o liga\/desliga led: Sim Homologado: Anatel Recursos de \u00e1udio Leitura de arquivos por pasta: Sim Fun\u00e7\u00e3o gravar (rec): Sim Formatos de \u00e1udio: Mp3 R\u00e1dio Frequ\u00eancia: FM Busca autom\u00e1tica de esta\u00e7\u00f5es: Sim Memoriza esta\u00e7\u00f5es: Sim Conectividade Bluetooth: Sim Tws: Sim, permite que duas caixas da mesma fam\u00edlia funcionem simultaneamente, conectadas a um \u00fanico Smartphone, proporcionando aumento significativo de pot\u00eancia Entrada Usb: Sim Entrada Micro Sd Card: Sim Entrada auxiliar: Sim, P2 Entrada para instrumentos\/microfone (n\u00e3o incluso): Sim, P10 Peso e medidas (aproximados) Medidas da caixa de som: 45 x 28 x 40 cm (altura x largura x profundidade) Comprimento do cabo da fonte de alimenta\u00e7\u00e3o: 0,80 m Medidas da embalagem: 40x 28 x 40cm (altura x largura x comprimento) Peso bruto: 2,85 Kg<\/p>\n","protected":false},"excerpt":{"rendered":"<p>Informa\u00e7\u00f5es t\u00e9cnicas Produto: Novo Marca: kimison Modelo: ki-5802 Fun\u00e7\u00e3o Power X (Tws): Conecte 2 caixas amplificadas via bluetooth da mesma fam\u00edlia e multiplique o som Fam\u00edlia Power X: Aca 500 Montanha, Aca 380 Viper, Aca 780 Vulcano Voltagem: 110\/220V (bivolt autom\u00e1tico) Frequencia: 60 Hz Pot\u00eancia: 1000W Rms Tecnologia Double Coil: Sim (Falante Woofer com Bonina [&hellip;]\n","protected":false},"featured_media":29888,"comment_status":"open","ping_status":"closed","template":"","meta":{"_bbp_topic_count":0,"_bbp_reply_count":0,"_bbp_total_topic_count":0,"_bbp_total_reply_count":0,"_bbp_voice_count":0,"_bbp_anonymous_reply_count":0,"_bbp_topic_count_hidden":0,"_bbp_reply_count_hidden":0,"_bbp_forum_subforum_count":0,"_joinchat":[]},"product_brand":[],"product_cat":[101],"product_tag":[],"class_list":{"0":"post-29886","1":"product","2":"type-product","3":"status-publish","4":"has-post-thumbnail","6":"product_cat-radios","8":"first","9":"instock","10":"taxable","11":"shipping-taxable","12":"purchasable","13":"product-type-simple"},"_links":{"self":[{"href":"https:\/\/www.saralinatacado.com.br\/loja\/wp-json\/wp\/v2\/product\/29886","targetHints":{"allow":["GET"]}}],"collection":[{"href":"https:\/\/www.saralinatacado.com.br\/loja\/wp-json\/wp\/v2\/product"}],"about":[{"href":"https:\/\/www.saralinatacado.com.br\/loja\/wp-json\/wp\/v2\/types\/product"}],"replies":[{"embeddable":true,"href":"https:\/\/www.saralinatacado.com.br\/loja\/wp-json\/wp\/v2\/comments?post=29886"}],"wp:featuredmedia":[{"embeddable":true,"href":"https:\/\/www.saralinatacado.com.br\/loja\/wp-json\/wp\/v2\/media\/29888"}],"wp:attachment":[{"href":"https:\/\/www.saralinatacado.com.br\/loja\/wp-json\/wp\/v2\/media?parent=29886"}],"wp:term":[{"taxonomy":"product_brand","embeddable":true,"href":"https:\/\/www.saralinatacado.com.br\/loja\/wp-json\/wp\/v2\/product_brand?post=29886"},{"taxonomy":"product_cat","embeddable":true,"href":"https:\/\/www.saralinatacado.com.br\/loja\/wp-json\/wp\/v2\/product_cat?post=29886"},{"taxonomy":"product_tag","embeddable":true,"href":"https:\/\/www.saralinatacado.com.br\/loja\/wp-json\/wp\/v2\/product_tag?post=29886"}],"curies":[{"name":"wp","href":"https:\/\/api.w.org\/{rel}","templated":true}]}}