{"id":29867,"date":"2023-10-26T14:07:17","date_gmt":"2023-10-26T14:07:17","guid":{"rendered":"https:\/\/www.saralinatacado.com.br\/loja\/?post_type=product&#038;p=29867"},"modified":"2023-10-26T14:08:27","modified_gmt":"2023-10-26T14:08:27","slug":"lanterna-mini-tatica-recarregavel-portatil-led-c-luz-lateral-alta-potencia-lanterna-mini-tatica-recarregavel-portatil-led-c-luz-lateral-alta-potencia-lanterna-mini-tatica-recarregavel-portatil-led-c-l","status":"publish","type":"product","link":"https:\/\/www.saralinatacado.com.br\/loja\/produto\/lanterna-mini-tatica-recarregavel-portatil-led-c-luz-lateral-alta-potencia-lanterna-mini-tatica-recarregavel-portatil-led-c-luz-lateral-alta-potencia-lanterna-mini-tatica-recarregavel-portatil-led-c-l\/","title":{"rendered":"Mini Lanterna T\u00e1tica LED CREE Zomm"},"content":{"rendered":"<p>**Dimens\u00f5es e Detalhes:**<\/p>\n<p>&#8211; **Dimens\u00f5es**: 8,5 cm x 2 cm<br \/>\n&#8211; **Cor**: Preta<br \/>\n&#8211; **Interruptor**: Interruptor de Bot\u00e3o<br \/>\n&#8211; **Marca**: Luatek<br \/>\n&#8211; **Modelo**: LT-409<\/p>\n<p>**Itens Inclusos:**<\/p>\n<p>&#8211; 1x Lanterna Compacta LT-409<br \/>\n&#8211; 1x Cabo USB para Carregamento<br \/>\n&#8211; 1x Estojo de Prote\u00e7\u00e3o<\/p>\n<p>**A Lanterna que Ilumina Seu Caminho:**<\/p>\n<p>De acampamentos a emerg\u00eancias, esta lanterna compacta ser\u00e1 sua companheira confi\u00e1vel em qualquer situa\u00e7\u00e3o.<\/p>\n<p>Com sua bateria recarreg\u00e1vel, ilumina\u00e7\u00e3o intensa e design port\u00e1til, ela \u00e9 perfeita para ser guardada em seu carro, casa, fazenda ou casa de campo.<\/p>\n<p>Adquira a Lanterna de Dimens\u00f5es Compactas e Deixe a Luz Brilhar em Suas Aventuras!<\/p>\n","protected":false},"excerpt":{"rendered":"<p>**Dimens\u00f5es e Detalhes:** &#8211; **Dimens\u00f5es**: 8,5 cm x 2 cm &#8211; **Cor**: Preta &#8211; **Interruptor**: Interruptor de Bot\u00e3o &#8211; **Marca**: Luatek &#8211; **Modelo**: LT-409 **Itens Inclusos:** &#8211; 1x Lanterna Compacta LT-409 &#8211; 1x Cabo USB para Carregamento &#8211; 1x Estojo de Prote\u00e7\u00e3o **A Lanterna que Ilumina Seu Caminho:** De acampamentos a emerg\u00eancias, esta lanterna compacta [&hellip;]\n","protected":false},"featured_media":29868,"comment_status":"open","ping_status":"closed","template":"","meta":{"_bbp_topic_count":0,"_bbp_reply_count":0,"_bbp_total_topic_count":0,"_bbp_total_reply_count":0,"_bbp_voice_count":0,"_bbp_anonymous_reply_count":0,"_bbp_topic_count_hidden":0,"_bbp_reply_count_hidden":0,"_bbp_forum_subforum_count":0,"_joinchat":[]},"product_brand":[],"product_cat":[164,178],"product_tag":[],"class_list":{"0":"post-29867","1":"product","2":"type-product","3":"status-publish","4":"has-post-thumbnail","6":"product_cat-led","7":"product_cat-luminaria","9":"first","10":"instock","11":"taxable","12":"shipping-taxable","13":"purchasable","14":"product-type-simple"},"_links":{"self":[{"href":"https:\/\/www.saralinatacado.com.br\/loja\/wp-json\/wp\/v2\/product\/29867","targetHints":{"allow":["GET"]}}],"collection":[{"href":"https:\/\/www.saralinatacado.com.br\/loja\/wp-json\/wp\/v2\/product"}],"about":[{"href":"https:\/\/www.saralinatacado.com.br\/loja\/wp-json\/wp\/v2\/types\/product"}],"replies":[{"embeddable":true,"href":"https:\/\/www.saralinatacado.com.br\/loja\/wp-json\/wp\/v2\/comments?post=29867"}],"wp:featuredmedia":[{"embeddable":true,"href":"https:\/\/www.saralinatacado.com.br\/loja\/wp-json\/wp\/v2\/media\/29868"}],"wp:attachment":[{"href":"https:\/\/www.saralinatacado.com.br\/loja\/wp-json\/wp\/v2\/media?parent=29867"}],"wp:term":[{"taxonomy":"product_brand","embeddable":true,"href":"https:\/\/www.saralinatacado.com.br\/loja\/wp-json\/wp\/v2\/product_brand?post=29867"},{"taxonomy":"product_cat","embeddable":true,"href":"https:\/\/www.saralinatacado.com.br\/loja\/wp-json\/wp\/v2\/product_cat?post=29867"},{"taxonomy":"product_tag","embeddable":true,"href":"https:\/\/www.saralinatacado.com.br\/loja\/wp-json\/wp\/v2\/product_tag?post=29867"}],"curies":[{"name":"wp","href":"https:\/\/api.w.org\/{rel}","templated":true}]}}

Mini Lanterna Tática LED CREE Zomm

<p>**Dimensões e Detalhes:**</p>
<p>&#8211; **Dimensões**: 8,5 cm x 2 cm<br />
&#8211; **Cor**: Preta<br />
&#8211; **Interruptor**: Interruptor de Botão<br />
&#8211; **Marca**: Luatek<br />
&#8211; **Modelo**: LT-409</p>
<p>**Itens Inclusos:**</p>
<p>&#8211; 1x Lanterna Compacta LT-409<br />
&#8211; 1x Cabo USB para Carregamento<br />
&#8211; 1x Estojo de Proteção</p>
<p>**A Lanterna que Ilumina Seu Caminho:**</p>
<p>De acampamentos a emergências, esta lanterna compacta será sua companheira confiável em qualquer situação.</p>
<p>Com sua bateria recarregável, iluminação intensa e design portátil, ela é perfeita para ser guardada em seu carro, casa, fazenda ou casa de campo.</p>
<p>Adquira a Lanterna de Dimensões Compactas e Deixe a Luz Brilhar em Suas Aventuras!</p>

<p>**Dimensões e Detalhes:** &#8211; **Dimensões**: 8,5 cm x 2 cm &#8211; **Cor**: Preta &#8211; **Interruptor**: Interruptor de Botão &#8211; **Marca**: Luatek &#8211; **Modelo**: LT-409 **Itens Inclusos:** &#8211; 1x Lanterna Compacta LT-409 &#8211; 1x Cabo USB para Carregamento &#8211; 1x Estojo de Proteção **A Lanterna que Ilumina Seu Caminho:** De acampamentos a emergências, esta lanterna compacta [&hellip;]
