{"id":29857,"date":"2023-10-26T13:25:48","date_gmt":"2023-10-26T13:25:48","guid":{"rendered":"https:\/\/www.saralinatacado.com.br\/loja\/?post_type=product&#038;p=29857"},"modified":"2023-10-26T13:25:48","modified_gmt":"2023-10-26T13:25:48","slug":"suporte-notebook-ajustavel-plastico-abs-ergonomico-reliza-5-niveis-u2013","status":"publish","type":"product","link":"https:\/\/www.saralinatacado.com.br\/loja\/produto\/suporte-notebook-ajustavel-plastico-abs-ergonomico-reliza-5-niveis-u2013\/","title":{"rendered":"Suporte Notebook Ajust\u00e1vel Pl\u00e1stico ABS Ergon\u00f4mico Reliza 5 N\u00edveis U2013"},"content":{"rendered":"<div class=\"sc-dAlyuH fuMQye sc-jlZhew gnIXvv sc-dLMFU kZAmPK sc-dLMFU kZAmPK\" data-testid=\"item\">\n<h2 class=\"sc-kpDqfm SqDpH\" data-testid=\"main-title\">Informa\u00e7\u00f5es do Produto<\/h2>\n<\/div>\n<div class=\"sc-fqkvVR brzqJX sc-jEACwC heJXky sc-eDPEul bGQnla sc-eDPEul bGQnla\" data-testid=\"item-content\">MATERIAL DE PLASTICO RESISTENTE Apoio notebook tamanho:14-17,3 polegadas Caracter\u00edsticas: Cabe quase todas as marcas e modelos-ajuste universal para quase todos os laptops 14-17,3 polegadas. Suporte port\u00e1til ajust\u00e1vel e design ergon\u00f4mico-ajust\u00e1vel de 26 a 30 graus; ajud\u00e1-lo a melhorar o alinhamento da coluna vertebral, minimizar as dores nas costas, evitar fadiga ocular e at\u00e9 mesmo eliminar a fadiga da m\u00e3o. Dur\u00e1vel e est\u00e1vel feito para segurar at\u00e9 25 kg; almofadas antiderrapantes de quatro pontos manter seu suporte est\u00e1vel e protege qualquer superf\u00edcie que \u00e9 colocada. Compacto, leve e port\u00e1til-leve, rapidamente se dobra em uma tira de comprimento de 290 mm e carrega facilmente<\/div>\n","protected":false},"excerpt":{"rendered":"<p>Informa\u00e7\u00f5es do Produto MATERIAL DE PLASTICO RESISTENTE Apoio notebook tamanho:14-17,3 polegadas Caracter\u00edsticas: Cabe quase todas as marcas e modelos-ajuste universal para quase todos os laptops 14-17,3 polegadas. Suporte port\u00e1til ajust\u00e1vel e design ergon\u00f4mico-ajust\u00e1vel de 26 a 30 graus; ajud\u00e1-lo a melhorar o alinhamento da coluna vertebral, minimizar as dores nas costas, evitar fadiga ocular e [&hellip;]\n","protected":false},"featured_media":29858,"comment_status":"open","ping_status":"closed","template":"","meta":{"_bbp_topic_count":0,"_bbp_reply_count":0,"_bbp_total_topic_count":0,"_bbp_total_reply_count":0,"_bbp_voice_count":0,"_bbp_anonymous_reply_count":0,"_bbp_topic_count_hidden":0,"_bbp_reply_count_hidden":0,"_bbp_forum_subforum_count":0,"_joinchat":[]},"product_brand":[],"product_cat":[107],"product_tag":[],"class_list":{"0":"post-29857","1":"product","2":"type-product","3":"status-publish","4":"has-post-thumbnail","6":"product_cat-acessorios","8":"first","9":"instock","10":"taxable","11":"shipping-taxable","12":"purchasable","13":"product-type-simple"},"_links":{"self":[{"href":"https:\/\/www.saralinatacado.com.br\/loja\/wp-json\/wp\/v2\/product\/29857","targetHints":{"allow":["GET"]}}],"collection":[{"href":"https:\/\/www.saralinatacado.com.br\/loja\/wp-json\/wp\/v2\/product"}],"about":[{"href":"https:\/\/www.saralinatacado.com.br\/loja\/wp-json\/wp\/v2\/types\/product"}],"replies":[{"embeddable":true,"href":"https:\/\/www.saralinatacado.com.br\/loja\/wp-json\/wp\/v2\/comments?post=29857"}],"wp:featuredmedia":[{"embeddable":true,"href":"https:\/\/www.saralinatacado.com.br\/loja\/wp-json\/wp\/v2\/media\/29858"}],"wp:attachment":[{"href":"https:\/\/www.saralinatacado.com.br\/loja\/wp-json\/wp\/v2\/media?parent=29857"}],"wp:term":[{"taxonomy":"product_brand","embeddable":true,"href":"https:\/\/www.saralinatacado.com.br\/loja\/wp-json\/wp\/v2\/product_brand?post=29857"},{"taxonomy":"product_cat","embeddable":true,"href":"https:\/\/www.saralinatacado.com.br\/loja\/wp-json\/wp\/v2\/product_cat?post=29857"},{"taxonomy":"product_tag","embeddable":true,"href":"https:\/\/www.saralinatacado.com.br\/loja\/wp-json\/wp\/v2\/product_tag?post=29857"}],"curies":[{"name":"wp","href":"https:\/\/api.w.org\/{rel}","templated":true}]}}