{"id":29847,"date":"2023-10-26T13:17:06","date_gmt":"2023-10-26T13:17:06","guid":{"rendered":"https:\/\/www.saralinatacado.com.br\/loja\/?post_type=product&#038;p=29847"},"modified":"2023-10-26T13:17:06","modified_gmt":"2023-10-26T13:17:06","slug":"mini-umidificador-ar-ambientes-lampada-cabo-usb-portatil-led","status":"publish","type":"product","link":"https:\/\/www.saralinatacado.com.br\/loja\/produto\/mini-umidificador-ar-ambientes-lampada-cabo-usb-portatil-led\/","title":{"rendered":"Mini Umidificador Ar Ambientes Lampada Cabo Usb Port\u00e1til Led"},"content":{"rendered":"<p>Umidificador aromatizador de ar e Lumin\u00e1ria em formato de l\u00e2mpada, com uma pequena praia dentro.<br \/>\nConex\u00e3o padr\u00e3o Usb. Voc\u00ea pode utilizar em seu notebook\/PC\/Power Bank etc.<\/p>\n<p>Lindo umidificador e aromatizador de ar em formato de l\u00e2mpada, com luz de led dispon\u00edvel em 7 cores no mesmo aparelho.<br \/>\nPossui reservat\u00f3rio com capacidade para 400ml de \u00e1gua.<br \/>\nA n\u00e9voa dura at\u00e9 6 horas, com desligamento autom\u00e1tico quando a \u00e1gua acabar. O plug de conex\u00e3o \u00e9 usb, pode ser ligado no carro, no computador, ou em tomada usando o adaptador (n\u00e3o incluso). S\u00f3 funciona conectado na energia, n\u00e3o \u00e9 recarreg\u00e1vel.<br \/>\nSe desejar,<\/p>\n","protected":false},"excerpt":{"rendered":"<p>Umidificador aromatizador de ar e Lumin\u00e1ria em formato de l\u00e2mpada, com uma pequena praia dentro. Conex\u00e3o padr\u00e3o Usb. Voc\u00ea pode utilizar em seu notebook\/PC\/Power Bank etc. Lindo umidificador e aromatizador de ar em formato de l\u00e2mpada, com luz de led dispon\u00edvel em 7 cores no mesmo aparelho. Possui reservat\u00f3rio com capacidade para 400ml de \u00e1gua. [&hellip;]\n","protected":false},"featured_media":29850,"comment_status":"open","ping_status":"closed","template":"","meta":{"_bbp_topic_count":0,"_bbp_reply_count":0,"_bbp_total_topic_count":0,"_bbp_total_reply_count":0,"_bbp_voice_count":0,"_bbp_anonymous_reply_count":0,"_bbp_topic_count_hidden":0,"_bbp_reply_count_hidden":0,"_bbp_forum_subforum_count":0,"_joinchat":[]},"product_brand":[],"product_cat":[107],"product_tag":[],"class_list":{"0":"post-29847","1":"product","2":"type-product","3":"status-publish","4":"has-post-thumbnail","6":"product_cat-acessorios","8":"first","9":"instock","10":"taxable","11":"shipping-taxable","12":"purchasable","13":"product-type-simple"},"_links":{"self":[{"href":"https:\/\/www.saralinatacado.com.br\/loja\/wp-json\/wp\/v2\/product\/29847","targetHints":{"allow":["GET"]}}],"collection":[{"href":"https:\/\/www.saralinatacado.com.br\/loja\/wp-json\/wp\/v2\/product"}],"about":[{"href":"https:\/\/www.saralinatacado.com.br\/loja\/wp-json\/wp\/v2\/types\/product"}],"replies":[{"embeddable":true,"href":"https:\/\/www.saralinatacado.com.br\/loja\/wp-json\/wp\/v2\/comments?post=29847"}],"wp:featuredmedia":[{"embeddable":true,"href":"https:\/\/www.saralinatacado.com.br\/loja\/wp-json\/wp\/v2\/media\/29850"}],"wp:attachment":[{"href":"https:\/\/www.saralinatacado.com.br\/loja\/wp-json\/wp\/v2\/media?parent=29847"}],"wp:term":[{"taxonomy":"product_brand","embeddable":true,"href":"https:\/\/www.saralinatacado.com.br\/loja\/wp-json\/wp\/v2\/product_brand?post=29847"},{"taxonomy":"product_cat","embeddable":true,"href":"https:\/\/www.saralinatacado.com.br\/loja\/wp-json\/wp\/v2\/product_cat?post=29847"},{"taxonomy":"product_tag","embeddable":true,"href":"https:\/\/www.saralinatacado.com.br\/loja\/wp-json\/wp\/v2\/product_tag?post=29847"}],"curies":[{"name":"wp","href":"https:\/\/api.w.org\/{rel}","templated":true}]}}

Mini Umidificador Ar Ambientes Lampada Cabo Usb Portátil Led

<p>Umidificador aromatizador de ar e Luminária em formato de lâmpada, com uma pequena praia dentro.<br />
Conexão padrão Usb. Você pode utilizar em seu notebook/PC/Power Bank etc.</p>
<p>Lindo umidificador e aromatizador de ar em formato de lâmpada, com luz de led disponível em 7 cores no mesmo aparelho.<br />
Possui reservatório com capacidade para 400ml de água.<br />
A névoa dura até 6 horas, com desligamento automático quando a água acabar. O plug de conexão é usb, pode ser ligado no carro, no computador, ou em tomada usando o adaptador (não incluso). Só funciona conectado na energia, não é recarregável.<br />
Se desejar,</p>

<p>Umidificador aromatizador de ar e Luminária em formato de lâmpada, com uma pequena praia dentro. Conexão padrão Usb. Você pode utilizar em seu notebook/PC/Power Bank etc. Lindo umidificador e aromatizador de ar em formato de lâmpada, com luz de led disponível em 7 cores no mesmo aparelho. Possui reservatório com capacidade para 400ml de água. [&hellip;]
