{"id":29822,"date":"2023-10-25T19:14:34","date_gmt":"2023-10-25T19:14:34","guid":{"rendered":"https:\/\/www.saralinatacado.com.br\/loja\/?post_type=product&#038;p=29822"},"modified":"2023-10-25T19:15:13","modified_gmt":"2023-10-25T19:15:13","slug":"fone-de-ouvido-apple-airpods-pro-max-bluetooth","status":"publish","type":"product","link":"https:\/\/www.saralinatacado.com.br\/loja\/produto\/fone-de-ouvido-apple-airpods-pro-max-bluetooth\/","title":{"rendered":"Fone de Ouvido Apple AirPods pro Max, Bluetooth"},"content":{"rendered":"<div id=\"productOverview_feature_div\" class=\"celwidget\" data-feature-name=\"productOverview\" data-csa-c-type=\"widget\" data-csa-c-content-id=\"productOverview\" data-csa-c-slot-id=\"productOverview_feature_div\" data-csa-c-asin=\"B08V5RRWTV\" data-csa-c-is-in-initial-active-row=\"false\" data-csa-c-id=\"2ksg5o-1r3bwf-t3d2hd-pqs67a\" data-cel-widget=\"productOverview_feature_div\">\n<div class=\"a-section a-spacing-small a-spacing-top-small\">\n<div class=\"a-row a-spacing-small po-brand\"><span class=\"a-size-base a-text-bold\">Marca:<\/span>\u00a0<span class=\"a-size-base po-break-word\">Apple<\/span><\/div>\n<div class=\"a-row a-spacing-small po-model_name\"><span class=\"a-size-base a-text-bold\">Nome do modelo:<\/span>\u00a0<span class=\"a-size-base po-break-word\">AirPods Max<\/span><\/div>\n<div class=\"a-row a-spacing-small po-headphones_form_factor\"><span class=\"a-size-base a-text-bold\">Fator de forma dos fones de ouvido:<\/span>\u00a0<span class=\"a-size-base po-break-word\">Sobre a orelha<\/span><\/div>\n<div class=\"a-row a-spacing-small po-connectivity_technology\"><span class=\"a-size-base a-text-bold\">Tecnologia de conectividade:<\/span>\u00a0<span class=\"a-size-base po-break-word\">Sem fio<\/span><\/div>\n<\/div>\n<\/div>\n<div id=\"featurebullets_feature_div\" class=\"celwidget\" data-feature-name=\"featurebullets\" data-csa-c-type=\"widget\" data-csa-c-content-id=\"featurebullets\" data-csa-c-slot-id=\"featurebullets_feature_div\" data-csa-c-asin=\"B08V5RRWTV\" data-csa-c-is-in-initial-active-row=\"false\" data-csa-c-id=\"a0y140-876hit-7n8g1y-24ql8e\" data-cel-widget=\"featurebullets_feature_div\">\n<div id=\"feature-bullets\" class=\"a-section a-spacing-medium a-spacing-top-small\">\n<hr \/>\n<h1 class=\"a-size-base-plus a-text-bold\">Sobre este item<\/h1>\n<ul class=\"a-unordered-list a-vertical a-spacing-mini\">\n<li class=\"a-spacing-mini\"><span class=\"a-list-item\">Transdutor din\u00e2mico desenvolvido pela Apple para som de alta\u2010fidelidade<\/span><\/li>\n<li class=\"a-spacing-mini\"><span class=\"a-list-item\">Cancelamento ativo de ru\u00eddo que bloqueia o som vindo do exterior. S\u00f3 fica com ouvidos para a sua m\u00fasica<\/span><\/li>\n<li class=\"a-spacing-mini\"><span class=\"a-list-item\">Modo Transpar\u00eancia para ouvir e interagir com o mundo \u00e0 sua volta<\/span><\/li>\n<li class=\"a-spacing-mini\"><span class=\"a-list-item\">O \u00e1udio espacial com seguimento din\u00e2mico da posi\u00e7\u00e3o da cabe\u00e7a proporciona um som surround envolvente, digno das salas de cinema<\/span><\/li>\n<li class=\"a-spacing-mini\"><span class=\"a-list-item\">Som de cortar a respira\u00e7\u00e3o, gra\u00e7as ao \u00e1udio computacional que combina um design ac\u00fastico especial com o software e processador H1 da Apple<\/span><\/li>\n<\/ul>\n<\/div>\n<\/div>\n","protected":false},"excerpt":{"rendered":"<p>Marca:\u00a0Apple Nome do modelo:\u00a0AirPods Max Fator de forma dos fones de ouvido:\u00a0Sobre a orelha Tecnologia de conectividade:\u00a0Sem fio Sobre este item Transdutor din\u00e2mico desenvolvido pela Apple para som de alta\u2010fidelidade Cancelamento ativo de ru\u00eddo que bloqueia o som vindo do exterior. S\u00f3 fica com ouvidos para a sua m\u00fasica Modo Transpar\u00eancia para ouvir e interagir [&hellip;]\n","protected":false},"featured_media":29824,"comment_status":"open","ping_status":"closed","template":"","meta":{"_bbp_topic_count":0,"_bbp_reply_count":0,"_bbp_total_topic_count":0,"_bbp_total_reply_count":0,"_bbp_voice_count":0,"_bbp_anonymous_reply_count":0,"_bbp_topic_count_hidden":0,"_bbp_reply_count_hidden":0,"_bbp_forum_subforum_count":0,"_joinchat":[]},"product_brand":[],"product_cat":[210],"product_tag":[],"class_list":{"0":"post-29822","1":"product","2":"type-product","3":"status-publish","4":"has-post-thumbnail","6":"product_cat-fones","8":"first","9":"instock","10":"taxable","11":"shipping-taxable","12":"purchasable","13":"product-type-simple"},"_links":{"self":[{"href":"https:\/\/www.saralinatacado.com.br\/loja\/wp-json\/wp\/v2\/product\/29822","targetHints":{"allow":["GET"]}}],"collection":[{"href":"https:\/\/www.saralinatacado.com.br\/loja\/wp-json\/wp\/v2\/product"}],"about":[{"href":"https:\/\/www.saralinatacado.com.br\/loja\/wp-json\/wp\/v2\/types\/product"}],"replies":[{"embeddable":true,"href":"https:\/\/www.saralinatacado.com.br\/loja\/wp-json\/wp\/v2\/comments?post=29822"}],"wp:featuredmedia":[{"embeddable":true,"href":"https:\/\/www.saralinatacado.com.br\/loja\/wp-json\/wp\/v2\/media\/29824"}],"wp:attachment":[{"href":"https:\/\/www.saralinatacado.com.br\/loja\/wp-json\/wp\/v2\/media?parent=29822"}],"wp:term":[{"taxonomy":"product_brand","embeddable":true,"href":"https:\/\/www.saralinatacado.com.br\/loja\/wp-json\/wp\/v2\/product_brand?post=29822"},{"taxonomy":"product_cat","embeddable":true,"href":"https:\/\/www.saralinatacado.com.br\/loja\/wp-json\/wp\/v2\/product_cat?post=29822"},{"taxonomy":"product_tag","embeddable":true,"href":"https:\/\/www.saralinatacado.com.br\/loja\/wp-json\/wp\/v2\/product_tag?post=29822"}],"curies":[{"name":"wp","href":"https:\/\/api.w.org\/{rel}","templated":true}]}}

<div id="productOverview_feature_div" class="celwidget" data-feature-name="productOverview" data-csa-c-type="widget" data-csa-c-content-id="productOverview" data-csa-c-slot-id="productOverview_feature_div" data-csa-c-asin="B08V5RRWTV" data-csa-c-is-in-initial-active-row="false" data-csa-c-id="2ksg5o-1r3bwf-t3d2hd-pqs67a" data-cel-widget="productOverview_feature_div">
<div class="a-section a-spacing-small a-spacing-top-small">
<div class="a-row a-spacing-small po-brand"><span class="a-size-base a-text-bold">Marca:</span> <span class="a-size-base po-break-word">Apple</span></div>
<div class="a-row a-spacing-small po-model_name"><span class="a-size-base a-text-bold">Nome do modelo:</span> <span class="a-size-base po-break-word">AirPods Max</span></div>
<div class="a-row a-spacing-small po-headphones_form_factor"><span class="a-size-base a-text-bold">Fator de forma dos fones de ouvido:</span> <span class="a-size-base po-break-word">Sobre a orelha</span></div>
<div class="a-row a-spacing-small po-connectivity_technology"><span class="a-size-base a-text-bold">Tecnologia de conectividade:</span> <span class="a-size-base po-break-word">Sem fio</span></div>
</div>
</div>
<div id="featurebullets_feature_div" class="celwidget" data-feature-name="featurebullets" data-csa-c-type="widget" data-csa-c-content-id="featurebullets" data-csa-c-slot-id="featurebullets_feature_div" data-csa-c-asin="B08V5RRWTV" data-csa-c-is-in-initial-active-row="false" data-csa-c-id="a0y140-876hit-7n8g1y-24ql8e" data-cel-widget="featurebullets_feature_div">
<div id="feature-bullets" class="a-section a-spacing-medium a-spacing-top-small">
<hr />
<h1 class="a-size-base-plus a-text-bold">Sobre este item</h1>
<ul class="a-unordered-list a-vertical a-spacing-mini">
<li class="a-spacing-mini"><span class="a-list-item">Transdutor dinâmico desenvolvido pela Apple para som de alta‐fidelidade</span></li>
<li class="a-spacing-mini"><span class="a-list-item">Cancelamento ativo de ruído que bloqueia o som vindo do exterior. Só fica com ouvidos para a sua música</span></li>
<li class="a-spacing-mini"><span class="a-list-item">Modo Transparência para ouvir e interagir com o mundo à sua volta</span></li>
<li class="a-spacing-mini"><span class="a-list-item">O áudio espacial com seguimento dinâmico da posição da cabeça proporciona um som surround envolvente, digno das salas de cinema</span></li>
<li class="a-spacing-mini"><span class="a-list-item">Som de cortar a respiração, graças ao áudio computacional que combina um design acústico especial com o software e processador H1 da Apple</span></li>
</ul>
</div>
</div>

<p>Marca: Apple Nome do modelo: AirPods Max Fator de forma dos fones de ouvido: Sobre a orelha Tecnologia de conectividade: Sem fio Sobre este item Transdutor dinâmico desenvolvido pela Apple para som de alta‐fidelidade Cancelamento ativo de ruído que bloqueia o som vindo do exterior. Só fica com ouvidos para a sua música Modo Transparência para ouvir e interagir [&hellip;]
