{"id":29819,"date":"2023-10-25T19:00:38","date_gmt":"2023-10-25T19:00:38","guid":{"rendered":"https:\/\/www.saralinatacado.com.br\/loja\/?post_type=product&#038;p=29819"},"modified":"2023-10-25T19:00:38","modified_gmt":"2023-10-25T19:00:38","slug":"fone-de-ouvido-sem-fio-headphone-bluetooth-air-p9-max","status":"publish","type":"product","link":"https:\/\/www.saralinatacado.com.br\/loja\/produto\/fone-de-ouvido-sem-fio-headphone-bluetooth-air-p9-max\/","title":{"rendered":"Fone de Ouvido Sem Fio Headphone Bluetooth Air P9 Max"},"content":{"rendered":"<p>Estilo:Headfone<br \/>\nCertifica\u00e7\u00e3o:CE<br \/>\nPrinc\u00edpio do vocalismo:Din\u00e2mico<br \/>\nBot\u00e3o de Controlo:Sim<br \/>\nCancela\u00e7\u00e3o de Ru\u00eddo Ativo:Sim<br \/>\nComunica\u00e7\u00e3o:Sem fio + Estragado<br \/>\nControle de Volume:Sim<br \/>\nSensibilidade:123dB<br \/>\nTipo sem fio:bluetooth<br \/>\n\u00c9 sem fio:Sim<br \/>\nSa\u00edda Max:1mW<br \/>\nComprimento da Linha:0m<br \/>\nSuporte APP:N\u00e3o<br \/>\nFun\u00e7\u00e3o:Fones de OuvidoKids<br \/>\nN\u00famero de Drivers:2<br \/>\nTipo de Plug:Tipo de Lim\u00e3o<br \/>\nLista de Pacotes: Cabo de Carregamento<br \/>\nFaixa de Imped\u00e2ncia:up at\u00e9 32<br \/>\nConectores:USB<br \/>\nN\u00famero do Modelo:P9 Max fones de ouvido super graves Wireless Bluetooth Fones TWS Earbuds<br \/>\nTipo de Earcups:Semi-open<br \/>\nMaterial dos Fones de ouvido:Tecido<br \/>\nVers\u00e3o Bluetooth:5.0<br \/>\nC\u00f3digos: AAC<br \/>\nSuporte Cart\u00e3o de Mem\u00f3ria:Sim<br \/>\nDi\u00e2metro do Motorista:40mm<br \/>\nResist\u00eancia:32.<br \/>\n\u00c0 prova d&#8217;\u00e1gua: Sim<br \/>\nFaixa de Resposta de Frequ\u00eancia:20 &#8211; 20000Hz<br \/>\nDistor\u00e7\u00e3o Harm\u00f4nica total: 1%<br \/>\nCom Microfone: Sim<br \/>\nCaracter\u00edsticas: Cancelamento de Noice Ativo<br \/>\nM\u00e9todo de carregamento: CABO<br \/>\nTipo de \u00cdm\u00e3:Outros<\/p>\n","protected":false},"excerpt":{"rendered":"<p>Estilo:Headfone Certifica\u00e7\u00e3o:CE Princ\u00edpio do vocalismo:Din\u00e2mico Bot\u00e3o de Controlo:Sim Cancela\u00e7\u00e3o de Ru\u00eddo Ativo:Sim Comunica\u00e7\u00e3o:Sem fio + Estragado Controle de Volume:Sim Sensibilidade:123dB Tipo sem fio:bluetooth \u00c9 sem fio:Sim Sa\u00edda Max:1mW Comprimento da Linha:0m Suporte APP:N\u00e3o Fun\u00e7\u00e3o:Fones de OuvidoKids N\u00famero de Drivers:2 Tipo de Plug:Tipo de Lim\u00e3o Lista de Pacotes: Cabo de Carregamento Faixa de Imped\u00e2ncia:up at\u00e9 32 [&hellip;]\n","protected":false},"featured_media":29820,"comment_status":"open","ping_status":"closed","template":"","meta":{"_bbp_topic_count":0,"_bbp_reply_count":0,"_bbp_total_topic_count":0,"_bbp_total_reply_count":0,"_bbp_voice_count":0,"_bbp_anonymous_reply_count":0,"_bbp_topic_count_hidden":0,"_bbp_reply_count_hidden":0,"_bbp_forum_subforum_count":0,"_joinchat":[]},"product_brand":[],"product_cat":[210],"product_tag":[],"class_list":{"0":"post-29819","1":"product","2":"type-product","3":"status-publish","4":"has-post-thumbnail","6":"product_cat-fones","8":"first","9":"instock","10":"taxable","11":"shipping-taxable","12":"purchasable","13":"product-type-simple"},"_links":{"self":[{"href":"https:\/\/www.saralinatacado.com.br\/loja\/wp-json\/wp\/v2\/product\/29819","targetHints":{"allow":["GET"]}}],"collection":[{"href":"https:\/\/www.saralinatacado.com.br\/loja\/wp-json\/wp\/v2\/product"}],"about":[{"href":"https:\/\/www.saralinatacado.com.br\/loja\/wp-json\/wp\/v2\/types\/product"}],"replies":[{"embeddable":true,"href":"https:\/\/www.saralinatacado.com.br\/loja\/wp-json\/wp\/v2\/comments?post=29819"}],"wp:featuredmedia":[{"embeddable":true,"href":"https:\/\/www.saralinatacado.com.br\/loja\/wp-json\/wp\/v2\/media\/29820"}],"wp:attachment":[{"href":"https:\/\/www.saralinatacado.com.br\/loja\/wp-json\/wp\/v2\/media?parent=29819"}],"wp:term":[{"taxonomy":"product_brand","embeddable":true,"href":"https:\/\/www.saralinatacado.com.br\/loja\/wp-json\/wp\/v2\/product_brand?post=29819"},{"taxonomy":"product_cat","embeddable":true,"href":"https:\/\/www.saralinatacado.com.br\/loja\/wp-json\/wp\/v2\/product_cat?post=29819"},{"taxonomy":"product_tag","embeddable":true,"href":"https:\/\/www.saralinatacado.com.br\/loja\/wp-json\/wp\/v2\/product_tag?post=29819"}],"curies":[{"name":"wp","href":"https:\/\/api.w.org\/{rel}","templated":true}]}}