{"id":29789,"date":"2023-10-25T14:53:20","date_gmt":"2023-10-25T14:53:20","guid":{"rendered":"https:\/\/www.saralinatacado.com.br\/loja\/?post_type=product&#038;p=29789"},"modified":"2023-10-25T14:53:20","modified_gmt":"2023-10-25T14:53:20","slug":"fone-de-ouvido-original-samsung-galaxy-p2-portatil-headset-2","status":"publish","type":"product","link":"https:\/\/www.saralinatacado.com.br\/loja\/produto\/fone-de-ouvido-original-samsung-galaxy-p2-portatil-headset-2\/","title":{"rendered":"FONE DE OUVIDO ORIGINAL SAMSUNG GALAXY P2 PORT\u00c1TIL HEADSET"},"content":{"rendered":"<p><span class=\"sc-kpDqfm qhIEo\" data-testid=\"product-detail-title\">Fone De Ouvido Samsung Galaxy Original Com Fio Branco<\/span><\/p>\n<div class=\"sc-fqkvVR heuZyN sc-dnvZjJ dtJjfe\" data-testid=\"product-detail-description\">\n<div class=\"sc-fqkvVR hlqElk sc-jcdlHQ cxsdMT\" data-testid=\"rich-content-container\">Fone de ouvido samsung original galaxy a20 a30 a50<\/div>\n<div data-testid=\"rich-content-container\"><\/div>\n<div class=\"sc-fqkvVR hlqElk sc-jcdlHQ cxsdMT\" data-testid=\"rich-content-container\">&#8211; branco Fone de ouvido samsung original com microfone, 100% original.Proporciona qualidade de \u00e1udio em graves e agudos, al\u00e9m \u00e9 claro de possuir uma \u00f3tima ergonomia, sin\u00f4nimo de conforto ao utiliza-lo.Voc\u00ea poder\u00e1 ouvir diretamente suas m\u00fasicas, r\u00e1dio fm, atender o celular, pois vem com microfone embutido.<\/div>\n<\/div>\n","protected":false},"excerpt":{"rendered":"<p>Fone De Ouvido Samsung Galaxy Original Com Fio Branco Fone de ouvido samsung original galaxy a20 a30 a50 &#8211; branco Fone de ouvido samsung original com microfone, 100% original.Proporciona qualidade de \u00e1udio em graves e agudos, al\u00e9m \u00e9 claro de possuir uma \u00f3tima ergonomia, sin\u00f4nimo de conforto ao utiliza-lo.Voc\u00ea poder\u00e1 ouvir diretamente suas m\u00fasicas, r\u00e1dio [&hellip;]\n","protected":false},"featured_media":29791,"comment_status":"open","ping_status":"closed","template":"","meta":{"_bbp_topic_count":0,"_bbp_reply_count":0,"_bbp_total_topic_count":0,"_bbp_total_reply_count":0,"_bbp_voice_count":0,"_bbp_anonymous_reply_count":0,"_bbp_topic_count_hidden":0,"_bbp_reply_count_hidden":0,"_bbp_forum_subforum_count":0,"_joinchat":[]},"product_brand":[],"product_cat":[210],"product_tag":[],"class_list":{"0":"post-29789","1":"product","2":"type-product","3":"status-publish","4":"has-post-thumbnail","6":"product_cat-fones","8":"first","9":"instock","10":"taxable","11":"shipping-taxable","12":"purchasable","13":"product-type-simple"},"_links":{"self":[{"href":"https:\/\/www.saralinatacado.com.br\/loja\/wp-json\/wp\/v2\/product\/29789","targetHints":{"allow":["GET"]}}],"collection":[{"href":"https:\/\/www.saralinatacado.com.br\/loja\/wp-json\/wp\/v2\/product"}],"about":[{"href":"https:\/\/www.saralinatacado.com.br\/loja\/wp-json\/wp\/v2\/types\/product"}],"replies":[{"embeddable":true,"href":"https:\/\/www.saralinatacado.com.br\/loja\/wp-json\/wp\/v2\/comments?post=29789"}],"wp:featuredmedia":[{"embeddable":true,"href":"https:\/\/www.saralinatacado.com.br\/loja\/wp-json\/wp\/v2\/media\/29791"}],"wp:attachment":[{"href":"https:\/\/www.saralinatacado.com.br\/loja\/wp-json\/wp\/v2\/media?parent=29789"}],"wp:term":[{"taxonomy":"product_brand","embeddable":true,"href":"https:\/\/www.saralinatacado.com.br\/loja\/wp-json\/wp\/v2\/product_brand?post=29789"},{"taxonomy":"product_cat","embeddable":true,"href":"https:\/\/www.saralinatacado.com.br\/loja\/wp-json\/wp\/v2\/product_cat?post=29789"},{"taxonomy":"product_tag","embeddable":true,"href":"https:\/\/www.saralinatacado.com.br\/loja\/wp-json\/wp\/v2\/product_tag?post=29789"}],"curies":[{"name":"wp","href":"https:\/\/api.w.org\/{rel}","templated":true}]}}