{"id":29728,"date":"2023-10-24T19:28:17","date_gmt":"2023-10-24T19:28:17","guid":{"rendered":"https:\/\/www.saralinatacado.com.br\/loja\/?post_type=product&#038;p=29728"},"modified":"2023-10-27T18:44:58","modified_gmt":"2023-10-27T18:44:58","slug":"relogio-de-mesa-ou-de-parede-digital-lelong-le-8117","status":"publish","type":"product","link":"https:\/\/www.saralinatacado.com.br\/loja\/produto\/relogio-de-mesa-ou-de-parede-digital-lelong-le-8117\/","title":{"rendered":"REL\u00d3GIO DE MESA OU DE PAREDE DIGITAL LELONG LE-8117"},"content":{"rendered":"<p><strong>Ficha t\u00e9cnica:<\/strong><\/p>\n<p>Mede e exibe a temperatura do ambiente<\/p>\n<p>Desperta com v\u00e1rias melodias<\/p>\n<p>Medida: 29 cm comprimento &#8211; 19 cm altura &#8211; 2 cm largura<\/p>\n<p>Medidas em graus Celsius ou Fahrenheit<\/p>\n<p>Rel\u00f3gio com formata\u00e7\u00e3o em 12 ou 24 hs.<\/p>\n<p>Calend\u00e1rio com m\u00eas e dia<\/p>\n<p>Despertador com 5 alarmes<\/p>\n<p>Fun\u00e7\u00e3o soneca (Max. 60s)<\/p>\n<p>Visor de cristal l\u00edquido<\/p>\n<p>Alimenta\u00e7\u00e3o: 2 pilhas (n\u00e3o incluso)<\/p>\n<p>Medida do display (horas 14,5 cm de largura, 6cm de altura)<\/p>\n<p>Cores: de acordo com estoque<\/p>\n<p>ITEM NA EMBALAGEM: 1X RELOGIO DIGITAL LE-8117<\/p>\n","protected":false},"excerpt":{"rendered":"<p>Ficha t\u00e9cnica: Mede e exibe a temperatura do ambiente Desperta com v\u00e1rias melodias Medida: 29 cm comprimento &#8211; 19 cm altura &#8211; 2 cm largura Medidas em graus Celsius ou Fahrenheit Rel\u00f3gio com formata\u00e7\u00e3o em 12 ou 24 hs. Calend\u00e1rio com m\u00eas e dia Despertador com 5 alarmes Fun\u00e7\u00e3o soneca (Max. 60s) Visor de cristal [&hellip;]\n","protected":false},"featured_media":29730,"comment_status":"open","ping_status":"closed","template":"","meta":{"_bbp_topic_count":0,"_bbp_reply_count":0,"_bbp_total_topic_count":0,"_bbp_total_reply_count":0,"_bbp_voice_count":0,"_bbp_anonymous_reply_count":0,"_bbp_topic_count_hidden":0,"_bbp_reply_count_hidden":0,"_bbp_forum_subforum_count":0,"_joinchat":[]},"product_brand":[],"product_cat":[107,181],"product_tag":[],"class_list":{"0":"post-29728","1":"product","2":"type-product","3":"status-publish","4":"has-post-thumbnail","6":"product_cat-acessorios","7":"product_cat-despertador","9":"first","10":"instock","11":"taxable","12":"shipping-taxable","13":"purchasable","14":"product-type-simple"},"_links":{"self":[{"href":"https:\/\/www.saralinatacado.com.br\/loja\/wp-json\/wp\/v2\/product\/29728","targetHints":{"allow":["GET"]}}],"collection":[{"href":"https:\/\/www.saralinatacado.com.br\/loja\/wp-json\/wp\/v2\/product"}],"about":[{"href":"https:\/\/www.saralinatacado.com.br\/loja\/wp-json\/wp\/v2\/types\/product"}],"replies":[{"embeddable":true,"href":"https:\/\/www.saralinatacado.com.br\/loja\/wp-json\/wp\/v2\/comments?post=29728"}],"wp:featuredmedia":[{"embeddable":true,"href":"https:\/\/www.saralinatacado.com.br\/loja\/wp-json\/wp\/v2\/media\/29730"}],"wp:attachment":[{"href":"https:\/\/www.saralinatacado.com.br\/loja\/wp-json\/wp\/v2\/media?parent=29728"}],"wp:term":[{"taxonomy":"product_brand","embeddable":true,"href":"https:\/\/www.saralinatacado.com.br\/loja\/wp-json\/wp\/v2\/product_brand?post=29728"},{"taxonomy":"product_cat","embeddable":true,"href":"https:\/\/www.saralinatacado.com.br\/loja\/wp-json\/wp\/v2\/product_cat?post=29728"},{"taxonomy":"product_tag","embeddable":true,"href":"https:\/\/www.saralinatacado.com.br\/loja\/wp-json\/wp\/v2\/product_tag?post=29728"}],"curies":[{"name":"wp","href":"https:\/\/api.w.org\/{rel}","templated":true}]}}

RELÓGIO DE MESA OU DE PAREDE DIGITAL LELONG LE-8117

<p><strong>Ficha técnica:</strong></p>
<p>Mede e exibe a temperatura do ambiente</p>
<p>Desperta com várias melodias</p>
<p>Medida: 29 cm comprimento &#8211; 19 cm altura &#8211; 2 cm largura</p>
<p>Medidas em graus Celsius ou Fahrenheit</p>
<p>Relógio com formatação em 12 ou 24 hs.</p>
<p>Calendário com mês e dia</p>
<p>Despertador com 5 alarmes</p>
<p>Função soneca (Max. 60s)</p>
<p>Visor de cristal líquido</p>
<p>Alimentação: 2 pilhas (não incluso)</p>
<p>Medida do display (horas 14,5 cm de largura, 6cm de altura)</p>
<p>Cores: de acordo com estoque</p>
<p>ITEM NA EMBALAGEM: 1X RELOGIO DIGITAL LE-8117</p>

<p>Ficha técnica: Mede e exibe a temperatura do ambiente Desperta com várias melodias Medida: 29 cm comprimento &#8211; 19 cm altura &#8211; 2 cm largura Medidas em graus Celsius ou Fahrenheit Relógio com formatação em 12 ou 24 hs. Calendário com mês e dia Despertador com 5 alarmes Função soneca (Max. 60s) Visor de cristal [&hellip;]
