{"id":29718,"date":"2023-10-24T19:23:13","date_gmt":"2023-10-24T19:23:13","guid":{"rendered":"https:\/\/www.saralinatacado.com.br\/loja\/?post_type=product&#038;p=29718"},"modified":"2023-10-27T18:45:18","modified_gmt":"2023-10-27T18:45:18","slug":"relogio-despertador-de-mesa-le-8103-lelong","status":"publish","type":"product","link":"https:\/\/www.saralinatacado.com.br\/loja\/produto\/relogio-despertador-de-mesa-le-8103-lelong\/","title":{"rendered":"Relogio Despertador De Mesa Le-8103 Lelong"},"content":{"rendered":"<p>INFORMA\u00c7\u00d5ES T\u00c9CNICAS:<br \/>\nMarca: Lelong \/ Modelo: LE-8103<br \/>\nMaterial: Ferro + ABS + Componentes Eletr\u00f4nicos<br \/>\nFun\u00e7\u00f5es: Hor\u00e1rio e Despertador<br \/>\nFormato: Retr\u00f4<br \/>\nTipo do Som: Sino (Despertador Mec\u00e2nico)<br \/>\nAlimenta\u00e7\u00e3o: 1 Pilha AA (n\u00e3o fornecida)<br \/>\nPeso aproximado: 250g<br \/>\nMedidas aproximadas: 17cm x 11.7cm x 5.7cm<\/p>\n<p>Conte\u00fado da Embalagem:<br \/>\n1 Rel\u00f3gio de Mesa Com Despertador LE-8103<br \/>\n1 Caixa\/embalagem<\/p>\n<p>Obs. 1: As fotos do anuncio s\u00e3o meramente ilustrativa, as cores podem variar de tonalidade conforme as configura\u00e7\u00f5es do seu monitor ou tela.<br \/>\nObs. 2: Todos os produtos s\u00e3o examinados antes do envio, ao receber o produto o usu\u00e1rio deve oper\u00e1-lo de acordo com as especifica\u00e7\u00f5es do anuncio, embalagem, manual ou informa\u00e7\u00f5es do fabricante.<br \/>\nCuidados: N\u00e3o utilizar produto qu\u00edmico ou material abrasivo sobre o produto ou a estampa.<\/p>\n","protected":false},"excerpt":{"rendered":"<p>INFORMA\u00c7\u00d5ES T\u00c9CNICAS: Marca: Lelong \/ Modelo: LE-8103 Material: Ferro + ABS + Componentes Eletr\u00f4nicos Fun\u00e7\u00f5es: Hor\u00e1rio e Despertador Formato: Retr\u00f4 Tipo do Som: Sino (Despertador Mec\u00e2nico) Alimenta\u00e7\u00e3o: 1 Pilha AA (n\u00e3o fornecida) Peso aproximado: 250g Medidas aproximadas: 17cm x 11.7cm x 5.7cm Conte\u00fado da Embalagem: 1 Rel\u00f3gio de Mesa Com Despertador LE-8103 1 Caixa\/embalagem Obs. [&hellip;]\n","protected":false},"featured_media":29727,"comment_status":"open","ping_status":"closed","template":"","meta":{"_bbp_topic_count":0,"_bbp_reply_count":0,"_bbp_total_topic_count":0,"_bbp_total_reply_count":0,"_bbp_voice_count":0,"_bbp_anonymous_reply_count":0,"_bbp_topic_count_hidden":0,"_bbp_reply_count_hidden":0,"_bbp_forum_subforum_count":0,"_joinchat":[]},"product_brand":[],"product_cat":[107,181],"product_tag":[],"class_list":{"0":"post-29718","1":"product","2":"type-product","3":"status-publish","4":"has-post-thumbnail","6":"product_cat-acessorios","7":"product_cat-despertador","9":"first","10":"instock","11":"taxable","12":"shipping-taxable","13":"purchasable","14":"product-type-simple"},"_links":{"self":[{"href":"https:\/\/www.saralinatacado.com.br\/loja\/wp-json\/wp\/v2\/product\/29718","targetHints":{"allow":["GET"]}}],"collection":[{"href":"https:\/\/www.saralinatacado.com.br\/loja\/wp-json\/wp\/v2\/product"}],"about":[{"href":"https:\/\/www.saralinatacado.com.br\/loja\/wp-json\/wp\/v2\/types\/product"}],"replies":[{"embeddable":true,"href":"https:\/\/www.saralinatacado.com.br\/loja\/wp-json\/wp\/v2\/comments?post=29718"}],"wp:featuredmedia":[{"embeddable":true,"href":"https:\/\/www.saralinatacado.com.br\/loja\/wp-json\/wp\/v2\/media\/29727"}],"wp:attachment":[{"href":"https:\/\/www.saralinatacado.com.br\/loja\/wp-json\/wp\/v2\/media?parent=29718"}],"wp:term":[{"taxonomy":"product_brand","embeddable":true,"href":"https:\/\/www.saralinatacado.com.br\/loja\/wp-json\/wp\/v2\/product_brand?post=29718"},{"taxonomy":"product_cat","embeddable":true,"href":"https:\/\/www.saralinatacado.com.br\/loja\/wp-json\/wp\/v2\/product_cat?post=29718"},{"taxonomy":"product_tag","embeddable":true,"href":"https:\/\/www.saralinatacado.com.br\/loja\/wp-json\/wp\/v2\/product_tag?post=29718"}],"curies":[{"name":"wp","href":"https:\/\/api.w.org\/{rel}","templated":true}]}}