{"id":29714,"date":"2023-10-24T19:11:26","date_gmt":"2023-10-24T19:11:26","guid":{"rendered":"https:\/\/www.saralinatacado.com.br\/loja\/?post_type=product&#038;p=29714"},"modified":"2023-10-27T18:46:07","modified_gmt":"2023-10-27T18:46:07","slug":"radio-relogio-despertador-digital-de-mesa-lelong-le-671-am-fm-preto-bivolt","status":"publish","type":"product","link":"https:\/\/www.saralinatacado.com.br\/loja\/produto\/radio-relogio-despertador-digital-de-mesa-lelong-le-671-am-fm-preto-bivolt\/","title":{"rendered":"R\u00e1dio Rel\u00f3gio Despertador Digital De Mesa Lelong LE-671 Am Fm Preto Bivolt"},"content":{"rendered":"<p>Visor para f\u00e1cil visualiza\u00e7\u00e3o<br \/>\nCor : Preto<\/p>\n<p>Voltagem: Bivolt 110-220v)<br \/>\nSintonia digital AM e FM com mem\u00f3rias<br \/>\nAjuste do rel\u00f3gio f\u00e1cil para o tempo livre-instru\u00e7\u00e3o e configura\u00e7\u00e3o de alarme<br \/>\nAlarme duplo para despertar voc\u00ea e seu parceiro em momentos diferentes<br \/>\nAcorde com a sua m\u00fasica de r\u00e1dio favorita ou de um alarme<\/p>\n<p>Tudo o que precisa<br \/>\n\u2022 Visor para uma visualiza\u00e7\u00e3o f\u00e1cil<br \/>\n\u2022 Alarme duplo com horas de despertar diferentes para si e para o seu parceiro<br \/>\n\u2022 Sintonizador FM\/MW para desfrutar de r\u00e1dio<\/p>\n<p>F\u00e1cil de utilizar<\/p>\n<p>\u2022 Defini\u00e7\u00e3o simples do rel\u00f3gio para configurar a hora e o alarme sem necessitar de instru\u00e7\u00f5es<br \/>\n&#8211; Regulagem de luminosidade<br \/>\n\u2022 Acorde ao som da sua esta\u00e7\u00e3o de r\u00e1dio favorita ou de um alarme<br \/>\n\u2022 Temporizador para adormecer ao som da sua m\u00fasica favorita<br \/>\n\u2022 Repeti\u00e7\u00e3o do alarme para dormir mais um pouco<br \/>\n\u2022 Pilha de reserva assegura a conserva\u00e7\u00e3o da mem\u00f3ria da hora durante falhas de energia<\/p>\n<p>O visor amplo permite uma f\u00e1cil leitura do conte\u00fado no ecr\u00e3. Agora, pode ver as horas e o alarme facilmente, mesmo \u00e0 dist\u00e2ncia. Ideal para pessoas de idade mais avan\u00e7ada ou com problemas de vis\u00e3o.<\/p>\n<p>Sintonizador FM\/MW<\/p>\n<p>Sintonizador est\u00e9reo FM\/MW (AM)<br \/>\nDefini\u00e7\u00e3o simples do rel\u00f3gio<br \/>\nA hora e o alarme s\u00e3o t\u00e3o f\u00e1ceis de configurar que provavelmente nem ser\u00e1 necess\u00e1rio consultar o Manual de in\u00edcio r\u00e1pido ou as Instru\u00e7\u00f5es de utiliza\u00e7\u00e3o. Basta observar os bot\u00f5es do r\u00e1dio rel\u00f3gio para definir a hora e o alarme.<\/p>\n","protected":false},"excerpt":{"rendered":"<p>Visor para f\u00e1cil visualiza\u00e7\u00e3o Cor : Preto Voltagem: Bivolt 110-220v) Sintonia digital AM e FM com mem\u00f3rias Ajuste do rel\u00f3gio f\u00e1cil para o tempo livre-instru\u00e7\u00e3o e configura\u00e7\u00e3o de alarme Alarme duplo para despertar voc\u00ea e seu parceiro em momentos diferentes Acorde com a sua m\u00fasica de r\u00e1dio favorita ou de um alarme Tudo o que [&hellip;]\n","protected":false},"featured_media":29715,"comment_status":"open","ping_status":"closed","template":"","meta":{"_bbp_topic_count":0,"_bbp_reply_count":0,"_bbp_total_topic_count":0,"_bbp_total_reply_count":0,"_bbp_voice_count":0,"_bbp_anonymous_reply_count":0,"_bbp_topic_count_hidden":0,"_bbp_reply_count_hidden":0,"_bbp_forum_subforum_count":0,"_joinchat":[]},"product_brand":[],"product_cat":[107,181],"product_tag":[],"class_list":{"0":"post-29714","1":"product","2":"type-product","3":"status-publish","4":"has-post-thumbnail","6":"product_cat-acessorios","7":"product_cat-despertador","9":"first","10":"instock","11":"taxable","12":"shipping-taxable","13":"purchasable","14":"product-type-simple"},"_links":{"self":[{"href":"https:\/\/www.saralinatacado.com.br\/loja\/wp-json\/wp\/v2\/product\/29714","targetHints":{"allow":["GET"]}}],"collection":[{"href":"https:\/\/www.saralinatacado.com.br\/loja\/wp-json\/wp\/v2\/product"}],"about":[{"href":"https:\/\/www.saralinatacado.com.br\/loja\/wp-json\/wp\/v2\/types\/product"}],"replies":[{"embeddable":true,"href":"https:\/\/www.saralinatacado.com.br\/loja\/wp-json\/wp\/v2\/comments?post=29714"}],"wp:featuredmedia":[{"embeddable":true,"href":"https:\/\/www.saralinatacado.com.br\/loja\/wp-json\/wp\/v2\/media\/29715"}],"wp:attachment":[{"href":"https:\/\/www.saralinatacado.com.br\/loja\/wp-json\/wp\/v2\/media?parent=29714"}],"wp:term":[{"taxonomy":"product_brand","embeddable":true,"href":"https:\/\/www.saralinatacado.com.br\/loja\/wp-json\/wp\/v2\/product_brand?post=29714"},{"taxonomy":"product_cat","embeddable":true,"href":"https:\/\/www.saralinatacado.com.br\/loja\/wp-json\/wp\/v2\/product_cat?post=29714"},{"taxonomy":"product_tag","embeddable":true,"href":"https:\/\/www.saralinatacado.com.br\/loja\/wp-json\/wp\/v2\/product_tag?post=29714"}],"curies":[{"name":"wp","href":"https:\/\/api.w.org\/{rel}","templated":true}]}}

Rádio Relógio Despertador Digital De Mesa Lelong LE-671 Am Fm Preto Bivolt

<p>Visor para fácil visualização<br />
Cor : Preto</p>
<p>Voltagem: Bivolt 110-220v)<br />
Sintonia digital AM e FM com memórias<br />
Ajuste do relógio fácil para o tempo livre-instrução e configuração de alarme<br />
Alarme duplo para despertar você e seu parceiro em momentos diferentes<br />
Acorde com a sua música de rádio favorita ou de um alarme</p>
<p>Tudo o que precisa<br />
• Visor para uma visualização fácil<br />
• Alarme duplo com horas de despertar diferentes para si e para o seu parceiro<br />
• Sintonizador FM/MW para desfrutar de rádio</p>
<p>Fácil de utilizar</p>
<p>• Definição simples do relógio para configurar a hora e o alarme sem necessitar de instruções<br />
&#8211; Regulagem de luminosidade<br />
• Acorde ao som da sua estação de rádio favorita ou de um alarme<br />
• Temporizador para adormecer ao som da sua música favorita<br />
• Repetição do alarme para dormir mais um pouco<br />
• Pilha de reserva assegura a conservação da memória da hora durante falhas de energia</p>
<p>O visor amplo permite uma fácil leitura do conteúdo no ecrã. Agora, pode ver as horas e o alarme facilmente, mesmo à distância. Ideal para pessoas de idade mais avançada ou com problemas de visão.</p>
<p>Sintonizador FM/MW</p>
<p>Sintonizador estéreo FM/MW (AM)<br />
Definição simples do relógio<br />
A hora e o alarme são tão fáceis de configurar que provavelmente nem será necessário consultar o Manual de início rápido ou as Instruções de utilização. Basta observar os botões do rádio relógio para definir a hora e o alarme.</p>

<p>Visor para fácil visualização Cor : Preto Voltagem: Bivolt 110-220v) Sintonia digital AM e FM com memórias Ajuste do relógio fácil para o tempo livre-instrução e configuração de alarme Alarme duplo para despertar você e seu parceiro em momentos diferentes Acorde com a sua música de rádio favorita ou de um alarme Tudo o que [&hellip;]
