{"id":29703,"date":"2023-10-24T18:57:58","date_gmt":"2023-10-24T18:57:58","guid":{"rendered":"https:\/\/www.saralinatacado.com.br\/loja\/?post_type=product&#038;p=29703"},"modified":"2023-10-27T18:47:00","modified_gmt":"2023-10-27T18:47:00","slug":"relogio-de-mesa-digital-lelong-le-8113","status":"publish","type":"product","link":"https:\/\/www.saralinatacado.com.br\/loja\/produto\/relogio-de-mesa-digital-lelong-le-8113\/","title":{"rendered":"Rel\u00f3gio De Mesa Digital Lelong Le-8113"},"content":{"rendered":"<p>Rel\u00f3gio Despertador de mesa Digital Temperatura Le-8113 &#8211; Lelong<\/p>\n<p>O Rel\u00f3gio Lelong vai ficar muito bonito em sua casa, voc\u00ea pode usar na mesa ou na parede<\/p>\n<p>Caracter\u00edsticas:<br \/>\nRel\u00f3gio Digital Led,<br \/>\nMarca M\u00eas e Ano com<br \/>\nTemperatura ambiente<br \/>\nLuz Azul para acendimento noturno<\/p>\n<p>Largura x Comprimento: 12 cm x 13.5 cm<br \/>\nAlimenta\u00e7\u00e3o: 3 Pilhas<\/p>\n","protected":false},"excerpt":{"rendered":"<p>Rel\u00f3gio Despertador de mesa Digital Temperatura Le-8113 &#8211; Lelong O Rel\u00f3gio Lelong vai ficar muito bonito em sua casa, voc\u00ea pode usar na mesa ou na parede Caracter\u00edsticas: Rel\u00f3gio Digital Led, Marca M\u00eas e Ano com Temperatura ambiente Luz Azul para acendimento noturno Largura x Comprimento: 12 cm x 13.5 cm Alimenta\u00e7\u00e3o: 3 Pilhas<\/p>\n","protected":false},"featured_media":29706,"comment_status":"open","ping_status":"closed","template":"","meta":{"_bbp_topic_count":0,"_bbp_reply_count":0,"_bbp_total_topic_count":0,"_bbp_total_reply_count":0,"_bbp_voice_count":0,"_bbp_anonymous_reply_count":0,"_bbp_topic_count_hidden":0,"_bbp_reply_count_hidden":0,"_bbp_forum_subforum_count":0,"_joinchat":[]},"product_brand":[],"product_cat":[107,181,164],"product_tag":[],"class_list":{"0":"post-29703","1":"product","2":"type-product","3":"status-publish","4":"has-post-thumbnail","6":"product_cat-acessorios","7":"product_cat-despertador","8":"product_cat-led","10":"first","11":"instock","12":"taxable","13":"shipping-taxable","14":"purchasable","15":"product-type-simple"},"_links":{"self":[{"href":"https:\/\/www.saralinatacado.com.br\/loja\/wp-json\/wp\/v2\/product\/29703","targetHints":{"allow":["GET"]}}],"collection":[{"href":"https:\/\/www.saralinatacado.com.br\/loja\/wp-json\/wp\/v2\/product"}],"about":[{"href":"https:\/\/www.saralinatacado.com.br\/loja\/wp-json\/wp\/v2\/types\/product"}],"replies":[{"embeddable":true,"href":"https:\/\/www.saralinatacado.com.br\/loja\/wp-json\/wp\/v2\/comments?post=29703"}],"wp:featuredmedia":[{"embeddable":true,"href":"https:\/\/www.saralinatacado.com.br\/loja\/wp-json\/wp\/v2\/media\/29706"}],"wp:attachment":[{"href":"https:\/\/www.saralinatacado.com.br\/loja\/wp-json\/wp\/v2\/media?parent=29703"}],"wp:term":[{"taxonomy":"product_brand","embeddable":true,"href":"https:\/\/www.saralinatacado.com.br\/loja\/wp-json\/wp\/v2\/product_brand?post=29703"},{"taxonomy":"product_cat","embeddable":true,"href":"https:\/\/www.saralinatacado.com.br\/loja\/wp-json\/wp\/v2\/product_cat?post=29703"},{"taxonomy":"product_tag","embeddable":true,"href":"https:\/\/www.saralinatacado.com.br\/loja\/wp-json\/wp\/v2\/product_tag?post=29703"}],"curies":[{"name":"wp","href":"https:\/\/api.w.org\/{rel}","templated":true}]}}

Relógio De Mesa Digital Lelong Le-8113

<p>Relógio Despertador de mesa Digital Temperatura Le-8113 &#8211; Lelong</p>
<p>O Relógio Lelong vai ficar muito bonito em sua casa, você pode usar na mesa ou na parede</p>
<p>Características:<br />
Relógio Digital Led,<br />
Marca Mês e Ano com<br />
Temperatura ambiente<br />
Luz Azul para acendimento noturno</p>
<p>Largura x Comprimento: 12 cm x 13.5 cm<br />
Alimentação: 3 Pilhas</p>

<p>Relógio Despertador de mesa Digital Temperatura Le-8113 &#8211; Lelong O Relógio Lelong vai ficar muito bonito em sua casa, você pode usar na mesa ou na parede Características: Relógio Digital Led, Marca Mês e Ano com Temperatura ambiente Luz Azul para acendimento noturno Largura x Comprimento: 12 cm x 13.5 cm Alimentação: 3 Pilhas</p>
