{"id":29698,"date":"2023-10-24T18:51:02","date_gmt":"2023-10-24T18:51:02","guid":{"rendered":"https:\/\/www.saralinatacado.com.br\/loja\/?post_type=product&#038;p=29698"},"modified":"2023-10-27T18:47:36","modified_gmt":"2023-10-27T18:47:36","slug":"despertador-900608-relogio-cabeceira-de-cama-decorar-a-casa","status":"publish","type":"product","link":"https:\/\/www.saralinatacado.com.br\/loja\/produto\/despertador-900608-relogio-cabeceira-de-cama-decorar-a-casa\/","title":{"rendered":"Despertador (900608) Rel\u00f3gio Cabeceira De Cama Decorar A Casa"},"content":{"rendered":"<p>Caracter\u00edsticas: O rel\u00f3gio despertador \u00e9 um produto indicado para todo o tipo de p\u00fablico, pois pode ser usado em casa, no quarto, sala, escrit\u00f3rio e at\u00e9 mesmo em sua loja, vai deixar o ambiente agrad\u00e1vel visualmente com suas cores vibrantes e seu modelo alegre. COR: Enviado aleat\u00f3rio de acordo com nosso estoque. COR: AZUL, ROSA, VERDE Especifica\u00e7\u00f5es: &#8211; Utiliza 1 pilha AA (N\u00c3O INCLUSA) Dimens\u00f5es: Altura- 15cm &#8211; Largura- 13cm<\/p>\n","protected":false},"excerpt":{"rendered":"<p>Caracter\u00edsticas: O rel\u00f3gio despertador \u00e9 um produto indicado para todo o tipo de p\u00fablico, pois pode ser usado em casa, no quarto, sala, escrit\u00f3rio e at\u00e9 mesmo em sua loja, vai deixar o ambiente agrad\u00e1vel visualmente com suas cores vibrantes e seu modelo alegre. COR: Enviado aleat\u00f3rio de acordo com nosso estoque. COR: AZUL, ROSA, [&hellip;]\n","protected":false},"featured_media":29701,"comment_status":"open","ping_status":"closed","template":"","meta":{"_bbp_topic_count":0,"_bbp_reply_count":0,"_bbp_total_topic_count":0,"_bbp_total_reply_count":0,"_bbp_voice_count":0,"_bbp_anonymous_reply_count":0,"_bbp_topic_count_hidden":0,"_bbp_reply_count_hidden":0,"_bbp_forum_subforum_count":0,"_joinchat":[]},"product_brand":[],"product_cat":[107,181],"product_tag":[],"class_list":{"0":"post-29698","1":"product","2":"type-product","3":"status-publish","4":"has-post-thumbnail","6":"product_cat-acessorios","7":"product_cat-despertador","9":"first","10":"instock","11":"taxable","12":"shipping-taxable","13":"purchasable","14":"product-type-simple"},"_links":{"self":[{"href":"https:\/\/www.saralinatacado.com.br\/loja\/wp-json\/wp\/v2\/product\/29698","targetHints":{"allow":["GET"]}}],"collection":[{"href":"https:\/\/www.saralinatacado.com.br\/loja\/wp-json\/wp\/v2\/product"}],"about":[{"href":"https:\/\/www.saralinatacado.com.br\/loja\/wp-json\/wp\/v2\/types\/product"}],"replies":[{"embeddable":true,"href":"https:\/\/www.saralinatacado.com.br\/loja\/wp-json\/wp\/v2\/comments?post=29698"}],"wp:featuredmedia":[{"embeddable":true,"href":"https:\/\/www.saralinatacado.com.br\/loja\/wp-json\/wp\/v2\/media\/29701"}],"wp:attachment":[{"href":"https:\/\/www.saralinatacado.com.br\/loja\/wp-json\/wp\/v2\/media?parent=29698"}],"wp:term":[{"taxonomy":"product_brand","embeddable":true,"href":"https:\/\/www.saralinatacado.com.br\/loja\/wp-json\/wp\/v2\/product_brand?post=29698"},{"taxonomy":"product_cat","embeddable":true,"href":"https:\/\/www.saralinatacado.com.br\/loja\/wp-json\/wp\/v2\/product_cat?post=29698"},{"taxonomy":"product_tag","embeddable":true,"href":"https:\/\/www.saralinatacado.com.br\/loja\/wp-json\/wp\/v2\/product_tag?post=29698"}],"curies":[{"name":"wp","href":"https:\/\/api.w.org\/{rel}","templated":true}]}}

Despertador (900608) Relógio Cabeceira De Cama Decorar A Casa

<p>Características: O relógio despertador é um produto indicado para todo o tipo de público, pois pode ser usado em casa, no quarto, sala, escritório e até mesmo em sua loja, vai deixar o ambiente agradável visualmente com suas cores vibrantes e seu modelo alegre. COR: Enviado aleatório de acordo com nosso estoque. COR: AZUL, ROSA, VERDE Especificações: &#8211; Utiliza 1 pilha AA (NÃO INCLUSA) Dimensões: Altura- 15cm &#8211; Largura- 13cm</p>

<p>Características: O relógio despertador é um produto indicado para todo o tipo de público, pois pode ser usado em casa, no quarto, sala, escritório e até mesmo em sua loja, vai deixar o ambiente agradável visualmente com suas cores vibrantes e seu modelo alegre. COR: Enviado aleatório de acordo com nosso estoque. COR: AZUL, ROSA, [&hellip;]
