{"id":29632,"date":"2023-10-24T14:08:12","date_gmt":"2023-10-24T14:08:12","guid":{"rendered":"https:\/\/www.saralinatacado.com.br\/loja\/?post_type=product&#038;p=29632"},"modified":"2023-10-24T14:08:12","modified_gmt":"2023-10-24T14:08:12","slug":"suporte-veicular-carro-standard-celular-ventosa","status":"publish","type":"product","link":"https:\/\/www.saralinatacado.com.br\/loja\/produto\/suporte-veicular-carro-standard-celular-ventosa\/","title":{"rendered":"Suporte Veicular carro  Standard Celular Ventosa"},"content":{"rendered":"<p>UPORTE VEICULAR SMARTPHONE celular gps<\/p>\n<p>-Abertura da boca: 11 Cm<br \/>\n-Excelente ader\u00eancia ao vidro, suporta os aparelhos com seguran\u00e7a<br \/>\n-Possui rota\u00e7\u00e3o 360\u00ba para voc\u00ea poder colocar na posi\u00e7\u00e3o que desejar e for melhor para sua visualiza\u00e7\u00e3o<br \/>\n-Elaborado com materiais resistentes, possui longa durabilidade<br \/>\n-Possui um clique (BOTAO) que segura o dispositivo com press\u00e3o e precis\u00e3o.<br \/>\n&#8211; Imagem Ilustrativa &#8211; Marca new&#8217;ion<br \/>\n&#8211; Cores predominante &#8211; Preto &#8211; com detalhe vermelho<\/p>\n","protected":false},"excerpt":{"rendered":"<p>UPORTE VEICULAR SMARTPHONE celular gps -Abertura da boca: 11 Cm -Excelente ader\u00eancia ao vidro, suporta os aparelhos com seguran\u00e7a -Possui rota\u00e7\u00e3o 360\u00ba para voc\u00ea poder colocar na posi\u00e7\u00e3o que desejar e for melhor para sua visualiza\u00e7\u00e3o -Elaborado com materiais resistentes, possui longa durabilidade -Possui um clique (BOTAO) que segura o dispositivo com press\u00e3o e precis\u00e3o. [&hellip;]\n","protected":false},"featured_media":29633,"comment_status":"open","ping_status":"closed","template":"","meta":{"_bbp_topic_count":0,"_bbp_reply_count":0,"_bbp_total_topic_count":0,"_bbp_total_reply_count":0,"_bbp_voice_count":0,"_bbp_anonymous_reply_count":0,"_bbp_topic_count_hidden":0,"_bbp_reply_count_hidden":0,"_bbp_forum_subforum_count":0,"_joinchat":[]},"product_brand":[],"product_cat":[107],"product_tag":[],"class_list":{"0":"post-29632","1":"product","2":"type-product","3":"status-publish","4":"has-post-thumbnail","6":"product_cat-acessorios","8":"first","9":"instock","10":"taxable","11":"shipping-taxable","12":"purchasable","13":"product-type-simple"},"_links":{"self":[{"href":"https:\/\/www.saralinatacado.com.br\/loja\/wp-json\/wp\/v2\/product\/29632","targetHints":{"allow":["GET"]}}],"collection":[{"href":"https:\/\/www.saralinatacado.com.br\/loja\/wp-json\/wp\/v2\/product"}],"about":[{"href":"https:\/\/www.saralinatacado.com.br\/loja\/wp-json\/wp\/v2\/types\/product"}],"replies":[{"embeddable":true,"href":"https:\/\/www.saralinatacado.com.br\/loja\/wp-json\/wp\/v2\/comments?post=29632"}],"wp:featuredmedia":[{"embeddable":true,"href":"https:\/\/www.saralinatacado.com.br\/loja\/wp-json\/wp\/v2\/media\/29633"}],"wp:attachment":[{"href":"https:\/\/www.saralinatacado.com.br\/loja\/wp-json\/wp\/v2\/media?parent=29632"}],"wp:term":[{"taxonomy":"product_brand","embeddable":true,"href":"https:\/\/www.saralinatacado.com.br\/loja\/wp-json\/wp\/v2\/product_brand?post=29632"},{"taxonomy":"product_cat","embeddable":true,"href":"https:\/\/www.saralinatacado.com.br\/loja\/wp-json\/wp\/v2\/product_cat?post=29632"},{"taxonomy":"product_tag","embeddable":true,"href":"https:\/\/www.saralinatacado.com.br\/loja\/wp-json\/wp\/v2\/product_tag?post=29632"}],"curies":[{"name":"wp","href":"https:\/\/api.w.org\/{rel}","templated":true}]}}