{"id":29614,"date":"2023-10-24T13:36:51","date_gmt":"2023-10-24T13:36:51","guid":{"rendered":"https:\/\/www.saralinatacado.com.br\/loja\/?post_type=product&#038;p=29614"},"modified":"2023-10-24T13:37:46","modified_gmt":"2023-10-24T13:37:46","slug":"imagem-1-de-2-de-carregador-portatil-power-bank-lucky-10000mah-3-modelos-ledimagem-1-de-2-de-carregador-portatil-power-bank-lucky-10000mah-3-modelos-led-imagem-2-de-2-de-carregador-portatil-power-bank","status":"publish","type":"product","link":"https:\/\/www.saralinatacado.com.br\/loja\/produto\/imagem-1-de-2-de-carregador-portatil-power-bank-lucky-10000mah-3-modelos-ledimagem-1-de-2-de-carregador-portatil-power-bank-lucky-10000mah-3-modelos-led-imagem-2-de-2-de-carregador-portatil-power-bank\/","title":{"rendered":"Carregador Port\u00e1til Power Bank Lucky 10000mah"},"content":{"rendered":"<p>Descri\u00e7\u00e3o Informa\u00e7\u00f5es do Produto Chegue at\u00e9 4 cargas completas no seu smartphone (dispositivos de at\u00e9 1800mAh) e leve sua bateria para te acompanhar no trabalho, em shows, viagens e onde mais voc\u00ea precisar com muito estilo e qualidade. Capacidade: 10000mAh Entrada Micro Usb: 5v\/2.0A Entrada USB Tipo-C: 5v\/2.0A Cabo de Sa\u00edda Cabo de sa\u00edda Tipo C : DC 5V-2.0A Cabo de sa\u00edda Micro USB: DC 5V-2.0A Sa\u00edda Usb: 5v\/2.4A Tempo para recarga: ~3-4 horas Ciclos de recarga: &gt;500 vezes Peso Liquido : 237 g Size : 140*71*14,2 mm Material ABS resistente Tecnologia Smart Charge: Sa\u00eddas USB Inteligentes que detectam automaticamente o dispositivo conectado e otimizam a energia adequada para um r\u00e1pido carregamento. Inculso Itens 1 adapotador Micro usb para Lighting 1 cabo Micro usb &#8211; Usb 1 Powerbank LU538 10000MHA Lucky Amazonia<\/p>\n","protected":false},"excerpt":{"rendered":"<p>Descri\u00e7\u00e3o Informa\u00e7\u00f5es do Produto Chegue at\u00e9 4 cargas completas no seu smartphone (dispositivos de at\u00e9 1800mAh) e leve sua bateria para te acompanhar no trabalho, em shows, viagens e onde mais voc\u00ea precisar com muito estilo e qualidade. Capacidade: 10000mAh Entrada Micro Usb: 5v\/2.0A Entrada USB Tipo-C: 5v\/2.0A Cabo de Sa\u00edda Cabo de sa\u00edda Tipo [&hellip;]\n","protected":false},"featured_media":29616,"comment_status":"open","ping_status":"closed","template":"","meta":{"_bbp_topic_count":0,"_bbp_reply_count":0,"_bbp_total_topic_count":0,"_bbp_total_reply_count":0,"_bbp_voice_count":0,"_bbp_anonymous_reply_count":0,"_bbp_topic_count_hidden":0,"_bbp_reply_count_hidden":0,"_bbp_forum_subforum_count":0,"_joinchat":[]},"product_brand":[],"product_cat":[100,208],"product_tag":[],"class_list":{"0":"post-29614","1":"product","2":"type-product","3":"status-publish","4":"has-post-thumbnail","6":"product_cat-alimentacao","7":"product_cat-carregadores","9":"first","10":"instock","11":"taxable","12":"shipping-taxable","13":"purchasable","14":"product-type-simple"},"_links":{"self":[{"href":"https:\/\/www.saralinatacado.com.br\/loja\/wp-json\/wp\/v2\/product\/29614","targetHints":{"allow":["GET"]}}],"collection":[{"href":"https:\/\/www.saralinatacado.com.br\/loja\/wp-json\/wp\/v2\/product"}],"about":[{"href":"https:\/\/www.saralinatacado.com.br\/loja\/wp-json\/wp\/v2\/types\/product"}],"replies":[{"embeddable":true,"href":"https:\/\/www.saralinatacado.com.br\/loja\/wp-json\/wp\/v2\/comments?post=29614"}],"wp:featuredmedia":[{"embeddable":true,"href":"https:\/\/www.saralinatacado.com.br\/loja\/wp-json\/wp\/v2\/media\/29616"}],"wp:attachment":[{"href":"https:\/\/www.saralinatacado.com.br\/loja\/wp-json\/wp\/v2\/media?parent=29614"}],"wp:term":[{"taxonomy":"product_brand","embeddable":true,"href":"https:\/\/www.saralinatacado.com.br\/loja\/wp-json\/wp\/v2\/product_brand?post=29614"},{"taxonomy":"product_cat","embeddable":true,"href":"https:\/\/www.saralinatacado.com.br\/loja\/wp-json\/wp\/v2\/product_cat?post=29614"},{"taxonomy":"product_tag","embeddable":true,"href":"https:\/\/www.saralinatacado.com.br\/loja\/wp-json\/wp\/v2\/product_tag?post=29614"}],"curies":[{"name":"wp","href":"https:\/\/api.w.org\/{rel}","templated":true}]}}