{"id":29586,"date":"2023-10-21T14:24:59","date_gmt":"2023-10-21T14:24:59","guid":{"rendered":"https:\/\/www.saralinatacado.com.br\/loja\/?post_type=product&#038;p=29586"},"modified":"2023-10-21T14:26:15","modified_gmt":"2023-10-21T14:26:15","slug":"radio-retro-bluetooth-am-fm-usb-sd-marca-lelong","status":"publish","type":"product","link":"https:\/\/www.saralinatacado.com.br\/loja\/produto\/radio-retro-bluetooth-am-fm-usb-sd-marca-lelong\/","title":{"rendered":"Radio Retro Bluetooth Am Fm Usb Sd marca lelong"},"content":{"rendered":"<div id=\"productOverview_feature_div\" class=\"celwidget\" data-feature-name=\"productOverview\" data-csa-c-type=\"widget\" data-csa-c-content-id=\"productOverview\" data-csa-c-slot-id=\"productOverview_feature_div\" data-csa-c-asin=\"B084GWQ4XK\" data-csa-c-is-in-initial-active-row=\"false\" data-csa-c-id=\"6jzbt7-c1kan2-rksczk-hhatjl\" data-cel-widget=\"productOverview_feature_div\">\n<div class=\"a-section a-spacing-small a-spacing-top-small\">\n<div class=\"a-row a-spacing-small po-brand\"><span class=\"a-size-base a-text-bold\">Marca:<\/span> lelong<\/div>\n<div class=\"a-row a-spacing-small po-special_feature\"><span class=\"a-size-base a-text-bold\">Caracter\u00edsticas especiais:<\/span>\u00a0<span class=\"a-size-base po-break-word\">Bluetooth, Port\u00e1til<\/span><\/div>\n<div class=\"a-row a-spacing-small po-connectivity_technology\"><span class=\"a-size-base a-text-bold\">Tecnologia de conectividade:<\/span>\u00a0<span class=\"a-size-base po-break-word\">Auxiliar<\/span><\/div>\n<div class=\"a-row a-spacing-small po-tuner_technology\"><span class=\"a-size-base a-text-bold\">Tecnologia do sintonizador:<\/span>\u00a0<span class=\"a-size-base po-break-word\">FM, AM<\/span><\/div>\n<div class=\"a-row a-spacing-small po-power_source_type\"><span class=\"a-size-base a-text-bold\">Fonte de alimenta\u00e7\u00e3o:<\/span>\u00a0<span class=\"a-size-base po-break-word\">Alimentado por bateria, Alimentado por energia solar<\/span><\/div>\n<\/div>\n<\/div>\n<div id=\"featurebullets_feature_div\" class=\"celwidget\" data-feature-name=\"featurebullets\" data-csa-c-type=\"widget\" data-csa-c-content-id=\"featurebullets\" data-csa-c-slot-id=\"featurebullets_feature_div\" data-csa-c-asin=\"B084GWQ4XK\" data-csa-c-is-in-initial-active-row=\"false\" data-csa-c-id=\"ba5vp-aw77le-t21pcv-5n06dm\" data-cel-widget=\"featurebullets_feature_div\">\n<div id=\"feature-bullets\" class=\"a-section a-spacing-medium a-spacing-top-small\">\n<hr \/>\n<h1 class=\"a-size-base-plus a-text-bold\">Sobre este item<\/h1>\n<ul class=\"a-unordered-list a-vertical a-spacing-mini\">\n<li class=\"a-spacing-mini\"><span class=\"a-list-item\">Cart\u00e3o de Mem\u00f3ria<\/span><\/li>\n<li class=\"a-spacing-mini\"><span class=\"a-list-item\">Entrada USB<\/span><\/li>\n<li class=\"a-spacing-mini\"><span class=\"a-list-item\">Bat\u00e9ria Recarregavel<\/span><\/li>\n<li class=\"a-spacing-mini\"><span class=\"a-list-item\">Receptor de 3 Bandas<\/span><\/li>\n<li class=\"a-spacing-mini\"><span class=\"a-list-item\">AUX<\/span><\/li>\n<\/ul>\n<\/div>\n<\/div>\n","protected":false},"excerpt":{"rendered":"<p>Marca: lelong Caracter\u00edsticas especiais:\u00a0Bluetooth, Port\u00e1til Tecnologia de conectividade:\u00a0Auxiliar Tecnologia do sintonizador:\u00a0FM, AM Fonte de alimenta\u00e7\u00e3o:\u00a0Alimentado por bateria, Alimentado por energia solar Sobre este item Cart\u00e3o de Mem\u00f3ria Entrada USB Bat\u00e9ria Recarregavel Receptor de 3 Bandas AUX<\/p>\n","protected":false},"featured_media":29590,"comment_status":"open","ping_status":"closed","template":"","meta":{"_bbp_topic_count":0,"_bbp_reply_count":0,"_bbp_total_topic_count":0,"_bbp_total_reply_count":0,"_bbp_voice_count":0,"_bbp_anonymous_reply_count":0,"_bbp_topic_count_hidden":0,"_bbp_reply_count_hidden":0,"_bbp_forum_subforum_count":0,"_joinchat":[]},"product_brand":[],"product_cat":[101],"product_tag":[],"class_list":{"0":"post-29586","1":"product","2":"type-product","3":"status-publish","4":"has-post-thumbnail","6":"product_cat-radios","8":"first","9":"instock","10":"taxable","11":"shipping-taxable","12":"purchasable","13":"product-type-simple"},"_links":{"self":[{"href":"https:\/\/www.saralinatacado.com.br\/loja\/wp-json\/wp\/v2\/product\/29586","targetHints":{"allow":["GET"]}}],"collection":[{"href":"https:\/\/www.saralinatacado.com.br\/loja\/wp-json\/wp\/v2\/product"}],"about":[{"href":"https:\/\/www.saralinatacado.com.br\/loja\/wp-json\/wp\/v2\/types\/product"}],"replies":[{"embeddable":true,"href":"https:\/\/www.saralinatacado.com.br\/loja\/wp-json\/wp\/v2\/comments?post=29586"}],"wp:featuredmedia":[{"embeddable":true,"href":"https:\/\/www.saralinatacado.com.br\/loja\/wp-json\/wp\/v2\/media\/29590"}],"wp:attachment":[{"href":"https:\/\/www.saralinatacado.com.br\/loja\/wp-json\/wp\/v2\/media?parent=29586"}],"wp:term":[{"taxonomy":"product_brand","embeddable":true,"href":"https:\/\/www.saralinatacado.com.br\/loja\/wp-json\/wp\/v2\/product_brand?post=29586"},{"taxonomy":"product_cat","embeddable":true,"href":"https:\/\/www.saralinatacado.com.br\/loja\/wp-json\/wp\/v2\/product_cat?post=29586"},{"taxonomy":"product_tag","embeddable":true,"href":"https:\/\/www.saralinatacado.com.br\/loja\/wp-json\/wp\/v2\/product_tag?post=29586"}],"curies":[{"name":"wp","href":"https:\/\/api.w.org\/{rel}","templated":true}]}}

<div id="productOverview_feature_div" class="celwidget" data-feature-name="productOverview" data-csa-c-type="widget" data-csa-c-content-id="productOverview" data-csa-c-slot-id="productOverview_feature_div" data-csa-c-asin="B084GWQ4XK" data-csa-c-is-in-initial-active-row="false" data-csa-c-id="6jzbt7-c1kan2-rksczk-hhatjl" data-cel-widget="productOverview_feature_div">
<div class="a-section a-spacing-small a-spacing-top-small">
<div class="a-row a-spacing-small po-brand"><span class="a-size-base a-text-bold">Marca:</span> lelong</div>
<div class="a-row a-spacing-small po-special_feature"><span class="a-size-base a-text-bold">Características especiais:</span> <span class="a-size-base po-break-word">Bluetooth, Portátil</span></div>
<div class="a-row a-spacing-small po-connectivity_technology"><span class="a-size-base a-text-bold">Tecnologia de conectividade:</span> <span class="a-size-base po-break-word">Auxiliar</span></div>
<div class="a-row a-spacing-small po-tuner_technology"><span class="a-size-base a-text-bold">Tecnologia do sintonizador:</span> <span class="a-size-base po-break-word">FM, AM</span></div>
<div class="a-row a-spacing-small po-power_source_type"><span class="a-size-base a-text-bold">Fonte de alimentação:</span> <span class="a-size-base po-break-word">Alimentado por bateria, Alimentado por energia solar</span></div>
</div>
</div>
<div id="featurebullets_feature_div" class="celwidget" data-feature-name="featurebullets" data-csa-c-type="widget" data-csa-c-content-id="featurebullets" data-csa-c-slot-id="featurebullets_feature_div" data-csa-c-asin="B084GWQ4XK" data-csa-c-is-in-initial-active-row="false" data-csa-c-id="ba5vp-aw77le-t21pcv-5n06dm" data-cel-widget="featurebullets_feature_div">
<div id="feature-bullets" class="a-section a-spacing-medium a-spacing-top-small">
<hr />
<h1 class="a-size-base-plus a-text-bold">Sobre este item</h1>
<ul class="a-unordered-list a-vertical a-spacing-mini">
<li class="a-spacing-mini"><span class="a-list-item">Cartão de Memória</span></li>
<li class="a-spacing-mini"><span class="a-list-item">Entrada USB</span></li>
<li class="a-spacing-mini"><span class="a-list-item">Batéria Recarregavel</span></li>
<li class="a-spacing-mini"><span class="a-list-item">Receptor de 3 Bandas</span></li>
<li class="a-spacing-mini"><span class="a-list-item">AUX</span></li>
</ul>
</div>
</div>

<p>Marca: lelong Características especiais: Bluetooth, Portátil Tecnologia de conectividade: Auxiliar Tecnologia do sintonizador: FM, AM Fonte de alimentação: Alimentado por bateria, Alimentado por energia solar Sobre este item Cartão de Memória Entrada USB Batéria Recarregavel Receptor de 3 Bandas AUX</p>
