{"id":29582,"date":"2023-10-21T14:11:33","date_gmt":"2023-10-21T14:11:33","guid":{"rendered":"https:\/\/www.saralinatacado.com.br\/loja\/?post_type=product&#038;p=29582"},"modified":"2023-10-21T14:11:33","modified_gmt":"2023-10-21T14:11:33","slug":"caixa-som-radio-retro-vintage-mp3-fm-am-com-portatil-le-602","status":"publish","type":"product","link":"https:\/\/www.saralinatacado.com.br\/loja\/produto\/caixa-som-radio-retro-vintage-mp3-fm-am-com-portatil-le-602\/","title":{"rendered":"caixa Som R\u00e1dio Retr\u00f4 Vintage Mp3 Fm Am Com Port\u00e1til le-602"},"content":{"rendered":"<p>Especifica\u00e7\u00f5es t\u00e9cnicas:<br \/>\n&#8211; Marca: Livstar ( lelong)<br \/>\n&#8211; Di\u00e2metro do alto-falante: 3 Polegadas<br \/>\n&#8211; Sensibilidade: &gt;36 dB<br \/>\n&#8211; Tens\u00e3o de entrada: AC 110V~220V<br \/>\n&#8211; Pot\u00eancia: 3w RMS \/ 50w P.M.P.O<br \/>\n&#8211; Imped\u00e2ncia: 8 Ohms<br \/>\n&#8211; Frequ\u00eancia: FM88~108MHz<br \/>\n&#8211; Bandas: AM\/FM\/SW<br \/>\n&#8211; Acabamento em pl\u00e1stico Black com detalhes<br \/>\n&#8211; Painel completamente retr\u00f4<br \/>\n&#8211; Chave seletora de voltagem<br \/>\n&#8211; Possui lanterna<br \/>\n&#8211; Possui LEDs<br \/>\n&#8211; Controle de LEDs<br \/>\n&#8211; Pode usar bateria externa<br \/>\n&#8211; Entrada AUX Line-In (P2 3.5mm)<br \/>\n&#8211; Entrada Bluetooth 2.0\/USB\/cart\u00e3o SD<br \/>\n&#8211; Entrada para fone de ouvido P2<br \/>\n&#8211; Entrada para microfone de mesa P2<br \/>\n&#8211; Fonte de alimenta\u00e7\u00e3o:DC 3V<br \/>\n&#8211; Tempo de trabalho: 2 \u00e1 4 horas<br \/>\n&#8211; Tempo de carregamento: 8 horas<br \/>\n&#8211; Dimens\u00f5es aproximadas do produto: A15,5xL20xP7cm<br \/>\n&#8211; Peso: 885kg<\/p>\n<p>Itens inclusos:<br \/>\n01 x Caixa de som Retr\u00f4<br \/>\n01 x Al\u00e7a<br \/>\n01 x Tomada para carregar<br \/>\n01 x Adaptador para al\u00e7a<\/p>\n","protected":false},"excerpt":{"rendered":"<p>Especifica\u00e7\u00f5es t\u00e9cnicas: &#8211; Marca: Livstar ( lelong) &#8211; Di\u00e2metro do alto-falante: 3 Polegadas &#8211; Sensibilidade: &gt;36 dB &#8211; Tens\u00e3o de entrada: AC 110V~220V &#8211; Pot\u00eancia: 3w RMS \/ 50w P.M.P.O &#8211; Imped\u00e2ncia: 8 Ohms &#8211; Frequ\u00eancia: FM88~108MHz &#8211; Bandas: AM\/FM\/SW &#8211; Acabamento em pl\u00e1stico Black com detalhes &#8211; Painel completamente retr\u00f4 &#8211; Chave seletora de [&hellip;]\n","protected":false},"featured_media":29583,"comment_status":"open","ping_status":"closed","template":"","meta":{"_bbp_topic_count":0,"_bbp_reply_count":0,"_bbp_total_topic_count":0,"_bbp_total_reply_count":0,"_bbp_voice_count":0,"_bbp_anonymous_reply_count":0,"_bbp_topic_count_hidden":0,"_bbp_reply_count_hidden":0,"_bbp_forum_subforum_count":0,"_joinchat":[]},"product_brand":[],"product_cat":[101],"product_tag":[],"class_list":{"0":"post-29582","1":"product","2":"type-product","3":"status-publish","4":"has-post-thumbnail","6":"product_cat-radios","8":"first","9":"instock","10":"taxable","11":"shipping-taxable","12":"purchasable","13":"product-type-simple"},"_links":{"self":[{"href":"https:\/\/www.saralinatacado.com.br\/loja\/wp-json\/wp\/v2\/product\/29582","targetHints":{"allow":["GET"]}}],"collection":[{"href":"https:\/\/www.saralinatacado.com.br\/loja\/wp-json\/wp\/v2\/product"}],"about":[{"href":"https:\/\/www.saralinatacado.com.br\/loja\/wp-json\/wp\/v2\/types\/product"}],"replies":[{"embeddable":true,"href":"https:\/\/www.saralinatacado.com.br\/loja\/wp-json\/wp\/v2\/comments?post=29582"}],"wp:featuredmedia":[{"embeddable":true,"href":"https:\/\/www.saralinatacado.com.br\/loja\/wp-json\/wp\/v2\/media\/29583"}],"wp:attachment":[{"href":"https:\/\/www.saralinatacado.com.br\/loja\/wp-json\/wp\/v2\/media?parent=29582"}],"wp:term":[{"taxonomy":"product_brand","embeddable":true,"href":"https:\/\/www.saralinatacado.com.br\/loja\/wp-json\/wp\/v2\/product_brand?post=29582"},{"taxonomy":"product_cat","embeddable":true,"href":"https:\/\/www.saralinatacado.com.br\/loja\/wp-json\/wp\/v2\/product_cat?post=29582"},{"taxonomy":"product_tag","embeddable":true,"href":"https:\/\/www.saralinatacado.com.br\/loja\/wp-json\/wp\/v2\/product_tag?post=29582"}],"curies":[{"name":"wp","href":"https:\/\/api.w.org\/{rel}","templated":true}]}}

caixa Som Rádio Retrô Vintage Mp3 Fm Am Com Portátil le-602

<p>Especificações técnicas:<br />
&#8211; Marca: Livstar ( lelong)<br />
&#8211; Diâmetro do alto-falante: 3 Polegadas<br />
&#8211; Sensibilidade: &gt;36 dB<br />
&#8211; Tensão de entrada: AC 110V~220V<br />
&#8211; Potência: 3w RMS / 50w P.M.P.O<br />
&#8211; Impedância: 8 Ohms<br />
&#8211; Frequência: FM88~108MHz<br />
&#8211; Bandas: AM/FM/SW<br />
&#8211; Acabamento em plástico Black com detalhes<br />
&#8211; Painel completamente retrô<br />
&#8211; Chave seletora de voltagem<br />
&#8211; Possui lanterna<br />
&#8211; Possui LEDs<br />
&#8211; Controle de LEDs<br />
&#8211; Pode usar bateria externa<br />
&#8211; Entrada AUX Line-In (P2 3.5mm)<br />
&#8211; Entrada Bluetooth 2.0/USB/cartão SD<br />
&#8211; Entrada para fone de ouvido P2<br />
&#8211; Entrada para microfone de mesa P2<br />
&#8211; Fonte de alimentação:DC 3V<br />
&#8211; Tempo de trabalho: 2 á 4 horas<br />
&#8211; Tempo de carregamento: 8 horas<br />
&#8211; Dimensões aproximadas do produto: A15,5xL20xP7cm<br />
&#8211; Peso: 885kg</p>
<p>Itens inclusos:<br />
01 x Caixa de som Retrô<br />
01 x Alça<br />
01 x Tomada para carregar<br />
01 x Adaptador para alça</p>

<p>Especificações técnicas: &#8211; Marca: Livstar ( lelong) &#8211; Diâmetro do alto-falante: 3 Polegadas &#8211; Sensibilidade: &gt;36 dB &#8211; Tensão de entrada: AC 110V~220V &#8211; Potência: 3w RMS / 50w P.M.P.O &#8211; Impedância: 8 Ohms &#8211; Frequência: FM88~108MHz &#8211; Bandas: AM/FM/SW &#8211; Acabamento em plástico Black com detalhes &#8211; Painel completamente retrô &#8211; Chave seletora de [&hellip;]
