{"id":29549,"date":"2023-10-21T13:15:11","date_gmt":"2023-10-21T13:15:11","guid":{"rendered":"https:\/\/www.saralinatacado.com.br\/loja\/?post_type=product&#038;p=29549"},"modified":"2023-10-21T13:15:11","modified_gmt":"2023-10-21T13:15:11","slug":"maquina-profissional-newion-para-cabelo-e-barba-com-display-ncp-008","status":"publish","type":"product","link":"https:\/\/www.saralinatacado.com.br\/loja\/produto\/maquina-profissional-newion-para-cabelo-e-barba-com-display-ncp-008\/","title":{"rendered":"MAQUINA PROFISSIONAL NEW&#8217;ION PARA CABELO E BARBA COM DISPLAY NCP-008"},"content":{"rendered":"<p>Descri\u00e7\u00e3o:<\/p>\n<p>\u2713 cabe\u00e7a de corte de a\u00e7o atualizado selecionada, afiada, e desobstruido, resist\u00eancia ao desgaste.<\/p>\n<p>\u2713 sistema de energia eficaz, motor de cobre de alta qualidade e velocidade, baixo ru\u00eddo.<\/p>\n<p>Modelo :<br \/>\nNcp-008<br \/>\nTempo de carga 3h<br \/>\nPot\u00eancia: 5w<br \/>\nInpunt 5v<\/p>\n","protected":false},"excerpt":{"rendered":"<p>Descri\u00e7\u00e3o: \u2713 cabe\u00e7a de corte de a\u00e7o atualizado selecionada, afiada, e desobstruido, resist\u00eancia ao desgaste. \u2713 sistema de energia eficaz, motor de cobre de alta qualidade e velocidade, baixo ru\u00eddo. Modelo : Ncp-008 Tempo de carga 3h Pot\u00eancia: 5w Inpunt 5v<\/p>\n","protected":false},"featured_media":29550,"comment_status":"open","ping_status":"closed","template":"","meta":{"_bbp_topic_count":0,"_bbp_reply_count":0,"_bbp_total_topic_count":0,"_bbp_total_reply_count":0,"_bbp_voice_count":0,"_bbp_anonymous_reply_count":0,"_bbp_topic_count_hidden":0,"_bbp_reply_count_hidden":0,"_bbp_forum_subforum_count":0,"_joinchat":[]},"product_brand":[],"product_cat":[107],"product_tag":[],"class_list":{"0":"post-29549","1":"product","2":"type-product","3":"status-publish","4":"has-post-thumbnail","6":"product_cat-acessorios","8":"first","9":"instock","10":"taxable","11":"shipping-taxable","12":"purchasable","13":"product-type-simple"},"_links":{"self":[{"href":"https:\/\/www.saralinatacado.com.br\/loja\/wp-json\/wp\/v2\/product\/29549","targetHints":{"allow":["GET"]}}],"collection":[{"href":"https:\/\/www.saralinatacado.com.br\/loja\/wp-json\/wp\/v2\/product"}],"about":[{"href":"https:\/\/www.saralinatacado.com.br\/loja\/wp-json\/wp\/v2\/types\/product"}],"replies":[{"embeddable":true,"href":"https:\/\/www.saralinatacado.com.br\/loja\/wp-json\/wp\/v2\/comments?post=29549"}],"wp:featuredmedia":[{"embeddable":true,"href":"https:\/\/www.saralinatacado.com.br\/loja\/wp-json\/wp\/v2\/media\/29550"}],"wp:attachment":[{"href":"https:\/\/www.saralinatacado.com.br\/loja\/wp-json\/wp\/v2\/media?parent=29549"}],"wp:term":[{"taxonomy":"product_brand","embeddable":true,"href":"https:\/\/www.saralinatacado.com.br\/loja\/wp-json\/wp\/v2\/product_brand?post=29549"},{"taxonomy":"product_cat","embeddable":true,"href":"https:\/\/www.saralinatacado.com.br\/loja\/wp-json\/wp\/v2\/product_cat?post=29549"},{"taxonomy":"product_tag","embeddable":true,"href":"https:\/\/www.saralinatacado.com.br\/loja\/wp-json\/wp\/v2\/product_tag?post=29549"}],"curies":[{"name":"wp","href":"https:\/\/api.w.org\/{rel}","templated":true}]}}