{"id":29527,"date":"2023-10-07T14:12:20","date_gmt":"2023-10-07T14:12:20","guid":{"rendered":"https:\/\/www.saralinatacado.com.br\/loja\/?post_type=product&#038;p=29527"},"modified":"2023-10-07T14:12:20","modified_gmt":"2023-10-07T14:12:20","slug":"cabo-usb-tipo-c-25w-carregamento","status":"publish","type":"product","link":"https:\/\/www.saralinatacado.com.br\/loja\/produto\/cabo-usb-tipo-c-25w-carregamento\/","title":{"rendered":"Cabo usb tipo c 25w carregamento"},"content":{"rendered":"<h2 class=\"ui-pdp-description__title\">Descri\u00e7\u00e3o<\/h2>\n<p class=\"ui-pdp-description__content\">&#8211; SOBRE O PRODUTO:<br \/>\nEXCELENTE CUSTO BENEF\u00cdCIO.<\/p>\n<p>============================<\/p>\n<p>CARACTER\u00cdSTICAS:<\/p>\n<p>Pot\u00eancia: 25W<br \/>\nCor: Branco \/ Preto<br \/>\nConector: Tipo C<br \/>\nA embalagem pode variar de acordo com o lote<\/p>\n","protected":false},"excerpt":{"rendered":"<p>Descri\u00e7\u00e3o &#8211; SOBRE O PRODUTO: EXCELENTE CUSTO BENEF\u00cdCIO. ============================ CARACTER\u00cdSTICAS: Pot\u00eancia: 25W Cor: Branco \/ Preto Conector: Tipo C A embalagem pode variar de acordo com o lote<\/p>\n","protected":false},"featured_media":29528,"comment_status":"open","ping_status":"closed","template":"","meta":{"_bbp_topic_count":0,"_bbp_reply_count":0,"_bbp_total_topic_count":0,"_bbp_total_reply_count":0,"_bbp_voice_count":0,"_bbp_anonymous_reply_count":0,"_bbp_topic_count_hidden":0,"_bbp_reply_count_hidden":0,"_bbp_forum_subforum_count":0,"_joinchat":[]},"product_brand":[],"product_cat":[106],"product_tag":[],"class_list":{"0":"post-29527","1":"product","2":"type-product","3":"status-publish","4":"has-post-thumbnail","6":"product_cat-cabos","8":"first","9":"instock","10":"taxable","11":"shipping-taxable","12":"purchasable","13":"product-type-simple"},"_links":{"self":[{"href":"https:\/\/www.saralinatacado.com.br\/loja\/wp-json\/wp\/v2\/product\/29527","targetHints":{"allow":["GET"]}}],"collection":[{"href":"https:\/\/www.saralinatacado.com.br\/loja\/wp-json\/wp\/v2\/product"}],"about":[{"href":"https:\/\/www.saralinatacado.com.br\/loja\/wp-json\/wp\/v2\/types\/product"}],"replies":[{"embeddable":true,"href":"https:\/\/www.saralinatacado.com.br\/loja\/wp-json\/wp\/v2\/comments?post=29527"}],"wp:featuredmedia":[{"embeddable":true,"href":"https:\/\/www.saralinatacado.com.br\/loja\/wp-json\/wp\/v2\/media\/29528"}],"wp:attachment":[{"href":"https:\/\/www.saralinatacado.com.br\/loja\/wp-json\/wp\/v2\/media?parent=29527"}],"wp:term":[{"taxonomy":"product_brand","embeddable":true,"href":"https:\/\/www.saralinatacado.com.br\/loja\/wp-json\/wp\/v2\/product_brand?post=29527"},{"taxonomy":"product_cat","embeddable":true,"href":"https:\/\/www.saralinatacado.com.br\/loja\/wp-json\/wp\/v2\/product_cat?post=29527"},{"taxonomy":"product_tag","embeddable":true,"href":"https:\/\/www.saralinatacado.com.br\/loja\/wp-json\/wp\/v2\/product_tag?post=29527"}],"curies":[{"name":"wp","href":"https:\/\/api.w.org\/{rel}","templated":true}]}}

<h2 class="ui-pdp-description__title">Descrição</h2>
<p class="ui-pdp-description__content">&#8211; SOBRE O PRODUTO:<br />
EXCELENTE CUSTO BENEFÍCIO.</p>
<p>============================</p>
<p>CARACTERÍSTICAS:</p>
<p>Potência: 25W<br />
Cor: Branco / Preto<br />
Conector: Tipo C<br />
A embalagem pode variar de acordo com o lote</p>

<p>Descrição &#8211; SOBRE O PRODUTO: EXCELENTE CUSTO BENEFÍCIO. ============================ CARACTERÍSTICAS: Potência: 25W Cor: Branco / Preto Conector: Tipo C A embalagem pode variar de acordo com o lote</p>
