{"id":29523,"date":"2023-10-07T13:55:34","date_gmt":"2023-10-07T13:55:34","guid":{"rendered":"https:\/\/www.saralinatacado.com.br\/loja\/?post_type=product&#038;p=29523"},"modified":"2023-10-07T13:58:12","modified_gmt":"2023-10-07T13:58:12","slug":"cabo-de-dados-reforcado-type-c-lu-c","status":"publish","type":"product","link":"https:\/\/www.saralinatacado.com.br\/loja\/produto\/cabo-de-dados-reforcado-type-c-lu-c\/","title":{"rendered":"Cabo de dados Refor\u00e7ado &#8220;Iphone 5G&#8221; &#8211; LU-5"},"content":{"rendered":"<p>Especifica\u00e7\u00e3o<\/p>\n<p>Cabo : lu-5<br \/>\nPlugues: USB \/ Micro USB iphone<br \/>\nMaterial:nylon<br \/>\nComprimento: 1m<br \/>\nFun\u00e7\u00f5es: Carregamento \/ transfer\u00eancia de dados<\/p>\n<p>Carregamento r\u00e1pido e seguro-o fio de 2.4A eo cobre puroproporcionam um carregamento mais r\u00e1pido e seguro.<br \/>\nTran\u00e7a de Nylon- O cord\u00e3o el\u00e1stico foitran\u00e7ado por nylon forte e dur\u00e1vel.Alta elasticidade, resist\u00eancia \u00e0 flex\u00e3o e agrad\u00e1vel sensa\u00e7\u00e3o de toque.<\/p>\n","protected":false},"excerpt":{"rendered":"<p>Especifica\u00e7\u00e3o Cabo : lu-5 Plugues: USB \/ Micro USB iphone Material:nylon Comprimento: 1m Fun\u00e7\u00f5es: Carregamento \/ transfer\u00eancia de dados Carregamento r\u00e1pido e seguro-o fio de 2.4A eo cobre puroproporcionam um carregamento mais r\u00e1pido e seguro. Tran\u00e7a de Nylon- O cord\u00e3o el\u00e1stico foitran\u00e7ado por nylon forte e dur\u00e1vel.Alta elasticidade, resist\u00eancia \u00e0 flex\u00e3o e agrad\u00e1vel sensa\u00e7\u00e3o de [&hellip;]\n","protected":false},"featured_media":29519,"comment_status":"open","ping_status":"closed","template":"","meta":{"_bbp_topic_count":0,"_bbp_reply_count":0,"_bbp_total_topic_count":0,"_bbp_total_reply_count":0,"_bbp_voice_count":0,"_bbp_anonymous_reply_count":0,"_bbp_topic_count_hidden":0,"_bbp_reply_count_hidden":0,"_bbp_forum_subforum_count":0,"_joinchat":[]},"product_brand":[],"product_cat":[106],"product_tag":[],"class_list":{"0":"post-29523","1":"product","2":"type-product","3":"status-publish","4":"has-post-thumbnail","6":"product_cat-cabos","8":"first","9":"instock","10":"taxable","11":"shipping-taxable","12":"purchasable","13":"product-type-simple"},"_links":{"self":[{"href":"https:\/\/www.saralinatacado.com.br\/loja\/wp-json\/wp\/v2\/product\/29523","targetHints":{"allow":["GET"]}}],"collection":[{"href":"https:\/\/www.saralinatacado.com.br\/loja\/wp-json\/wp\/v2\/product"}],"about":[{"href":"https:\/\/www.saralinatacado.com.br\/loja\/wp-json\/wp\/v2\/types\/product"}],"replies":[{"embeddable":true,"href":"https:\/\/www.saralinatacado.com.br\/loja\/wp-json\/wp\/v2\/comments?post=29523"}],"wp:featuredmedia":[{"embeddable":true,"href":"https:\/\/www.saralinatacado.com.br\/loja\/wp-json\/wp\/v2\/media\/29519"}],"wp:attachment":[{"href":"https:\/\/www.saralinatacado.com.br\/loja\/wp-json\/wp\/v2\/media?parent=29523"}],"wp:term":[{"taxonomy":"product_brand","embeddable":true,"href":"https:\/\/www.saralinatacado.com.br\/loja\/wp-json\/wp\/v2\/product_brand?post=29523"},{"taxonomy":"product_cat","embeddable":true,"href":"https:\/\/www.saralinatacado.com.br\/loja\/wp-json\/wp\/v2\/product_cat?post=29523"},{"taxonomy":"product_tag","embeddable":true,"href":"https:\/\/www.saralinatacado.com.br\/loja\/wp-json\/wp\/v2\/product_tag?post=29523"}],"curies":[{"name":"wp","href":"https:\/\/api.w.org\/{rel}","templated":true}]}}

Cabo de dados Reforçado &#8220;Iphone 5G&#8221; &#8211; LU-5

<p>Especificação</p>
<p>Cabo : lu-5<br />
Plugues: USB / Micro USB iphone<br />
Material:nylon<br />
Comprimento: 1m<br />
Funções: Carregamento / transferência de dados</p>
<p>Carregamento rápido e seguro-o fio de 2.4A eo cobre puroproporcionam um carregamento mais rápido e seguro.<br />
Trança de Nylon- O cordão elástico foitrançado por nylon forte e durável.Alta elasticidade, resistência à flexão e agradável sensação de toque.</p>

<p>Especificação Cabo : lu-5 Plugues: USB / Micro USB iphone Material:nylon Comprimento: 1m Funções: Carregamento / transferência de dados Carregamento rápido e seguro-o fio de 2.4A eo cobre puroproporcionam um carregamento mais rápido e seguro. Trança de Nylon- O cordão elástico foitrançado por nylon forte e durável.Alta elasticidade, resistência à flexão e agradável sensação de [&hellip;]
