{"id":29509,"date":"2023-10-05T19:38:33","date_gmt":"2023-10-05T19:38:33","guid":{"rendered":"https:\/\/www.saralinatacado.com.br\/loja\/?post_type=product&#038;p=29509"},"modified":"2023-10-21T13:31:07","modified_gmt":"2023-10-21T13:31:07","slug":"maquina-aparador-p-cabelo-e-barba-recarregavel-xz-389c","status":"publish","type":"product","link":"https:\/\/www.saralinatacado.com.br\/loja\/produto\/maquina-aparador-p-cabelo-e-barba-recarregavel-xz-389c\/","title":{"rendered":"M\u00e1quina Aparador P\/ Cabelo E Barba Recarreg\u00e1vel Xz-389c"},"content":{"rendered":"<p>A m\u00e1quina pode ser usada para:<\/p>\n<p>&#8211; Cortar o cabelo<\/p>\n<p>&#8211; Fazer pezinho<\/p>\n<p>&#8211; Aparar a barba<\/p>\n<p>&#8211; Aparar os pelos do corpo em regi\u00f5es como: axilas, pernas, bra\u00e7os, peito, em todo o corpo.<\/p>\n<p>Caracter\u00edsticas:<\/p>\n<p>&#8211; Trava ajust\u00e1vel<\/p>\n<p>&#8211; L\u00e2mina de a\u00e7o inoxid\u00e1vel de longa dura\u00e7\u00e3o<\/p>\n<p>&#8211; \u00c9 poss\u00edvel ajustar, com o mesmo pente, em at\u00e9 6 posi\u00e7\u00f5es<\/p>\n<p>&#8211; Pente remov\u00edvel<\/p>\n<p>&#8211; F\u00e1cil limpeza<\/p>\n<p>&#8211; Formato leve e pr\u00e1tico, super f\u00e1cil de utilizar<\/p>\n<p>&#8211; Ideal para viagens ou dia a dia<\/p>\n<p>OBS: Para remover o pente, basta pressionar o bot\u00e3o lateral at\u00e9 solta-lo \ud83d\ude42<\/p>\n<p>&nbsp;<\/p>\n<p>Especifica\u00e7\u00f5es: &#8211;<\/p>\n<p>Voltagem: 110-220V (BIVOLT)<\/p>\n<p>&#8211; Bateria recarreg\u00e1vel interna (n\u00e3o utiliza pilha) Tamanho da caixa: 12,5cm x 4 cm x 20,5 cm (comprimento x largura x altura)<\/p>\n","protected":false},"excerpt":{"rendered":"<p>A m\u00e1quina pode ser usada para: &#8211; Cortar o cabelo &#8211; Fazer pezinho &#8211; Aparar a barba &#8211; Aparar os pelos do corpo em regi\u00f5es como: axilas, pernas, bra\u00e7os, peito, em todo o corpo. Caracter\u00edsticas: &#8211; Trava ajust\u00e1vel &#8211; L\u00e2mina de a\u00e7o inoxid\u00e1vel de longa dura\u00e7\u00e3o &#8211; \u00c9 poss\u00edvel ajustar, com o mesmo pente, em [&hellip;]\n","protected":false},"featured_media":29513,"comment_status":"open","ping_status":"closed","template":"","meta":{"_bbp_topic_count":0,"_bbp_reply_count":0,"_bbp_total_topic_count":0,"_bbp_total_reply_count":0,"_bbp_voice_count":0,"_bbp_anonymous_reply_count":0,"_bbp_topic_count_hidden":0,"_bbp_reply_count_hidden":0,"_bbp_forum_subforum_count":0,"_joinchat":[]},"product_brand":[],"product_cat":[107],"product_tag":[],"class_list":{"0":"post-29509","1":"product","2":"type-product","3":"status-publish","4":"has-post-thumbnail","6":"product_cat-acessorios","8":"first","9":"instock","10":"taxable","11":"shipping-taxable","12":"purchasable","13":"product-type-simple"},"_links":{"self":[{"href":"https:\/\/www.saralinatacado.com.br\/loja\/wp-json\/wp\/v2\/product\/29509","targetHints":{"allow":["GET"]}}],"collection":[{"href":"https:\/\/www.saralinatacado.com.br\/loja\/wp-json\/wp\/v2\/product"}],"about":[{"href":"https:\/\/www.saralinatacado.com.br\/loja\/wp-json\/wp\/v2\/types\/product"}],"replies":[{"embeddable":true,"href":"https:\/\/www.saralinatacado.com.br\/loja\/wp-json\/wp\/v2\/comments?post=29509"}],"wp:featuredmedia":[{"embeddable":true,"href":"https:\/\/www.saralinatacado.com.br\/loja\/wp-json\/wp\/v2\/media\/29513"}],"wp:attachment":[{"href":"https:\/\/www.saralinatacado.com.br\/loja\/wp-json\/wp\/v2\/media?parent=29509"}],"wp:term":[{"taxonomy":"product_brand","embeddable":true,"href":"https:\/\/www.saralinatacado.com.br\/loja\/wp-json\/wp\/v2\/product_brand?post=29509"},{"taxonomy":"product_cat","embeddable":true,"href":"https:\/\/www.saralinatacado.com.br\/loja\/wp-json\/wp\/v2\/product_cat?post=29509"},{"taxonomy":"product_tag","embeddable":true,"href":"https:\/\/www.saralinatacado.com.br\/loja\/wp-json\/wp\/v2\/product_tag?post=29509"}],"curies":[{"name":"wp","href":"https:\/\/api.w.org\/{rel}","templated":true}]}}

Máquina Aparador P/ Cabelo E Barba Recarregável Xz-389c

<p>A máquina pode ser usada para:</p>
<p>&#8211; Cortar o cabelo</p>
<p>&#8211; Fazer pezinho</p>
<p>&#8211; Aparar a barba</p>
<p>&#8211; Aparar os pelos do corpo em regiões como: axilas, pernas, braços, peito, em todo o corpo.</p>
<p>Características:</p>
<p>&#8211; Trava ajustável</p>
<p>&#8211; Lâmina de aço inoxidável de longa duração</p>
<p>&#8211; É possível ajustar, com o mesmo pente, em até 6 posições</p>
<p>&#8211; Pente removível</p>
<p>&#8211; Fácil limpeza</p>
<p>&#8211; Formato leve e prático, super fácil de utilizar</p>
<p>&#8211; Ideal para viagens ou dia a dia</p>
<p>OBS: Para remover o pente, basta pressionar o botão lateral até solta-lo 🙂</p>
<p>&nbsp;</p>
<p>Especificações: &#8211;</p>
<p>Voltagem: 110-220V (BIVOLT)</p>
<p>&#8211; Bateria recarregável interna (não utiliza pilha) Tamanho da caixa: 12,5cm x 4 cm x 20,5 cm (comprimento x largura x altura)</p>

<p>A máquina pode ser usada para: &#8211; Cortar o cabelo &#8211; Fazer pezinho &#8211; Aparar a barba &#8211; Aparar os pelos do corpo em regiões como: axilas, pernas, braços, peito, em todo o corpo. Características: &#8211; Trava ajustável &#8211; Lâmina de aço inoxidável de longa duração &#8211; É possível ajustar, com o mesmo pente, em [&hellip;]
