{"id":29501,"date":"2023-10-05T19:27:03","date_gmt":"2023-10-05T19:27:03","guid":{"rendered":"https:\/\/www.saralinatacado.com.br\/loja\/?post_type=product&#038;p=29501"},"modified":"2023-10-21T13:24:33","modified_gmt":"2023-10-21T13:24:33","slug":"maquina-de-cortar-cabelo-sem-fio-cortador-profissional","status":"publish","type":"product","link":"https:\/\/www.saralinatacado.com.br\/loja\/produto\/maquina-de-cortar-cabelo-sem-fio-cortador-profissional\/","title":{"rendered":"M\u00e1quina De Cortar Cabelo Sem Fio Cortador Profissional"},"content":{"rendered":"<blockquote><p>\nEsta m\u00e1quina \u00e9 da marca Kemei, uma marca muito promissora que vem fazendo produtos de \u00f3tima qualidade e com um pre\u00e7o justo focado no mercado brasileiro, ao adquirir este produto tenha certeza de ter feito um boa aquisi\u00e7\u00e3o. Esta m\u00e1quina possui qualidade e mais funcionalidades que muitas outras de marcas conhecidas, que custam o dobro, ou tr\u00eas vezes mais.<\/p>\n<p>&#8211; Acompanha 4 pentes guia tamanhos 3mm\/6mm\/10mm\/13mm, para voc\u00ea j\u00e1 receber e come\u00e7ar a praticar seus cortes !<br \/>\n&#8211; Totalmente recarreg\u00e1vel em rede el\u00e9trica 110 ou 220v, acompanha a fonte.<br \/>\n&#8211; 1:30 Hora de carga para 1 hora de uso.<br \/>\n&#8211; Pot\u00eancia: 9W<br \/>\n&#8211; Frequ\u00eancia: 50\/60Hz<\/p>\n<p>Itens inclusos:<br \/>\n&#8211; 1 M\u00e1quina KM-2600<br \/>\n&#8211; 1 Fonte 110\/220v<br \/>\n&#8211; 6 Pentes Guia<br \/>\n&#8211; 1 \u00d3leo Lubrificante<br \/>\n&#8211; 1 Escova para Limpeza\n<\/p><\/blockquote>\n","protected":false},"excerpt":{"rendered":"<p>Esta m\u00e1quina \u00e9 da marca Kemei, uma marca muito promissora que vem fazendo produtos de \u00f3tima qualidade e com um pre\u00e7o justo focado no mercado brasileiro, ao adquirir este produto tenha certeza de ter feito um boa aquisi\u00e7\u00e3o. Esta m\u00e1quina possui qualidade e mais funcionalidades que muitas outras de marcas conhecidas, que custam o dobro, [&hellip;]\n","protected":false},"featured_media":29503,"comment_status":"open","ping_status":"closed","template":"","meta":{"_bbp_topic_count":0,"_bbp_reply_count":0,"_bbp_total_topic_count":0,"_bbp_total_reply_count":0,"_bbp_voice_count":0,"_bbp_anonymous_reply_count":0,"_bbp_topic_count_hidden":0,"_bbp_reply_count_hidden":0,"_bbp_forum_subforum_count":0,"_joinchat":[]},"product_brand":[],"product_cat":[107],"product_tag":[],"class_list":{"0":"post-29501","1":"product","2":"type-product","3":"status-publish","4":"has-post-thumbnail","6":"product_cat-acessorios","8":"first","9":"instock","10":"taxable","11":"shipping-taxable","12":"purchasable","13":"product-type-simple"},"_links":{"self":[{"href":"https:\/\/www.saralinatacado.com.br\/loja\/wp-json\/wp\/v2\/product\/29501","targetHints":{"allow":["GET"]}}],"collection":[{"href":"https:\/\/www.saralinatacado.com.br\/loja\/wp-json\/wp\/v2\/product"}],"about":[{"href":"https:\/\/www.saralinatacado.com.br\/loja\/wp-json\/wp\/v2\/types\/product"}],"replies":[{"embeddable":true,"href":"https:\/\/www.saralinatacado.com.br\/loja\/wp-json\/wp\/v2\/comments?post=29501"}],"wp:featuredmedia":[{"embeddable":true,"href":"https:\/\/www.saralinatacado.com.br\/loja\/wp-json\/wp\/v2\/media\/29503"}],"wp:attachment":[{"href":"https:\/\/www.saralinatacado.com.br\/loja\/wp-json\/wp\/v2\/media?parent=29501"}],"wp:term":[{"taxonomy":"product_brand","embeddable":true,"href":"https:\/\/www.saralinatacado.com.br\/loja\/wp-json\/wp\/v2\/product_brand?post=29501"},{"taxonomy":"product_cat","embeddable":true,"href":"https:\/\/www.saralinatacado.com.br\/loja\/wp-json\/wp\/v2\/product_cat?post=29501"},{"taxonomy":"product_tag","embeddable":true,"href":"https:\/\/www.saralinatacado.com.br\/loja\/wp-json\/wp\/v2\/product_tag?post=29501"}],"curies":[{"name":"wp","href":"https:\/\/api.w.org\/{rel}","templated":true}]}}

Máquina De Cortar Cabelo Sem Fio Cortador Profissional

<blockquote><p>
Esta máquina é da marca Kemei, uma marca muito promissora que vem fazendo produtos de ótima qualidade e com um preço justo focado no mercado brasileiro, ao adquirir este produto tenha certeza de ter feito um boa aquisição. Esta máquina possui qualidade e mais funcionalidades que muitas outras de marcas conhecidas, que custam o dobro, ou três vezes mais.</p>
<p>&#8211; Acompanha 4 pentes guia tamanhos 3mm/6mm/10mm/13mm, para você já receber e começar a praticar seus cortes !<br />
&#8211; Totalmente recarregável em rede elétrica 110 ou 220v, acompanha a fonte.<br />
&#8211; 1:30 Hora de carga para 1 hora de uso.<br />
&#8211; Potência: 9W<br />
&#8211; Frequência: 50/60Hz</p>
<p>Itens inclusos:<br />
&#8211; 1 Máquina KM-2600<br />
&#8211; 1 Fonte 110/220v<br />
&#8211; 6 Pentes Guia<br />
&#8211; 1 Óleo Lubrificante<br />
&#8211; 1 Escova para Limpeza
</p></blockquote>

<p>Esta máquina é da marca Kemei, uma marca muito promissora que vem fazendo produtos de ótima qualidade e com um preço justo focado no mercado brasileiro, ao adquirir este produto tenha certeza de ter feito um boa aquisição. Esta máquina possui qualidade e mais funcionalidades que muitas outras de marcas conhecidas, que custam o dobro, [&hellip;]
