{"id":29498,"date":"2023-10-05T19:23:14","date_gmt":"2023-10-05T19:23:14","guid":{"rendered":"https:\/\/www.saralinatacado.com.br\/loja\/?post_type=product&#038;p=29498"},"modified":"2023-10-21T13:24:55","modified_gmt":"2023-10-21T13:24:55","slug":"cortador-de-cabelo-werhl-8590-prata-dourada-110v-240v","status":"publish","type":"product","link":"https:\/\/www.saralinatacado.com.br\/loja\/produto\/cortador-de-cabelo-werhl-8590-prata-dourada-110v-240v\/","title":{"rendered":"Cortador de cabelo WERHL 8590 prata\/dourada  110V\/240V"},"content":{"rendered":"<h2 class=\"ui-pdp-description__title\">Descri\u00e7\u00e3o<\/h2>\n<p class=\"ui-pdp-description__content\">Com a cortador de cabelo da werhl aproveitar um produto de qualidade, com resultados est\u00e9ticos excelentes, \u00e9 poss\u00edvel. Gra\u00e7as \u00e0s suas funcionalidades, voc\u00ea pode exibir a apar\u00eancia que mais gosta.<br \/>\n110v\/220<\/p>\n<p class=\"ui-pdp-description__content\">5v<\/p>\n<p class=\"ui-pdp-description__content\">cabo usb<\/p>\n<p class=\"ui-pdp-description__content\">\nCorte r\u00e1pido e preciso<br \/>\nN\u00e3o perca tempo! Obtenha um acabamento perfeito em poucos minutos. Ao realizar movimentos laterais, as l\u00e2minas do seu barbeador deixam a sua barba ou seu pelo com um comprimento ideal, conseguindo um corte mais preciso.<\/p>\n","protected":false},"excerpt":{"rendered":"<p>Descri\u00e7\u00e3o Com a cortador de cabelo da werhl aproveitar um produto de qualidade, com resultados est\u00e9ticos excelentes, \u00e9 poss\u00edvel. Gra\u00e7as \u00e0s suas funcionalidades, voc\u00ea pode exibir a apar\u00eancia que mais gosta. 110v\/220 5v cabo usb Corte r\u00e1pido e preciso N\u00e3o perca tempo! Obtenha um acabamento perfeito em poucos minutos. Ao realizar movimentos laterais, as l\u00e2minas [&hellip;]\n","protected":false},"featured_media":29499,"comment_status":"open","ping_status":"closed","template":"","meta":{"_bbp_topic_count":0,"_bbp_reply_count":0,"_bbp_total_topic_count":0,"_bbp_total_reply_count":0,"_bbp_voice_count":0,"_bbp_anonymous_reply_count":0,"_bbp_topic_count_hidden":0,"_bbp_reply_count_hidden":0,"_bbp_forum_subforum_count":0,"_joinchat":[]},"product_brand":[],"product_cat":[107],"product_tag":[],"class_list":{"0":"post-29498","1":"product","2":"type-product","3":"status-publish","4":"has-post-thumbnail","6":"product_cat-acessorios","8":"first","9":"instock","10":"taxable","11":"shipping-taxable","12":"purchasable","13":"product-type-simple"},"_links":{"self":[{"href":"https:\/\/www.saralinatacado.com.br\/loja\/wp-json\/wp\/v2\/product\/29498","targetHints":{"allow":["GET"]}}],"collection":[{"href":"https:\/\/www.saralinatacado.com.br\/loja\/wp-json\/wp\/v2\/product"}],"about":[{"href":"https:\/\/www.saralinatacado.com.br\/loja\/wp-json\/wp\/v2\/types\/product"}],"replies":[{"embeddable":true,"href":"https:\/\/www.saralinatacado.com.br\/loja\/wp-json\/wp\/v2\/comments?post=29498"}],"wp:featuredmedia":[{"embeddable":true,"href":"https:\/\/www.saralinatacado.com.br\/loja\/wp-json\/wp\/v2\/media\/29499"}],"wp:attachment":[{"href":"https:\/\/www.saralinatacado.com.br\/loja\/wp-json\/wp\/v2\/media?parent=29498"}],"wp:term":[{"taxonomy":"product_brand","embeddable":true,"href":"https:\/\/www.saralinatacado.com.br\/loja\/wp-json\/wp\/v2\/product_brand?post=29498"},{"taxonomy":"product_cat","embeddable":true,"href":"https:\/\/www.saralinatacado.com.br\/loja\/wp-json\/wp\/v2\/product_cat?post=29498"},{"taxonomy":"product_tag","embeddable":true,"href":"https:\/\/www.saralinatacado.com.br\/loja\/wp-json\/wp\/v2\/product_tag?post=29498"}],"curies":[{"name":"wp","href":"https:\/\/api.w.org\/{rel}","templated":true}]}}

<h2 class="ui-pdp-description__title">Descrição</h2>
<p class="ui-pdp-description__content">Com a cortador de cabelo da werhl aproveitar um produto de qualidade, com resultados estéticos excelentes, é possível. Graças às suas funcionalidades, você pode exibir a aparência que mais gosta.<br />
110v/220</p>
<p class="ui-pdp-description__content">5v</p>
<p class="ui-pdp-description__content">cabo usb</p>
<p class="ui-pdp-description__content">
Corte rápido e preciso<br />
Não perca tempo! Obtenha um acabamento perfeito em poucos minutos. Ao realizar movimentos laterais, as lâminas do seu barbeador deixam a sua barba ou seu pelo com um comprimento ideal, conseguindo um corte mais preciso.</p>

<p>Descrição Com a cortador de cabelo da werhl aproveitar um produto de qualidade, com resultados estéticos excelentes, é possível. Graças às suas funcionalidades, você pode exibir a aparência que mais gosta. 110v/220 5v cabo usb Corte rápido e preciso Não perca tempo! Obtenha um acabamento perfeito em poucos minutos. Ao realizar movimentos laterais, as lâminas [&hellip;]
