{"id":29492,"date":"2023-10-05T18:25:53","date_gmt":"2023-10-05T18:25:53","guid":{"rendered":"https:\/\/www.saralinatacado.com.br\/loja\/?post_type=product&#038;p=29492"},"modified":"2023-10-21T13:25:07","modified_gmt":"2023-10-21T13:25:07","slug":"maquina-de-cortar-cabelo-e-barba-werhl-8591-sem-fio","status":"publish","type":"product","link":"https:\/\/www.saralinatacado.com.br\/loja\/produto\/maquina-de-cortar-cabelo-e-barba-werhl-8591-sem-fio\/","title":{"rendered":"Maquina De Cortar Cabelo e Barba Werhl 8591 Sem Fio."},"content":{"rendered":"<p><em>Werhl 8591 Profissional M\u00e1quina de corte profissional recarreg\u00e1vel Bateria de \u00edons de l\u00edtio de alta efici\u00eancia e durabilidade, recarreg\u00e1vel e sem efeito mem\u00f3ria Opera sem fio, com autonomia de at\u00e9 90 minutos de corte cont\u00ednuo, Recarga total em 120 minutos Leve para garantir mais conforto no manuseio, seu design sem fio permite a mesma qualidade de corte de uma m\u00e1quina Wahl com cabo Conjunto de l\u00e2minas cromadas de alta precis\u00e3o Alavanca que permite ajustar a altura sem trocar as l\u00e2minas. <\/em><\/p>\n<p><em>&#8211; Motor Vibrat\u00f3rio profissional V9000, Tecnologia, Durabilidade e Vida \u00datil Longa <\/em><\/p>\n<p><em>&#8211; Projetado para todos os Cortes <\/em><\/p>\n<p><em>&#8211; Laminas com Fio Ideal Para uso Continuo <\/em><\/p>\n<p><em>&#8211; A Prova de Ferrugem <\/em><\/p>\n<p><em>&#8211; Alta Precis\u00e3o Profissional<\/em><\/p>\n<p><em> &#8211; Alavanca para regular as Laminas, Possibilitando efeitos perfeitos e sem falhas Contem 1 maquina Werhl Original com Nota 1Lamina super taper 40cm (ja instalada na maquina0 4 pentes de altura ( pente 1,2,3,4 ) 1 pente de pentear <\/em><\/p>\n<p><em>&#8211; Profissional 1 carregador 1 \u00f3leo 1 escovinha de limpeza 1 encaixe de plastico protetor da lamina <\/em><\/p>\n<p><em>&#8211; Vermelho 1 maquina nova para acabamento mais pente regulado. Nova NHC 3915<\/em><\/p>\n","protected":false},"excerpt":{"rendered":"<p>Werhl 8591 Profissional M\u00e1quina de corte profissional recarreg\u00e1vel Bateria de \u00edons de l\u00edtio de alta efici\u00eancia e durabilidade, recarreg\u00e1vel e sem efeito mem\u00f3ria Opera sem fio, com autonomia de at\u00e9 90 minutos de corte cont\u00ednuo, Recarga total em 120 minutos Leve para garantir mais conforto no manuseio, seu design sem fio permite a mesma qualidade [&hellip;]\n","protected":false},"featured_media":29495,"comment_status":"open","ping_status":"closed","template":"","meta":{"_bbp_topic_count":0,"_bbp_reply_count":0,"_bbp_total_topic_count":0,"_bbp_total_reply_count":0,"_bbp_voice_count":0,"_bbp_anonymous_reply_count":0,"_bbp_topic_count_hidden":0,"_bbp_reply_count_hidden":0,"_bbp_forum_subforum_count":0,"_joinchat":[]},"product_brand":[],"product_cat":[107],"product_tag":[],"class_list":{"0":"post-29492","1":"product","2":"type-product","3":"status-publish","4":"has-post-thumbnail","6":"product_cat-acessorios","8":"first","9":"instock","10":"taxable","11":"shipping-taxable","12":"purchasable","13":"product-type-simple"},"_links":{"self":[{"href":"https:\/\/www.saralinatacado.com.br\/loja\/wp-json\/wp\/v2\/product\/29492","targetHints":{"allow":["GET"]}}],"collection":[{"href":"https:\/\/www.saralinatacado.com.br\/loja\/wp-json\/wp\/v2\/product"}],"about":[{"href":"https:\/\/www.saralinatacado.com.br\/loja\/wp-json\/wp\/v2\/types\/product"}],"replies":[{"embeddable":true,"href":"https:\/\/www.saralinatacado.com.br\/loja\/wp-json\/wp\/v2\/comments?post=29492"}],"wp:featuredmedia":[{"embeddable":true,"href":"https:\/\/www.saralinatacado.com.br\/loja\/wp-json\/wp\/v2\/media\/29495"}],"wp:attachment":[{"href":"https:\/\/www.saralinatacado.com.br\/loja\/wp-json\/wp\/v2\/media?parent=29492"}],"wp:term":[{"taxonomy":"product_brand","embeddable":true,"href":"https:\/\/www.saralinatacado.com.br\/loja\/wp-json\/wp\/v2\/product_brand?post=29492"},{"taxonomy":"product_cat","embeddable":true,"href":"https:\/\/www.saralinatacado.com.br\/loja\/wp-json\/wp\/v2\/product_cat?post=29492"},{"taxonomy":"product_tag","embeddable":true,"href":"https:\/\/www.saralinatacado.com.br\/loja\/wp-json\/wp\/v2\/product_tag?post=29492"}],"curies":[{"name":"wp","href":"https:\/\/api.w.org\/{rel}","templated":true}]}}

<p><em>Werhl 8591 Profissional Máquina de corte profissional recarregável Bateria de íons de lítio de alta eficiência e durabilidade, recarregável e sem efeito memória Opera sem fio, com autonomia de até 90 minutos de corte contínuo, Recarga total em 120 minutos Leve para garantir mais conforto no manuseio, seu design sem fio permite a mesma qualidade de corte de uma máquina Wahl com cabo Conjunto de lâminas cromadas de alta precisão Alavanca que permite ajustar a altura sem trocar as lâminas. </em></p>
<p><em>&#8211; Motor Vibratório profissional V9000, Tecnologia, Durabilidade e Vida Útil Longa </em></p>
<p><em>&#8211; Projetado para todos os Cortes </em></p>
<p><em>&#8211; Laminas com Fio Ideal Para uso Continuo </em></p>
<p><em>&#8211; A Prova de Ferrugem </em></p>
<p><em>&#8211; Alta Precisão Profissional</em></p>
<p><em> &#8211; Alavanca para regular as Laminas, Possibilitando efeitos perfeitos e sem falhas Contem 1 maquina Werhl Original com Nota 1Lamina super taper 40cm (ja instalada na maquina0 4 pentes de altura ( pente 1,2,3,4 ) 1 pente de pentear </em></p>
<p><em>&#8211; Profissional 1 carregador 1 óleo 1 escovinha de limpeza 1 encaixe de plastico protetor da lamina </em></p>
<p><em>&#8211; Vermelho 1 maquina nova para acabamento mais pente regulado. Nova NHC 3915</em></p>

<p>Werhl 8591 Profissional Máquina de corte profissional recarregável Bateria de íons de lítio de alta eficiência e durabilidade, recarregável e sem efeito memória Opera sem fio, com autonomia de até 90 minutos de corte contínuo, Recarga total em 120 minutos Leve para garantir mais conforto no manuseio, seu design sem fio permite a mesma qualidade [&hellip;]
