{"id":29478,"date":"2023-10-03T18:31:58","date_gmt":"2023-10-03T18:31:58","guid":{"rendered":"https:\/\/www.saralinatacado.com.br\/loja\/?post_type=product&#038;p=29478"},"modified":"2023-10-03T18:31:58","modified_gmt":"2023-10-03T18:31:58","slug":"teclado-retroiluminado-gamer-multimidia-3-cores-b-max","status":"publish","type":"product","link":"https:\/\/www.saralinatacado.com.br\/loja\/produto\/teclado-retroiluminado-gamer-multimidia-3-cores-b-max\/","title":{"rendered":"Teclado Retroiluminado Gamer Multim\u00eddia 3 Cores &#8211; B-MAX"},"content":{"rendered":"<p><span class=\"sc-kpDqfm qhIEo\" data-testid=\"product-detail-title\">Teclado Retroiluminado Gamer Multim\u00eddia 3 Cores<\/span><\/p>\n<div class=\"sc-fqkvVR heuZyN sc-dnvZjJ dtJjfe\" data-testid=\"product-detail-description\">\n<div class=\"sc-fqkvVR hlqElk sc-jcdlHQ cxsdMT\" data-testid=\"rich-content-container\">\n<p>DESCRI\u00c7\u00c3O DO PRODUTO: TECLADO GAMER MULTIM\u00cdDIA USB LUMINOSO 3 CORES BM-T03 O teclado BM-T03 \u00e9 indicado para jogadores que apreciam design aliado \u00e0 praticidade. O seu estilo arrojado e ao mesmo tempo robusto faz com que o jogador tenha um equipamento \u00e0 altura dos desafios que ir\u00e1 encontrar em seus jogos. O teclado tem o peso necess\u00e1rio para que durante o jogo ele n\u00e3o se mova involuntariamente. O seu tamanho tamb\u00e9m garante que o jogador possa usar ambas as m\u00e3os, se for o caso, e ainda assim, consiga executar os comandos de teclado tranquilamente. Ele possui pontas de drenagem que evitam danos ocasionados por l\u00edquidos. As teclas arredondadas slim aumentam o conforto durante o uso, sendo que as Q, W, E, A, S, D, Z, X, C, V, possuem formatos espec\u00edficos para uso em jogos. O cabo \u00e9 feito em material muito resistente e garante uma conectividade segura entre computador e teclado. A ilumina\u00e7\u00e3o do teclado BM-T03 \u00e9 um espet\u00e1culo, pois est\u00e1 nas teclas, nas laterais, e nas bordas superiores e inferiores. Em ambientes escuros o teclado garante a visibilidade e proporciona uma linda combina\u00e7\u00e3o de cores. S\u00e3o 3 op\u00e7\u00f5es de cores \u00e0 sua escolha.<\/p>\n<p>ESPECIFICA\u00c7\u00d5ES:<\/p>\n<p>&#8211; Design arrojado<\/p>\n<p>&#8211; Padr\u00e3o brasileiro ABNT2 com &#8220;&#8221;\u00c7&#8221;&#8221;<\/p>\n<p>&#8211; Conex\u00e3o: via cabo USB<\/p>\n<p>&#8211; Cabo Usb com 1,50 metros de comprimento<\/p>\n<p>&#8211; Compat\u00edvel com Windows XP, Vista, 7, 8 e 10<\/p>\n<p>&#8211; 10 teclas de atalhos para acesso multim\u00eddia<\/p>\n<p>&#8211; Ilumina\u00e7\u00e3o por LEDs de 3 cores ajust\u00e1veis por comando FN + SL<\/p>\n<p>&#8211; LEDs em azul, vermelho e lil\u00e1s &#8211; Apoio para os pulsos para maior conforto durante os jogos<\/p>\n<p>&#8211; Excelente desempenho para utiliza\u00e7\u00e3o em jogos e no dia a dia<\/p>\n<p>&#8211; Possui pontos de drenagem para prote\u00e7\u00e3o contra l\u00edquidos<\/p>\n<p>&#8211; Dimens\u00f5es:490 X 189 X 28 MM<\/p>\n<p>&#8211; Vida \u00fatil: 10 million vezes &#8211; Tens\u00e3o: 5v \/ DC+- 0.5V<\/p>\n<p>&#8211; Corrente eletrica:&lt;350mA Itens inclusos: 1 x Teclado Gamer Com Fio B-MAX BM-T17<\/p>\n<\/div>\n<\/div>\n","protected":false},"excerpt":{"rendered":"<p>Teclado Retroiluminado Gamer Multim\u00eddia 3 Cores DESCRI\u00c7\u00c3O DO PRODUTO: TECLADO GAMER MULTIM\u00cdDIA USB LUMINOSO 3 CORES BM-T03 O teclado BM-T03 \u00e9 indicado para jogadores que apreciam design aliado \u00e0 praticidade. O seu estilo arrojado e ao mesmo tempo robusto faz com que o jogador tenha um equipamento \u00e0 altura dos desafios que ir\u00e1 encontrar em [&hellip;]\n","protected":false},"featured_media":29481,"comment_status":"open","ping_status":"closed","template":"","meta":{"_bbp_topic_count":0,"_bbp_reply_count":0,"_bbp_total_topic_count":0,"_bbp_total_reply_count":0,"_bbp_voice_count":0,"_bbp_anonymous_reply_count":0,"_bbp_topic_count_hidden":0,"_bbp_reply_count_hidden":0,"_bbp_forum_subforum_count":0,"_joinchat":[]},"product_brand":[],"product_cat":[174,109],"product_tag":[],"class_list":{"0":"post-29478","1":"product","2":"type-product","3":"status-publish","4":"has-post-thumbnail","6":"product_cat-game","7":"product_cat-teclado","9":"first","10":"instock","11":"taxable","12":"shipping-taxable","13":"purchasable","14":"product-type-simple"},"_links":{"self":[{"href":"https:\/\/www.saralinatacado.com.br\/loja\/wp-json\/wp\/v2\/product\/29478","targetHints":{"allow":["GET"]}}],"collection":[{"href":"https:\/\/www.saralinatacado.com.br\/loja\/wp-json\/wp\/v2\/product"}],"about":[{"href":"https:\/\/www.saralinatacado.com.br\/loja\/wp-json\/wp\/v2\/types\/product"}],"replies":[{"embeddable":true,"href":"https:\/\/www.saralinatacado.com.br\/loja\/wp-json\/wp\/v2\/comments?post=29478"}],"wp:featuredmedia":[{"embeddable":true,"href":"https:\/\/www.saralinatacado.com.br\/loja\/wp-json\/wp\/v2\/media\/29481"}],"wp:attachment":[{"href":"https:\/\/www.saralinatacado.com.br\/loja\/wp-json\/wp\/v2\/media?parent=29478"}],"wp:term":[{"taxonomy":"product_brand","embeddable":true,"href":"https:\/\/www.saralinatacado.com.br\/loja\/wp-json\/wp\/v2\/product_brand?post=29478"},{"taxonomy":"product_cat","embeddable":true,"href":"https:\/\/www.saralinatacado.com.br\/loja\/wp-json\/wp\/v2\/product_cat?post=29478"},{"taxonomy":"product_tag","embeddable":true,"href":"https:\/\/www.saralinatacado.com.br\/loja\/wp-json\/wp\/v2\/product_tag?post=29478"}],"curies":[{"name":"wp","href":"https:\/\/api.w.org\/{rel}","templated":true}]}}