{"id":29474,"date":"2023-10-03T18:23:25","date_gmt":"2023-10-03T18:23:25","guid":{"rendered":"https:\/\/www.saralinatacado.com.br\/loja\/?post_type=product&#038;p=29474"},"modified":"2023-10-03T18:23:59","modified_gmt":"2023-10-03T18:23:59","slug":"teclado-gamer-multimidia-led-retroiluminacao-knup-kp-2036","status":"publish","type":"product","link":"https:\/\/www.saralinatacado.com.br\/loja\/produto\/teclado-gamer-multimidia-led-retroiluminacao-knup-kp-2036\/","title":{"rendered":"Teclado Gamer Mult\u00edmidia Led Retroilumina\u00e7\u00e3o Knup Kp-2036"},"content":{"rendered":"<p>Ilumina\u00e7\u00e3o RGB Inteligente:<\/p>\n<p>&#8211; Alta qualidade com excelente desempenho<br \/>\n&#8211; Retro ilumina\u00e7\u00e3o Led com ajuste de brilho<br \/>\n&#8211; Cabo de cobre revestido em borracha<br \/>\n&#8211; Keycaps de tamanho grande e confort\u00e1veis, suave acionamento para sua m\u00e1xima experi\u00eancia em games<br \/>\n&#8211; Imperme\u00e1vel e com design especial<br \/>\n&#8211; 107 teclas novo padr\u00e3o teclado gamer<br \/>\n&#8211; Conex\u00e3o USB<br \/>\n&#8211; Comprimento do cabo: 1.70 m<br \/>\n&#8211; Dimens\u00f5es: 47 x 21 x 3 mm (L X C X A)<br \/>\n&#8211; Compat\u00edvel com Windows 7\/8\/10<br \/>\n&#8211; Tecnologia Anti-Ghosting com 19 teclas de fun\u00e7\u00e3o simult\u00e2nea<\/p>\n","protected":false},"excerpt":{"rendered":"<p>Ilumina\u00e7\u00e3o RGB Inteligente: &#8211; Alta qualidade com excelente desempenho &#8211; Retro ilumina\u00e7\u00e3o Led com ajuste de brilho &#8211; Cabo de cobre revestido em borracha &#8211; Keycaps de tamanho grande e confort\u00e1veis, suave acionamento para sua m\u00e1xima experi\u00eancia em games &#8211; Imperme\u00e1vel e com design especial &#8211; 107 teclas novo padr\u00e3o teclado gamer &#8211; Conex\u00e3o USB [&hellip;]\n","protected":false},"featured_media":29475,"comment_status":"open","ping_status":"closed","template":"","meta":{"_bbp_topic_count":0,"_bbp_reply_count":0,"_bbp_total_topic_count":0,"_bbp_total_reply_count":0,"_bbp_voice_count":0,"_bbp_anonymous_reply_count":0,"_bbp_topic_count_hidden":0,"_bbp_reply_count_hidden":0,"_bbp_forum_subforum_count":0,"_joinchat":[]},"product_brand":[],"product_cat":[107,109],"product_tag":[],"class_list":{"0":"post-29474","1":"product","2":"type-product","3":"status-publish","4":"has-post-thumbnail","6":"product_cat-acessorios","7":"product_cat-teclado","9":"first","10":"instock","11":"taxable","12":"shipping-taxable","13":"purchasable","14":"product-type-simple"},"_links":{"self":[{"href":"https:\/\/www.saralinatacado.com.br\/loja\/wp-json\/wp\/v2\/product\/29474","targetHints":{"allow":["GET"]}}],"collection":[{"href":"https:\/\/www.saralinatacado.com.br\/loja\/wp-json\/wp\/v2\/product"}],"about":[{"href":"https:\/\/www.saralinatacado.com.br\/loja\/wp-json\/wp\/v2\/types\/product"}],"replies":[{"embeddable":true,"href":"https:\/\/www.saralinatacado.com.br\/loja\/wp-json\/wp\/v2\/comments?post=29474"}],"wp:featuredmedia":[{"embeddable":true,"href":"https:\/\/www.saralinatacado.com.br\/loja\/wp-json\/wp\/v2\/media\/29475"}],"wp:attachment":[{"href":"https:\/\/www.saralinatacado.com.br\/loja\/wp-json\/wp\/v2\/media?parent=29474"}],"wp:term":[{"taxonomy":"product_brand","embeddable":true,"href":"https:\/\/www.saralinatacado.com.br\/loja\/wp-json\/wp\/v2\/product_brand?post=29474"},{"taxonomy":"product_cat","embeddable":true,"href":"https:\/\/www.saralinatacado.com.br\/loja\/wp-json\/wp\/v2\/product_cat?post=29474"},{"taxonomy":"product_tag","embeddable":true,"href":"https:\/\/www.saralinatacado.com.br\/loja\/wp-json\/wp\/v2\/product_tag?post=29474"}],"curies":[{"name":"wp","href":"https:\/\/api.w.org\/{rel}","templated":true}]}}