{"id":29431,"date":"2023-10-03T17:06:27","date_gmt":"2023-10-03T17:06:27","guid":{"rendered":"https:\/\/www.saralinatacado.com.br\/loja\/?post_type=product&#038;p=29431"},"modified":"2023-10-03T17:06:27","modified_gmt":"2023-10-03T17:06:27","slug":"carregador-de-tomada-usb-c-18w-para-iphone-xr-xs-11-12-ipad-pro-max","status":"publish","type":"product","link":"https:\/\/www.saralinatacado.com.br\/loja\/produto\/carregador-de-tomada-usb-c-18w-para-iphone-xr-xs-11-12-ipad-pro-max\/","title":{"rendered":"Carregador de Tomada USB-C 18W para iPhone XR Xs 11 12 iPad Pro Max"},"content":{"rendered":"<p>Carregador Fonte para iPhone 18W. Com design ultracompacto, produto no padr\u00e3o brasileiro de tomada. Ele permite carregar seu dispositivo de forma r\u00e1pida e eficiente, fonte bivolt 110v e 220v.<\/p>\n<p>Funciona com qualquer modelo de iPhone, iPad ou iPod com conex\u00e3o lightning.<\/p>\n<p><strong>Especifica\u00e7\u00f5es T\u00e9cnicas<\/strong><br \/>\n&#8211;\u00a0Cor: Branco<br \/>\n&#8211;\u00a0Output saida: 18W<br \/>\n&#8211;\u00a0Embalagem: Com Caixa<br \/>\n&#8211;\u00a0Input: 100-240 &#8211; 50\/60 Hz<\/p>\n<p><strong>Compatibiidade<\/strong><br \/>\n&#8211;\u00a0iPhone 12<br \/>\n&#8211;\u00a0iPhone 12 Pro<br \/>\n&#8211;\u00a0iPhone 12 Pro Max<br \/>\n&#8211;\u00a0iPhone 12 Mini<br \/>\n&#8211;\u00a0iPhone 11 Pro Max<br \/>\n&#8211;\u00a0iPhone 11<br \/>\n&#8211;\u00a0iPhone XS<br \/>\n&#8211;\u00a0iPhone XS Max<br \/>\n&#8211;\u00a0iPhone XR<br \/>\n&#8211;\u00a0iPhone X<br \/>\n&#8211;\u00a0iPhone 8<br \/>\n&#8211;\u00a0iPhone 8 Plus<br \/>\n&#8211;\u00a0iPhone 7<br \/>\n&#8211;\u00a0iPhone 7 Plus<br \/>\n&#8211;\u00a0iPhone 6s<br \/>\n&#8211;\u00a0iPhone 6s Plus<br \/>\n&#8211;\u00a0iPhone 6<br \/>\n&#8211;\u00a0iPhone 6 Plus<br \/>\n&#8211;\u00a0iPhone SE<br \/>\n&#8211;\u00a0iPhone 5s<br \/>\n&#8211;\u00a0iPhone 5c<br \/>\n&#8211;\u00a0iPhone 5<\/p>\n<p><strong>Modelos de iPad<\/strong><br \/>\n&#8211;\u00a0iPad Air (3 gera\u00e7\u00e3o)<br \/>\n&#8211;\u00a0iPad mini (5 gera\u00e7\u00e3o)<br \/>\n&#8211;\u00a0iPad Pro de 11 polegadas<br \/>\n&#8211;\u00a0iPad Pro de 12,9 polegadas (3 gera\u00e7\u00e3o)<br \/>\n&#8211;\u00a0iPad Pro de 10,5 polegadas<br \/>\n&#8211;\u00a0iPad (7 gera\u00e7\u00e3o)<br \/>\n&#8211;\u00a0iPad (6 gera\u00e7\u00e3o)<br \/>\n&#8211;\u00a0iPad (5 gera\u00e7\u00e3o)<br \/>\n&#8211;\u00a0iPad Pro de 12,9 polegadas (2 gera\u00e7\u00e3o)<br \/>\n&#8211;\u00a0iPad Pro de 12,9 polegadas (1 gera\u00e7\u00e3o)<br \/>\n&#8211;\u00a0iPad Pro de 9,7 polegadas<br \/>\n&#8211;\u00a0iPad mini 4<br \/>\n&#8211;\u00a0iPad mini 3<br \/>\n&#8211;\u00a0iPad mini 2<br \/>\n&#8211;\u00a0iPad mini (1 gera\u00e7\u00e3o)<br \/>\n&#8211;\u00a0iPad Air 2<br \/>\n&#8211;\u00a0iPad Air (1 gera\u00e7\u00e3o)<\/p>\n","protected":false},"excerpt":{"rendered":"<p>Carregador Fonte para iPhone 18W. Com design ultracompacto, produto no padr\u00e3o brasileiro de tomada. Ele permite carregar seu dispositivo de forma r\u00e1pida e eficiente, fonte bivolt 110v e 220v. Funciona com qualquer modelo de iPhone, iPad ou iPod com conex\u00e3o lightning. Especifica\u00e7\u00f5es T\u00e9cnicas &#8211;\u00a0Cor: Branco &#8211;\u00a0Output saida: 18W &#8211;\u00a0Embalagem: Com Caixa &#8211;\u00a0Input: 100-240 &#8211; 50\/60 [&hellip;]\n","protected":false},"featured_media":29432,"comment_status":"open","ping_status":"closed","template":"","meta":{"_bbp_topic_count":0,"_bbp_reply_count":0,"_bbp_total_topic_count":0,"_bbp_total_reply_count":0,"_bbp_voice_count":0,"_bbp_anonymous_reply_count":0,"_bbp_topic_count_hidden":0,"_bbp_reply_count_hidden":0,"_bbp_forum_subforum_count":0,"_joinchat":[]},"product_brand":[],"product_cat":[100,208],"product_tag":[],"class_list":{"0":"post-29431","1":"product","2":"type-product","3":"status-publish","4":"has-post-thumbnail","6":"product_cat-alimentacao","7":"product_cat-carregadores","9":"first","10":"instock","11":"taxable","12":"shipping-taxable","13":"purchasable","14":"product-type-simple"},"_links":{"self":[{"href":"https:\/\/www.saralinatacado.com.br\/loja\/wp-json\/wp\/v2\/product\/29431","targetHints":{"allow":["GET"]}}],"collection":[{"href":"https:\/\/www.saralinatacado.com.br\/loja\/wp-json\/wp\/v2\/product"}],"about":[{"href":"https:\/\/www.saralinatacado.com.br\/loja\/wp-json\/wp\/v2\/types\/product"}],"replies":[{"embeddable":true,"href":"https:\/\/www.saralinatacado.com.br\/loja\/wp-json\/wp\/v2\/comments?post=29431"}],"wp:featuredmedia":[{"embeddable":true,"href":"https:\/\/www.saralinatacado.com.br\/loja\/wp-json\/wp\/v2\/media\/29432"}],"wp:attachment":[{"href":"https:\/\/www.saralinatacado.com.br\/loja\/wp-json\/wp\/v2\/media?parent=29431"}],"wp:term":[{"taxonomy":"product_brand","embeddable":true,"href":"https:\/\/www.saralinatacado.com.br\/loja\/wp-json\/wp\/v2\/product_brand?post=29431"},{"taxonomy":"product_cat","embeddable":true,"href":"https:\/\/www.saralinatacado.com.br\/loja\/wp-json\/wp\/v2\/product_cat?post=29431"},{"taxonomy":"product_tag","embeddable":true,"href":"https:\/\/www.saralinatacado.com.br\/loja\/wp-json\/wp\/v2\/product_tag?post=29431"}],"curies":[{"name":"wp","href":"https:\/\/api.w.org\/{rel}","templated":true}]}}

<p>Carregador Fonte para iPhone 18W. Com design ultracompacto, produto no padrão brasileiro de tomada. Ele permite carregar seu dispositivo de forma rápida e eficiente, fonte bivolt 110v e 220v.</p>
<p>Funciona com qualquer modelo de iPhone, iPad ou iPod com conexão lightning.</p>
<p><strong>Especificações Técnicas</strong><br />
&#8211; Cor: Branco<br />
&#8211; Output saida: 18W<br />
&#8211; Embalagem: Com Caixa<br />
&#8211; Input: 100-240 &#8211; 50/60 Hz</p>
<p><strong>Compatibiidade</strong><br />
&#8211; iPhone 12<br />
&#8211; iPhone 12 Pro<br />
&#8211; iPhone 12 Pro Max<br />
&#8211; iPhone 12 Mini<br />
&#8211; iPhone 11 Pro Max<br />
&#8211; iPhone 11<br />
&#8211; iPhone XS<br />
&#8211; iPhone XS Max<br />
&#8211; iPhone XR<br />
&#8211; iPhone X<br />
&#8211; iPhone 8<br />
&#8211; iPhone 8 Plus<br />
&#8211; iPhone 7<br />
&#8211; iPhone 7 Plus<br />
&#8211; iPhone 6s<br />
&#8211; iPhone 6s Plus<br />
&#8211; iPhone 6<br />
&#8211; iPhone 6 Plus<br />
&#8211; iPhone SE<br />
&#8211; iPhone 5s<br />
&#8211; iPhone 5c<br />
&#8211; iPhone 5</p>
<p><strong>Modelos de iPad</strong><br />
&#8211; iPad Air (3 geração)<br />
&#8211; iPad mini (5 geração)<br />
&#8211; iPad Pro de 11 polegadas<br />
&#8211; iPad Pro de 12,9 polegadas (3 geração)<br />
&#8211; iPad Pro de 10,5 polegadas<br />
&#8211; iPad (7 geração)<br />
&#8211; iPad (6 geração)<br />
&#8211; iPad (5 geração)<br />
&#8211; iPad Pro de 12,9 polegadas (2 geração)<br />
&#8211; iPad Pro de 12,9 polegadas (1 geração)<br />
&#8211; iPad Pro de 9,7 polegadas<br />
&#8211; iPad mini 4<br />
&#8211; iPad mini 3<br />
&#8211; iPad mini 2<br />
&#8211; iPad mini (1 geração)<br />
&#8211; iPad Air 2<br />
&#8211; iPad Air (1 geração)</p>

<p>Carregador Fonte para iPhone 18W. Com design ultracompacto, produto no padrão brasileiro de tomada. Ele permite carregar seu dispositivo de forma rápida e eficiente, fonte bivolt 110v e 220v. Funciona com qualquer modelo de iPhone, iPad ou iPod com conexão lightning. Especificações Técnicas &#8211; Cor: Branco &#8211; Output saida: 18W &#8211; Embalagem: Com Caixa &#8211; Input: 100-240 &#8211; 50/60 [&hellip;]
