{"id":29397,"date":"2023-09-30T14:30:14","date_gmt":"2023-09-30T14:30:14","guid":{"rendered":"https:\/\/www.saralinatacado.com.br\/loja\/?post_type=product&#038;p=29397"},"modified":"2023-09-30T14:30:14","modified_gmt":"2023-09-30T14:30:14","slug":"lampada-musical-caixa-de-som-bluetooth-led-rgb-com-controle","status":"publish","type":"product","link":"https:\/\/www.saralinatacado.com.br\/loja\/produto\/lampada-musical-caixa-de-som-bluetooth-led-rgb-com-controle\/","title":{"rendered":"Lampada Musical Caixa De Som Bluetooth Led Rgb Com Controle"},"content":{"rendered":"<p>&#8212; INFORMA\u00c7\u00d5ES T\u00c9CNICAS &#8212;<\/p>\n<p>-Cor (Produto): Branco;<br \/>\n-Conector\/Rosca: E27 \/ 27mm;<br \/>\n-Cor da Luz: 15 Cores + Branco;<br \/>\n-Voltagem: AC 100V ~ 240V (BIVOLT);<br \/>\n-Frequ\u00eancia: 50Hz ~ 60Hz;<br \/>\n-Pot\u00eancia: 12W;<br \/>\n-Pot\u00eancia do LED: 6W;<br \/>\n-Pot\u00eancia do Alto Falante: 3W;<br \/>\n-Resposta da Frequ\u00eancia: 135Hz ~15KHz;<br \/>\n-Conex\u00e3o via Bluetooth: F\u00e1cil Conex\u00e3o;<br \/>\n-Conector\/Bocal: E27;<br \/>\n-Configura\u00e7\u00e3o de Suporte: A2DP;<br \/>\n-Fun\u00e7\u00e3o Strobo: Mudan\u00e7a de Corespor Som;<br \/>\n-Fun\u00e7\u00e3o Smooth: Misturas das Cores Suavemente;<br \/>\n-Possui 24 Fun\u00e7\u00f5es no Controle Remoto;<br \/>\n-\u00c2ngulo de Abertura: 360\u00b0;<br \/>\n-Alta Economia de Energia;<br \/>\n-Baixa Emiss\u00e3o de Calor;<br \/>\n-Maior Efici\u00eancia Luminosa (L\u00famens\/Watts);<br \/>\n-N\u00e3o Emite Radia\u00e7\u00e3o Infravermelha;<br \/>\n-N\u00e3o Emite Radia\u00e7\u00e3o Ultravioleta;<br \/>\n-Descarte que n\u00e3o Prejudica o Meio Ambiente;<br \/>\n-Dimens\u00f5es (Controle): LxAxP (5 x 8,4 x 0,6) cm;<br \/>\n-Dimens\u00f5es (Produto): DxA (9,5 x 12) cm;<br \/>\n-Dimens\u00f5es (Embalagem): LxAxP (10 x 14 x 10) cm;<br \/>\n-Peso (Produto): 145g;<br \/>\n-Peso (Embalagem): 220g.<\/p>\n<p>&#8212; ITENS INCLUSOS &#8212;<\/p>\n<p>1 L\u00e2mpada Music Bulb LED 12W RGB E27<br \/>\n1 Controle Remoto (Bateria Inclusa)<\/p>\n","protected":false},"excerpt":{"rendered":"<p>&#8212; INFORMA\u00c7\u00d5ES T\u00c9CNICAS &#8212; -Cor (Produto): Branco; -Conector\/Rosca: E27 \/ 27mm; -Cor da Luz: 15 Cores + Branco; -Voltagem: AC 100V ~ 240V (BIVOLT); -Frequ\u00eancia: 50Hz ~ 60Hz; -Pot\u00eancia: 12W; -Pot\u00eancia do LED: 6W; -Pot\u00eancia do Alto Falante: 3W; -Resposta da Frequ\u00eancia: 135Hz ~15KHz; -Conex\u00e3o via Bluetooth: F\u00e1cil Conex\u00e3o; -Conector\/Bocal: E27; -Configura\u00e7\u00e3o de Suporte: A2DP; [&hellip;]\n","protected":false},"featured_media":29399,"comment_status":"open","ping_status":"closed","template":"","meta":{"_bbp_topic_count":0,"_bbp_reply_count":0,"_bbp_total_topic_count":0,"_bbp_total_reply_count":0,"_bbp_voice_count":0,"_bbp_anonymous_reply_count":0,"_bbp_topic_count_hidden":0,"_bbp_reply_count_hidden":0,"_bbp_forum_subforum_count":0,"_joinchat":[]},"product_brand":[],"product_cat":[102,164,101],"product_tag":[],"class_list":{"0":"post-29397","1":"product","2":"type-product","3":"status-publish","4":"has-post-thumbnail","6":"product_cat-caixa-de-som","7":"product_cat-led","8":"product_cat-radios","10":"first","11":"instock","12":"taxable","13":"shipping-taxable","14":"purchasable","15":"product-type-simple"},"_links":{"self":[{"href":"https:\/\/www.saralinatacado.com.br\/loja\/wp-json\/wp\/v2\/product\/29397","targetHints":{"allow":["GET"]}}],"collection":[{"href":"https:\/\/www.saralinatacado.com.br\/loja\/wp-json\/wp\/v2\/product"}],"about":[{"href":"https:\/\/www.saralinatacado.com.br\/loja\/wp-json\/wp\/v2\/types\/product"}],"replies":[{"embeddable":true,"href":"https:\/\/www.saralinatacado.com.br\/loja\/wp-json\/wp\/v2\/comments?post=29397"}],"wp:featuredmedia":[{"embeddable":true,"href":"https:\/\/www.saralinatacado.com.br\/loja\/wp-json\/wp\/v2\/media\/29399"}],"wp:attachment":[{"href":"https:\/\/www.saralinatacado.com.br\/loja\/wp-json\/wp\/v2\/media?parent=29397"}],"wp:term":[{"taxonomy":"product_brand","embeddable":true,"href":"https:\/\/www.saralinatacado.com.br\/loja\/wp-json\/wp\/v2\/product_brand?post=29397"},{"taxonomy":"product_cat","embeddable":true,"href":"https:\/\/www.saralinatacado.com.br\/loja\/wp-json\/wp\/v2\/product_cat?post=29397"},{"taxonomy":"product_tag","embeddable":true,"href":"https:\/\/www.saralinatacado.com.br\/loja\/wp-json\/wp\/v2\/product_tag?post=29397"}],"curies":[{"name":"wp","href":"https:\/\/api.w.org\/{rel}","templated":true}]}}