{"id":29375,"date":"2023-09-30T14:08:24","date_gmt":"2023-09-30T14:08:24","guid":{"rendered":"https:\/\/www.saralinatacado.com.br\/loja\/?post_type=product&#038;p=29375"},"modified":"2023-09-30T14:24:53","modified_gmt":"2023-09-30T14:24:53","slug":"fone-de-ouvido-original-samsung-galaxy-p2-portatil-headset","status":"publish","type":"product","link":"https:\/\/www.saralinatacado.com.br\/loja\/produto\/fone-de-ouvido-original-samsung-galaxy-p2-portatil-headset\/","title":{"rendered":"FONE DE OUVIDO ORIGINAL SAMSUNG GALAXY P2 PORT\u00c1TIL HEADSET"},"content":{"rendered":"<p>Fone de ouvido Samsung Galaxy Original com Microfone GH59-11129Q Branco.<\/p>\n<p>Compat\u00edvel a toda a linha Samsung de smartphones e tablets;<\/p>\n<p>Cor: Branco<br \/>\nTamanho: 1,2 m<br \/>\nTecnologia: GSM<br \/>\nProced\u00eancia: Original<br \/>\nDescri\u00e7\u00e3o: Entrada P2. Com tecla liga desliga e microfone.<\/p>\n<p>Proporciona uma \u00f3tima qualidade de \u00e1udio, em graves e\u00a0agudos, al\u00e9m \u00e9\u00a0claro de possuir uma \u00f3tima ergonomia, sin\u00f4nimo de conforto ao utilizar o\u00a0fone Samsung.<br \/>\nVoc\u00ea poder\u00e1 ouvir diretamente suas m\u00fasicas, r\u00e1dio FM, atender chamadas e etc.<\/p>\n","protected":false},"excerpt":{"rendered":"<p>Fone de ouvido Samsung Galaxy Original com Microfone GH59-11129Q Branco. Compat\u00edvel a toda a linha Samsung de smartphones e tablets; Cor: Branco Tamanho: 1,2 m Tecnologia: GSM Proced\u00eancia: Original Descri\u00e7\u00e3o: Entrada P2. Com tecla liga desliga e microfone. Proporciona uma \u00f3tima qualidade de \u00e1udio, em graves e\u00a0agudos, al\u00e9m \u00e9\u00a0claro de possuir uma \u00f3tima ergonomia, sin\u00f4nimo [&hellip;]\n","protected":false},"featured_media":29395,"comment_status":"open","ping_status":"closed","template":"","meta":{"_bbp_topic_count":0,"_bbp_reply_count":0,"_bbp_total_topic_count":0,"_bbp_total_reply_count":0,"_bbp_voice_count":0,"_bbp_anonymous_reply_count":0,"_bbp_topic_count_hidden":0,"_bbp_reply_count_hidden":0,"_bbp_forum_subforum_count":0,"_joinchat":[]},"product_brand":[],"product_cat":[107,210],"product_tag":[],"class_list":{"0":"post-29375","1":"product","2":"type-product","3":"status-publish","4":"has-post-thumbnail","6":"product_cat-acessorios","7":"product_cat-fones","9":"first","10":"instock","11":"taxable","12":"shipping-taxable","13":"purchasable","14":"product-type-simple"},"_links":{"self":[{"href":"https:\/\/www.saralinatacado.com.br\/loja\/wp-json\/wp\/v2\/product\/29375","targetHints":{"allow":["GET"]}}],"collection":[{"href":"https:\/\/www.saralinatacado.com.br\/loja\/wp-json\/wp\/v2\/product"}],"about":[{"href":"https:\/\/www.saralinatacado.com.br\/loja\/wp-json\/wp\/v2\/types\/product"}],"replies":[{"embeddable":true,"href":"https:\/\/www.saralinatacado.com.br\/loja\/wp-json\/wp\/v2\/comments?post=29375"}],"wp:featuredmedia":[{"embeddable":true,"href":"https:\/\/www.saralinatacado.com.br\/loja\/wp-json\/wp\/v2\/media\/29395"}],"wp:attachment":[{"href":"https:\/\/www.saralinatacado.com.br\/loja\/wp-json\/wp\/v2\/media?parent=29375"}],"wp:term":[{"taxonomy":"product_brand","embeddable":true,"href":"https:\/\/www.saralinatacado.com.br\/loja\/wp-json\/wp\/v2\/product_brand?post=29375"},{"taxonomy":"product_cat","embeddable":true,"href":"https:\/\/www.saralinatacado.com.br\/loja\/wp-json\/wp\/v2\/product_cat?post=29375"},{"taxonomy":"product_tag","embeddable":true,"href":"https:\/\/www.saralinatacado.com.br\/loja\/wp-json\/wp\/v2\/product_tag?post=29375"}],"curies":[{"name":"wp","href":"https:\/\/api.w.org\/{rel}","templated":true}]}}