{"id":29358,"date":"2023-09-30T13:37:02","date_gmt":"2023-09-30T13:37:02","guid":{"rendered":"https:\/\/www.saralinatacado.com.br\/loja\/?post_type=product&#038;p=29358"},"modified":"2023-09-30T13:37:02","modified_gmt":"2023-09-30T13:37:02","slug":"carregador-veicular-plug-acendedor","status":"publish","type":"product","link":"https:\/\/www.saralinatacado.com.br\/loja\/produto\/carregador-veicular-plug-acendedor\/","title":{"rendered":"Carregador Veicular Plug &#8220;Acendedor&#8221;"},"content":{"rendered":"<div class=\"descricao-titulo padrao-desc\"><strong>Descri\u00e7\u00e3o<\/strong><\/div>\n<div class=\"box-descricao\">\n<div class=\"span12\">\n<div id=\"smarthint-product-position1\"><\/div>\n<div id=\"blank-product-position1\"><\/div>\n<div class=\"abas-custom\">\n<div class=\"tab-content\">\n<div id=\"descricao\" class=\"tab-pane active\">\n<p>Carregue rapidamente at\u00e9 2 de seus aparelhos simultaneamente com maior facilidade usando o Carregador veicular para celulares. O carregador possui portas USB com tecnologia Qualcomm Quick Charge 3.0 que possibilita um carregamento mais r\u00e1pido e n\u00e3o prejudica a bateria.<\/p>\n<p>ESPECIFICA\u00c7\u00d5ES:<br \/>\n&#8211; 2 Portas USB;<br \/>\n&#8211; Conex\u00e3o do cabo: USB Tipo-C \/ Lightning para iPhones \/ Micro USB V8;<br \/>\n&#8211; Cor: Conforme disponibilidade em estoque;<br \/>\n&#8211; Fonte conector veicular 12V-24V;<br \/>\n&#8211; Correntes de sa\u00edda: 1.5A. 2.4A<\/p>\n<p>&#8212; N\u00c3O ACOMPANHA CABO<\/p>\n<\/div>\n<\/div>\n<\/div>\n<\/div>\n<\/div>\n","protected":false},"excerpt":{"rendered":"<p>Descri\u00e7\u00e3o Carregue rapidamente at\u00e9 2 de seus aparelhos simultaneamente com maior facilidade usando o Carregador veicular para celulares. O carregador possui portas USB com tecnologia Qualcomm Quick Charge 3.0 que possibilita um carregamento mais r\u00e1pido e n\u00e3o prejudica a bateria. ESPECIFICA\u00c7\u00d5ES: &#8211; 2 Portas USB; &#8211; Conex\u00e3o do cabo: USB Tipo-C \/ Lightning para iPhones [&hellip;]\n","protected":false},"featured_media":29360,"comment_status":"open","ping_status":"closed","template":"","meta":{"_bbp_topic_count":0,"_bbp_reply_count":0,"_bbp_total_topic_count":0,"_bbp_total_reply_count":0,"_bbp_voice_count":0,"_bbp_anonymous_reply_count":0,"_bbp_topic_count_hidden":0,"_bbp_reply_count_hidden":0,"_bbp_forum_subforum_count":0,"_joinchat":[]},"product_brand":[],"product_cat":[208],"product_tag":[],"class_list":{"0":"post-29358","1":"product","2":"type-product","3":"status-publish","4":"has-post-thumbnail","6":"product_cat-carregadores","8":"first","9":"instock","10":"taxable","11":"shipping-taxable","12":"purchasable","13":"product-type-simple"},"_links":{"self":[{"href":"https:\/\/www.saralinatacado.com.br\/loja\/wp-json\/wp\/v2\/product\/29358","targetHints":{"allow":["GET"]}}],"collection":[{"href":"https:\/\/www.saralinatacado.com.br\/loja\/wp-json\/wp\/v2\/product"}],"about":[{"href":"https:\/\/www.saralinatacado.com.br\/loja\/wp-json\/wp\/v2\/types\/product"}],"replies":[{"embeddable":true,"href":"https:\/\/www.saralinatacado.com.br\/loja\/wp-json\/wp\/v2\/comments?post=29358"}],"wp:featuredmedia":[{"embeddable":true,"href":"https:\/\/www.saralinatacado.com.br\/loja\/wp-json\/wp\/v2\/media\/29360"}],"wp:attachment":[{"href":"https:\/\/www.saralinatacado.com.br\/loja\/wp-json\/wp\/v2\/media?parent=29358"}],"wp:term":[{"taxonomy":"product_brand","embeddable":true,"href":"https:\/\/www.saralinatacado.com.br\/loja\/wp-json\/wp\/v2\/product_brand?post=29358"},{"taxonomy":"product_cat","embeddable":true,"href":"https:\/\/www.saralinatacado.com.br\/loja\/wp-json\/wp\/v2\/product_cat?post=29358"},{"taxonomy":"product_tag","embeddable":true,"href":"https:\/\/www.saralinatacado.com.br\/loja\/wp-json\/wp\/v2\/product_tag?post=29358"}],"curies":[{"name":"wp","href":"https:\/\/api.w.org\/{rel}","templated":true}]}}

<div class="descricao-titulo padrao-desc"><strong>Descrição</strong></div>
<div class="box-descricao">
<div class="span12">
<div id="smarthint-product-position1"></div>
<div id="blank-product-position1"></div>
<div class="abas-custom">
<div class="tab-content">
<div id="descricao" class="tab-pane active">
<p>Carregue rapidamente até 2 de seus aparelhos simultaneamente com maior facilidade usando o Carregador veicular para celulares. O carregador possui portas USB com tecnologia Qualcomm Quick Charge 3.0 que possibilita um carregamento mais rápido e não prejudica a bateria.</p>
<p>ESPECIFICAÇÕES:<br />
&#8211; 2 Portas USB;<br />
&#8211; Conexão do cabo: USB Tipo-C / Lightning para iPhones / Micro USB V8;<br />
&#8211; Cor: Conforme disponibilidade em estoque;<br />
&#8211; Fonte conector veicular 12V-24V;<br />
&#8211; Correntes de saída: 1.5A. 2.4A</p>
<p>&#8212; NÃO ACOMPANHA CABO</p>
</div>
</div>
</div>
</div>
</div>

<p>Descrição Carregue rapidamente até 2 de seus aparelhos simultaneamente com maior facilidade usando o Carregador veicular para celulares. O carregador possui portas USB com tecnologia Qualcomm Quick Charge 3.0 que possibilita um carregamento mais rápido e não prejudica a bateria. ESPECIFICAÇÕES: &#8211; 2 Portas USB; &#8211; Conexão do cabo: USB Tipo-C / Lightning para iPhones [&hellip;]
