{"id":29347,"date":"2023-09-30T13:24:02","date_gmt":"2023-09-30T13:24:02","guid":{"rendered":"https:\/\/www.saralinatacado.com.br\/loja\/?post_type=product&#038;p=29347"},"modified":"2023-09-30T13:24:33","modified_gmt":"2023-09-30T13:24:33","slug":"fonte-para-notebook-toshiba-satellite-l655d","status":"publish","type":"product","link":"https:\/\/www.saralinatacado.com.br\/loja\/produto\/fonte-para-notebook-toshiba-satellite-l655d\/","title":{"rendered":"Fonte para notebook toshiba satellite L655D"},"content":{"rendered":"<p>Fonte Compat\u00edvel Com Semp Toshiba 19,5V 3,42A 65W<\/p>\n<p>-Entrada: AC100-240V<br \/>\n-Sa\u00edda: DC19,5V<br \/>\n-Pot\u00eancia: 65W<br \/>\n-19,5V 3,42A<br \/>\n-BI-VOLT<br \/>\n-Conector:<br \/>\n-Di\u00e2metro externo: 5,5 mm<br \/>\n-Di\u00e2metro interno: 2,5 mm<\/p>\n<p>Itens Inclusos<\/p>\n<p>1 X Fonte Compat\u00edvel Com Semp Toshiba 19,5V 3,42A 65W<br \/>\n1 X Cabo de For\u00e7a<\/p>\n","protected":false},"excerpt":{"rendered":"<p>Fonte Compat\u00edvel Com Semp Toshiba 19,5V 3,42A 65W -Entrada: AC100-240V -Sa\u00edda: DC19,5V -Pot\u00eancia: 65W -19,5V 3,42A -BI-VOLT -Conector: -Di\u00e2metro externo: 5,5 mm -Di\u00e2metro interno: 2,5 mm Itens Inclusos 1 X Fonte Compat\u00edvel Com Semp Toshiba 19,5V 3,42A 65W 1 X Cabo de For\u00e7a<\/p>\n","protected":false},"featured_media":29348,"comment_status":"open","ping_status":"closed","template":"","meta":{"_bbp_topic_count":0,"_bbp_reply_count":0,"_bbp_total_topic_count":0,"_bbp_total_reply_count":0,"_bbp_voice_count":0,"_bbp_anonymous_reply_count":0,"_bbp_topic_count_hidden":0,"_bbp_reply_count_hidden":0,"_bbp_forum_subforum_count":0,"_joinchat":[]},"product_brand":[],"product_cat":[100,208],"product_tag":[],"class_list":{"0":"post-29347","1":"product","2":"type-product","3":"status-publish","4":"has-post-thumbnail","6":"product_cat-alimentacao","7":"product_cat-carregadores","9":"first","10":"instock","11":"taxable","12":"shipping-taxable","13":"purchasable","14":"product-type-simple"},"_links":{"self":[{"href":"https:\/\/www.saralinatacado.com.br\/loja\/wp-json\/wp\/v2\/product\/29347","targetHints":{"allow":["GET"]}}],"collection":[{"href":"https:\/\/www.saralinatacado.com.br\/loja\/wp-json\/wp\/v2\/product"}],"about":[{"href":"https:\/\/www.saralinatacado.com.br\/loja\/wp-json\/wp\/v2\/types\/product"}],"replies":[{"embeddable":true,"href":"https:\/\/www.saralinatacado.com.br\/loja\/wp-json\/wp\/v2\/comments?post=29347"}],"wp:featuredmedia":[{"embeddable":true,"href":"https:\/\/www.saralinatacado.com.br\/loja\/wp-json\/wp\/v2\/media\/29348"}],"wp:attachment":[{"href":"https:\/\/www.saralinatacado.com.br\/loja\/wp-json\/wp\/v2\/media?parent=29347"}],"wp:term":[{"taxonomy":"product_brand","embeddable":true,"href":"https:\/\/www.saralinatacado.com.br\/loja\/wp-json\/wp\/v2\/product_brand?post=29347"},{"taxonomy":"product_cat","embeddable":true,"href":"https:\/\/www.saralinatacado.com.br\/loja\/wp-json\/wp\/v2\/product_cat?post=29347"},{"taxonomy":"product_tag","embeddable":true,"href":"https:\/\/www.saralinatacado.com.br\/loja\/wp-json\/wp\/v2\/product_tag?post=29347"}],"curies":[{"name":"wp","href":"https:\/\/api.w.org\/{rel}","templated":true}]}}

<p>Fonte Compatível Com Semp Toshiba 19,5V 3,42A 65W</p>
<p>-Entrada: AC100-240V<br />
-Saída: DC19,5V<br />
-Potência: 65W<br />
-19,5V 3,42A<br />
-BI-VOLT<br />
-Conector:<br />
-Diâmetro externo: 5,5 mm<br />
-Diâmetro interno: 2,5 mm</p>
<p>Itens Inclusos</p>
<p>1 X Fonte Compatível Com Semp Toshiba 19,5V 3,42A 65W<br />
1 X Cabo de Força</p>

<p>Fonte Compatível Com Semp Toshiba 19,5V 3,42A 65W -Entrada: AC100-240V -Saída: DC19,5V -Potência: 65W -19,5V 3,42A -BI-VOLT -Conector: -Diâmetro externo: 5,5 mm -Diâmetro interno: 2,5 mm Itens Inclusos 1 X Fonte Compatível Com Semp Toshiba 19,5V 3,42A 65W 1 X Cabo de Força</p>
