{"id":29322,"date":"2023-09-30T12:33:06","date_gmt":"2023-09-30T12:33:06","guid":{"rendered":"https:\/\/www.saralinatacado.com.br\/loja\/?post_type=product&#038;p=29322"},"modified":"2023-09-30T12:36:58","modified_gmt":"2023-09-30T12:36:58","slug":"fonte-carregador-positivo-da-65a19-19v-342a-sim-unique","status":"publish","type":"product","link":"https:\/\/www.saralinatacado.com.br\/loja\/produto\/fonte-carregador-positivo-da-65a19-19v-342a-sim-unique\/","title":{"rendered":"Fonte Carregador Positivo Da-65A19 19V 3,42A Sim+ Unique"},"content":{"rendered":"<p>Especifica\u00e7\u00e3o t\u00e9cnica:<br \/>\nInput\/entrada: ac 110v~240v 50\/60hz &#8211; bivolt<br \/>\nOutput\/sa\u00edda: 19v 3.42 (65w)<br \/>\nDi\u00e2metro do plug conector: 5.5m x 2.5m<br \/>\nCor: preta<br \/>\nEstado: nova<br \/>\nCondi\u00e7\u00e3o: original<br \/>\nGarantia: 06 meses<\/p>\n<p>Alguns modelos compat\u00edveis<\/p>\n<p>Est\u00e1 fonte \u00e9 compat\u00edvel com qualquer marca ou modelo de fonte 19v 3.42a \/ 20v 3.25a que possua medidas do plug conector 5.5 x 2.5mm<\/p>\n<p>Marcas:<br \/>\nPositivo &#8211; firstiline &#8211; sim+ &#8211; cce &#8211; itautec &#8211; asus &#8211; intelbras &#8211; philco &#8211; sti &#8211; toshiba &#8211; megaware &#8211; microboard &#8211; entre outras.<\/p>\n<p>Positivo mobile:<br \/>\nC25a, c25 s75a, s75 w98, z61, z62, z63, z64, z65, z66, z68, z74, z76, z77, z78, z80, z85, z87, z90, z93, z94, z97 z102, z164, z814, z364, z384, z510, z520, z540, z560, z580, z640, z710, z720, z770, z804, v21, v25, v27, v41, v42, v43, v44, v45, v47, v51, v52, v53, v54, v55, v56, v87, v95, v126, v146, y89, y374 y384, y764, y836<\/p>\n<p>Positivo premium:7070, 7050, 7040, 7150, 3140, 7635, c210s, 2035<\/p>\n<p>Positivo unique: 59, 60, 61, 62, 63, 64, 65, 66, 67, 68, 69<\/p>\n<p>Positivo sim +: 7115 8010 1321 2048 1074 6140 6175 1455 1062 1335 1462 1022 1026 n193 n9410 n9300 n9350 n8110 8145 e outros<\/p>\n","protected":false},"excerpt":{"rendered":"<p>Especifica\u00e7\u00e3o t\u00e9cnica: Input\/entrada: ac 110v~240v 50\/60hz &#8211; bivolt Output\/sa\u00edda: 19v 3.42 (65w) Di\u00e2metro do plug conector: 5.5m x 2.5m Cor: preta Estado: nova Condi\u00e7\u00e3o: original Garantia: 06 meses Alguns modelos compat\u00edveis Est\u00e1 fonte \u00e9 compat\u00edvel com qualquer marca ou modelo de fonte 19v 3.42a \/ 20v 3.25a que possua medidas do plug conector 5.5 x [&hellip;]\n","protected":false},"featured_media":29328,"comment_status":"open","ping_status":"closed","template":"","meta":{"_bbp_topic_count":0,"_bbp_reply_count":0,"_bbp_total_topic_count":0,"_bbp_total_reply_count":0,"_bbp_voice_count":0,"_bbp_anonymous_reply_count":0,"_bbp_topic_count_hidden":0,"_bbp_reply_count_hidden":0,"_bbp_forum_subforum_count":0,"_joinchat":[]},"product_brand":[],"product_cat":[100,208],"product_tag":[],"class_list":{"0":"post-29322","1":"product","2":"type-product","3":"status-publish","4":"has-post-thumbnail","6":"product_cat-alimentacao","7":"product_cat-carregadores","9":"first","10":"instock","11":"taxable","12":"shipping-taxable","13":"purchasable","14":"product-type-simple"},"_links":{"self":[{"href":"https:\/\/www.saralinatacado.com.br\/loja\/wp-json\/wp\/v2\/product\/29322","targetHints":{"allow":["GET"]}}],"collection":[{"href":"https:\/\/www.saralinatacado.com.br\/loja\/wp-json\/wp\/v2\/product"}],"about":[{"href":"https:\/\/www.saralinatacado.com.br\/loja\/wp-json\/wp\/v2\/types\/product"}],"replies":[{"embeddable":true,"href":"https:\/\/www.saralinatacado.com.br\/loja\/wp-json\/wp\/v2\/comments?post=29322"}],"wp:featuredmedia":[{"embeddable":true,"href":"https:\/\/www.saralinatacado.com.br\/loja\/wp-json\/wp\/v2\/media\/29328"}],"wp:attachment":[{"href":"https:\/\/www.saralinatacado.com.br\/loja\/wp-json\/wp\/v2\/media?parent=29322"}],"wp:term":[{"taxonomy":"product_brand","embeddable":true,"href":"https:\/\/www.saralinatacado.com.br\/loja\/wp-json\/wp\/v2\/product_brand?post=29322"},{"taxonomy":"product_cat","embeddable":true,"href":"https:\/\/www.saralinatacado.com.br\/loja\/wp-json\/wp\/v2\/product_cat?post=29322"},{"taxonomy":"product_tag","embeddable":true,"href":"https:\/\/www.saralinatacado.com.br\/loja\/wp-json\/wp\/v2\/product_tag?post=29322"}],"curies":[{"name":"wp","href":"https:\/\/api.w.org\/{rel}","templated":true}]}}

<p>Especificação técnica:<br />
Input/entrada: ac 110v~240v 50/60hz &#8211; bivolt<br />
Output/saída: 19v 3.42 (65w)<br />
Diâmetro do plug conector: 5.5m x 2.5m<br />
Cor: preta<br />
Estado: nova<br />
Condição: original<br />
Garantia: 06 meses</p>
<p>Alguns modelos compatíveis</p>
<p>Está fonte é compatível com qualquer marca ou modelo de fonte 19v 3.42a / 20v 3.25a que possua medidas do plug conector 5.5 x 2.5mm</p>
<p>Marcas:<br />
Positivo &#8211; firstiline &#8211; sim+ &#8211; cce &#8211; itautec &#8211; asus &#8211; intelbras &#8211; philco &#8211; sti &#8211; toshiba &#8211; megaware &#8211; microboard &#8211; entre outras.</p>
<p>Positivo mobile:<br />
C25a, c25 s75a, s75 w98, z61, z62, z63, z64, z65, z66, z68, z74, z76, z77, z78, z80, z85, z87, z90, z93, z94, z97 z102, z164, z814, z364, z384, z510, z520, z540, z560, z580, z640, z710, z720, z770, z804, v21, v25, v27, v41, v42, v43, v44, v45, v47, v51, v52, v53, v54, v55, v56, v87, v95, v126, v146, y89, y374 y384, y764, y836</p>
<p>Positivo premium:7070, 7050, 7040, 7150, 3140, 7635, c210s, 2035</p>
<p>Positivo unique: 59, 60, 61, 62, 63, 64, 65, 66, 67, 68, 69</p>
<p>Positivo sim +: 7115 8010 1321 2048 1074 6140 6175 1455 1062 1335 1462 1022 1026 n193 n9410 n9300 n9350 n8110 8145 e outros</p>

<p>Especificação técnica: Input/entrada: ac 110v~240v 50/60hz &#8211; bivolt Output/saída: 19v 3.42 (65w) Diâmetro do plug conector: 5.5m x 2.5m Cor: preta Estado: nova Condição: original Garantia: 06 meses Alguns modelos compatíveis Está fonte é compatível com qualquer marca ou modelo de fonte 19v 3.42a / 20v 3.25a que possua medidas do plug conector 5.5 x [&hellip;]
