{"id":29296,"date":"2023-09-29T18:48:54","date_gmt":"2023-09-29T18:48:54","guid":{"rendered":"https:\/\/www.saralinatacado.com.br\/loja\/?post_type=product&#038;p=29296"},"modified":"2023-09-29T18:48:54","modified_gmt":"2023-09-29T18:48:54","slug":"fonte-para-notebook-sony-195v-47a","status":"publish","type":"product","link":"https:\/\/www.saralinatacado.com.br\/loja\/produto\/fonte-para-notebook-sony-195v-47a\/","title":{"rendered":"FONTE PARA NOTEBOOK SONY 19,5V 4,7A"},"content":{"rendered":"<p>Este carregador segue especifica\u00e7\u00f5es rigorosas que atendem com qualidade as exig\u00eancias do seu equipamento.<\/p>\n<p>Possui prote\u00e7\u00e3o contra excesso de corrente, excesso de calor e curto-circuito. Al\u00e9m disso, possui tamb\u00e9m estabilizador e seletor autom\u00e1tico de tens\u00e3o, funcionando tanto em 110V quanto em 220V.<\/p>\n<p>Para evitar problemas de compatibilidade, compare as informa\u00e7\u00f5es deste an\u00fancio com seu equipamento. Assim voc\u00ea consegue verificar as principais informa\u00e7\u00f5es de compatibilidade e demais especifica\u00e7\u00f5es da sua fonte.<\/p>\n<p>Informa\u00e7\u00f5es T\u00e9cnicas:<br \/>\nTens\u00e3o (Voltagem): 19.5V<br \/>\nCorrente (Amperagem): 4.7A<br \/>\nPot\u00eancia: 90W<br \/>\nDimens\u00f5es do pino: 6.5mm x 4.4mm<br \/>\nComprimento do cabo de for\u00e7a: 1,20m<br \/>\nGarantia: 03 Meses<\/p>\n<p>D\u00favidas Frequentes:<br \/>\nPerdi a fonte do meu notebook. Como posso saber se esta fonte \u00e9 compat\u00edvel?<\/p>\n<p>C\u00d3DIGOS COMPAT\u00cdVEIS:<br \/>\nVGP-AC19V10<br \/>\nVGP-AC19V11<br \/>\nVGP-AC19V12<br \/>\nVGP-AC19V13<br \/>\nVGP-AC19V19<br \/>\nVGP-AC19V20<br \/>\nVGP-AC19V21<br \/>\nVGP-AC19V23<br \/>\nVGP-AC19V24<br \/>\nVGP-AC19V25<br \/>\nVGP-AC19V26<\/p>\n<p>MODELOS COMPAT\u00cdVEIS:<br \/>\nSony Vaio Pcg-Fr Series<br \/>\nPcg-Fr100, Pcg-Fr102, Pcg-Fr105, Pcg-Fr130, Pcg-Fr130u, Pcg-Fr150, Pcg-Fr215e, Pcg-Fr215h, Pcg-Fr215m, Pcg-Fr295mp, Pcg-Fr33\/B, Pcg-Fr55\/B, Pcg-Fr55e, Pcg-Fr55e\/B, Pcg-Fr77\/B, Pcg-Fr77e\/B, Pcg-Fr780.<\/p>\n","protected":false},"excerpt":{"rendered":"<p>Este carregador segue especifica\u00e7\u00f5es rigorosas que atendem com qualidade as exig\u00eancias do seu equipamento. Possui prote\u00e7\u00e3o contra excesso de corrente, excesso de calor e curto-circuito. Al\u00e9m disso, possui tamb\u00e9m estabilizador e seletor autom\u00e1tico de tens\u00e3o, funcionando tanto em 110V quanto em 220V. Para evitar problemas de compatibilidade, compare as informa\u00e7\u00f5es deste an\u00fancio com seu equipamento. [&hellip;]\n","protected":false},"featured_media":29298,"comment_status":"open","ping_status":"closed","template":"","meta":{"_bbp_topic_count":0,"_bbp_reply_count":0,"_bbp_total_topic_count":0,"_bbp_total_reply_count":0,"_bbp_voice_count":0,"_bbp_anonymous_reply_count":0,"_bbp_topic_count_hidden":0,"_bbp_reply_count_hidden":0,"_bbp_forum_subforum_count":0,"_joinchat":[]},"product_brand":[],"product_cat":[100,208],"product_tag":[],"class_list":{"0":"post-29296","1":"product","2":"type-product","3":"status-publish","4":"has-post-thumbnail","6":"product_cat-alimentacao","7":"product_cat-carregadores","9":"first","10":"instock","11":"taxable","12":"shipping-taxable","13":"purchasable","14":"product-type-simple"},"_links":{"self":[{"href":"https:\/\/www.saralinatacado.com.br\/loja\/wp-json\/wp\/v2\/product\/29296","targetHints":{"allow":["GET"]}}],"collection":[{"href":"https:\/\/www.saralinatacado.com.br\/loja\/wp-json\/wp\/v2\/product"}],"about":[{"href":"https:\/\/www.saralinatacado.com.br\/loja\/wp-json\/wp\/v2\/types\/product"}],"replies":[{"embeddable":true,"href":"https:\/\/www.saralinatacado.com.br\/loja\/wp-json\/wp\/v2\/comments?post=29296"}],"wp:featuredmedia":[{"embeddable":true,"href":"https:\/\/www.saralinatacado.com.br\/loja\/wp-json\/wp\/v2\/media\/29298"}],"wp:attachment":[{"href":"https:\/\/www.saralinatacado.com.br\/loja\/wp-json\/wp\/v2\/media?parent=29296"}],"wp:term":[{"taxonomy":"product_brand","embeddable":true,"href":"https:\/\/www.saralinatacado.com.br\/loja\/wp-json\/wp\/v2\/product_brand?post=29296"},{"taxonomy":"product_cat","embeddable":true,"href":"https:\/\/www.saralinatacado.com.br\/loja\/wp-json\/wp\/v2\/product_cat?post=29296"},{"taxonomy":"product_tag","embeddable":true,"href":"https:\/\/www.saralinatacado.com.br\/loja\/wp-json\/wp\/v2\/product_tag?post=29296"}],"curies":[{"name":"wp","href":"https:\/\/api.w.org\/{rel}","templated":true}]}}

<p>Este carregador segue especificações rigorosas que atendem com qualidade as exigências do seu equipamento.</p>
<p>Possui proteção contra excesso de corrente, excesso de calor e curto-circuito. Além disso, possui também estabilizador e seletor automático de tensão, funcionando tanto em 110V quanto em 220V.</p>
<p>Para evitar problemas de compatibilidade, compare as informações deste anúncio com seu equipamento. Assim você consegue verificar as principais informações de compatibilidade e demais especificações da sua fonte.</p>
<p>Informações Técnicas:<br />
Tensão (Voltagem): 19.5V<br />
Corrente (Amperagem): 4.7A<br />
Potência: 90W<br />
Dimensões do pino: 6.5mm x 4.4mm<br />
Comprimento do cabo de força: 1,20m<br />
Garantia: 03 Meses</p>
<p>Dúvidas Frequentes:<br />
Perdi a fonte do meu notebook. Como posso saber se esta fonte é compatível?</p>
<p>CÓDIGOS COMPATÍVEIS:<br />
VGP-AC19V10<br />
VGP-AC19V11<br />
VGP-AC19V12<br />
VGP-AC19V13<br />
VGP-AC19V19<br />
VGP-AC19V20<br />
VGP-AC19V21<br />
VGP-AC19V23<br />
VGP-AC19V24<br />
VGP-AC19V25<br />
VGP-AC19V26</p>
<p>MODELOS COMPATÍVEIS:<br />
Sony Vaio Pcg-Fr Series<br />
Pcg-Fr100, Pcg-Fr102, Pcg-Fr105, Pcg-Fr130, Pcg-Fr130u, Pcg-Fr150, Pcg-Fr215e, Pcg-Fr215h, Pcg-Fr215m, Pcg-Fr295mp, Pcg-Fr33/B, Pcg-Fr55/B, Pcg-Fr55e, Pcg-Fr55e/B, Pcg-Fr77/B, Pcg-Fr77e/B, Pcg-Fr780.</p>

<p>Este carregador segue especificações rigorosas que atendem com qualidade as exigências do seu equipamento. Possui proteção contra excesso de corrente, excesso de calor e curto-circuito. Além disso, possui também estabilizador e seletor automático de tensão, funcionando tanto em 110V quanto em 220V. Para evitar problemas de compatibilidade, compare as informações deste anúncio com seu equipamento. [&hellip;]
