{"id":29284,"date":"2023-09-29T18:27:25","date_gmt":"2023-09-29T18:27:25","guid":{"rendered":"https:\/\/www.saralinatacado.com.br\/loja\/?post_type=product&#038;p=29284"},"modified":"2023-09-29T18:37:39","modified_gmt":"2023-09-29T18:37:39","slug":"fonte-para-notebook-samsung-adp-40zh-a-ad-4019-sa-03-19v-2-1a","status":"publish","type":"product","link":"https:\/\/www.saralinatacado.com.br\/loja\/produto\/fonte-para-notebook-samsung-adp-40zh-a-ad-4019-sa-03-19v-2-1a\/","title":{"rendered":"Fonte para Notebook Samsung ADP-40ZH A (AD-4019) SA 03 &#8211; 19V 2.1A"},"content":{"rendered":"<p class=\"lead\"><strong>Caracter\u00edsticas<\/strong><\/p>\n<ul>\n<li>Entrada AC: 100-240V,50-60Hz<\/li>\n<li>Saida: 19V 2.1A- Bivolt<\/li>\n<li>Pot\u00eancia: 40W<\/li>\n<li>Tamanho do Conector: 5.5mm * 3.0mm<\/li>\n<li>Cabo de for\u00e7a tripolar: Incluso<\/li>\n<\/ul>\n<hr \/>\n<p class=\"lead\"><strong>Compatibilidade Samsung N Series<\/strong><\/p>\n<ul>\n<li>N110, N120, N130, N140, N145, N150, N150 Plus, N210, N220, N230, N310, N315, N510, NC10, NC20, NC110, NC210, NS310, NB30<\/li>\n<\/ul>\n<hr \/>\n<p class=\"lead\"><strong>Compatibilidade Samsung Ultra Portable Notebook<\/strong><\/p>\n<ul>\n<li>900X1B, 900X3A<\/li>\n<\/ul>\n<hr \/>\n<p class=\"lead\"><strong>Compatibilidade Samsung Samsung NC10 Series<\/strong><\/p>\n<ul>\n<li>N110-12PBK (NP-N110-KA01US)<\/li>\n<li>N120-12GBK (NP-N120-KA01US)<\/li>\n<li>N120-12GW (NP-N120-KA02US)<\/li>\n<li>N120-13GBL (NP-N120-KA04US)<\/li>\n<li>N130-13B (NP-N130-KA04US)<\/li>\n<li>NC10-11GP (NP-NC10-KA04US)<\/li>\n<li>NC10-12PWBK (NP-NC10-WAS1US)<\/li>\n<li>NC10-13GB (NP-NC10-KB02US)<\/li>\n<li>NC10-13P (NP-NC10-KB03US)<\/li>\n<li>NC10-14GB (NP-NC10-KA02US)<\/li>\n<li>NC10-14GBK (NP-NC10-KA03US)<\/li>\n<li>NC10-14GW (NP-NC10-KA01US)<\/li>\n<li>NC20-21GBK (NP-NC20-KA02US)<\/li>\n<\/ul>\n<hr \/>\n<p class=\"lead\"><strong>Compatibilidade Samsung Samsung NC10 Series<\/strong><\/p>\n<ul>\n<li>N110-12PBK (NP-N110-KA01US)<\/li>\n<\/ul>\n","protected":false},"excerpt":{"rendered":"<p>Caracter\u00edsticas Entrada AC: 100-240V,50-60Hz Saida: 19V 2.1A- Bivolt Pot\u00eancia: 40W Tamanho do Conector: 5.5mm * 3.0mm Cabo de for\u00e7a tripolar: Incluso Compatibilidade Samsung N Series N110, N120, N130, N140, N145, N150, N150 Plus, N210, N220, N230, N310, N315, N510, NC10, NC20, NC110, NC210, NS310, NB30 Compatibilidade Samsung Ultra Portable Notebook 900X1B, 900X3A Compatibilidade Samsung Samsung [&hellip;]\n","protected":false},"featured_media":29286,"comment_status":"open","ping_status":"closed","template":"","meta":{"_bbp_topic_count":0,"_bbp_reply_count":0,"_bbp_total_topic_count":0,"_bbp_total_reply_count":0,"_bbp_voice_count":0,"_bbp_anonymous_reply_count":0,"_bbp_topic_count_hidden":0,"_bbp_reply_count_hidden":0,"_bbp_forum_subforum_count":0,"_joinchat":[]},"product_brand":[],"product_cat":[100],"product_tag":[],"class_list":{"0":"post-29284","1":"product","2":"type-product","3":"status-publish","4":"has-post-thumbnail","6":"product_cat-alimentacao","8":"first","9":"instock","10":"taxable","11":"shipping-taxable","12":"purchasable","13":"product-type-simple"},"_links":{"self":[{"href":"https:\/\/www.saralinatacado.com.br\/loja\/wp-json\/wp\/v2\/product\/29284","targetHints":{"allow":["GET"]}}],"collection":[{"href":"https:\/\/www.saralinatacado.com.br\/loja\/wp-json\/wp\/v2\/product"}],"about":[{"href":"https:\/\/www.saralinatacado.com.br\/loja\/wp-json\/wp\/v2\/types\/product"}],"replies":[{"embeddable":true,"href":"https:\/\/www.saralinatacado.com.br\/loja\/wp-json\/wp\/v2\/comments?post=29284"}],"wp:featuredmedia":[{"embeddable":true,"href":"https:\/\/www.saralinatacado.com.br\/loja\/wp-json\/wp\/v2\/media\/29286"}],"wp:attachment":[{"href":"https:\/\/www.saralinatacado.com.br\/loja\/wp-json\/wp\/v2\/media?parent=29284"}],"wp:term":[{"taxonomy":"product_brand","embeddable":true,"href":"https:\/\/www.saralinatacado.com.br\/loja\/wp-json\/wp\/v2\/product_brand?post=29284"},{"taxonomy":"product_cat","embeddable":true,"href":"https:\/\/www.saralinatacado.com.br\/loja\/wp-json\/wp\/v2\/product_cat?post=29284"},{"taxonomy":"product_tag","embeddable":true,"href":"https:\/\/www.saralinatacado.com.br\/loja\/wp-json\/wp\/v2\/product_tag?post=29284"}],"curies":[{"name":"wp","href":"https:\/\/api.w.org\/{rel}","templated":true}]}}