{"id":29267,"date":"2023-09-29T18:12:59","date_gmt":"2023-09-29T18:12:59","guid":{"rendered":"https:\/\/www.saralinatacado.com.br\/loja\/?post_type=product&#038;p=29267"},"modified":"2023-09-29T18:12:59","modified_gmt":"2023-09-29T18:12:59","slug":"hub-usb-2-0-extensor-usb-4-portas-switch-on-off-led-indicador-480mbps-informatica","status":"publish","type":"product","link":"https:\/\/www.saralinatacado.com.br\/loja\/produto\/hub-usb-2-0-extensor-usb-4-portas-switch-on-off-led-indicador-480mbps-informatica\/","title":{"rendered":"Hub USB 2.0 Extensor USB 4 Portas Switch On\/Off Led Indicador 480mbps Inform\u00e1tica"},"content":{"rendered":"<p>Hub USB 4 portas<\/p>\n<p>&#8211; USB-44 Portas Hub USB 480 480mbps de Alta Velocidade USB 2.0 Hub Interruptor On\/Off USB Hub Splitter Para pc Computador Port\u00e1til Perifericos de Computadores Port\u00e1teis Acessrios100% brand new e de alta qualidade Hot Plug &amp; Play dispositivo USB Totalmente compat\u00edvel com a especific\u00e3o USB verso 2.0Com LED azul para o poderON\/OFF switches ativar ou desativar portas individuais Projetado com portas, este USB2.0 high<\/p>\n<p>-speed hub compacto pequeno o suficiente para viajar, e cabo o suficiente para atender s suas necessidades de conectividade. &#8211;<\/p>\n<p>&#8211; informa\u00e7\u00f5es t\u00e9cnicas &#8211;<\/p>\n<p>-usb hub 2.0Portas usb: 4Interface: USB2.0, Compatvel com USB1.1Cabo: Cerca de 45-55 com Tamanho: 163*22*35mmData Taxa de Transfer\u00eancia: 1.5 Mbps\/12 Mbps, at 480 Mbps Cor: Preto\/Branco (Enviado aleatrio) Compativel: Windows, Mac os ou Linux sistemas-<\/p>\n<p>&#8211; itens inclusos &#8212;<\/p>\n<p>1- hub 4 Portas USB 2.0 Imagens Meramente Ilustrativas<\/p>\n","protected":false},"excerpt":{"rendered":"<p>Hub USB 4 portas &#8211; USB-44 Portas Hub USB 480 480mbps de Alta Velocidade USB 2.0 Hub Interruptor On\/Off USB Hub Splitter Para pc Computador Port\u00e1til Perifericos de Computadores Port\u00e1teis Acessrios100% brand new e de alta qualidade Hot Plug &amp; Play dispositivo USB Totalmente compat\u00edvel com a especific\u00e3o USB verso 2.0Com LED azul para o [&hellip;]\n","protected":false},"featured_media":29269,"comment_status":"open","ping_status":"closed","template":"","meta":{"_bbp_topic_count":0,"_bbp_reply_count":0,"_bbp_total_topic_count":0,"_bbp_total_reply_count":0,"_bbp_voice_count":0,"_bbp_anonymous_reply_count":0,"_bbp_topic_count_hidden":0,"_bbp_reply_count_hidden":0,"_bbp_forum_subforum_count":0,"_joinchat":[]},"product_brand":[],"product_cat":[107],"product_tag":[],"class_list":{"0":"post-29267","1":"product","2":"type-product","3":"status-publish","4":"has-post-thumbnail","6":"product_cat-acessorios","8":"first","9":"instock","10":"taxable","11":"shipping-taxable","12":"purchasable","13":"product-type-simple"},"_links":{"self":[{"href":"https:\/\/www.saralinatacado.com.br\/loja\/wp-json\/wp\/v2\/product\/29267","targetHints":{"allow":["GET"]}}],"collection":[{"href":"https:\/\/www.saralinatacado.com.br\/loja\/wp-json\/wp\/v2\/product"}],"about":[{"href":"https:\/\/www.saralinatacado.com.br\/loja\/wp-json\/wp\/v2\/types\/product"}],"replies":[{"embeddable":true,"href":"https:\/\/www.saralinatacado.com.br\/loja\/wp-json\/wp\/v2\/comments?post=29267"}],"wp:featuredmedia":[{"embeddable":true,"href":"https:\/\/www.saralinatacado.com.br\/loja\/wp-json\/wp\/v2\/media\/29269"}],"wp:attachment":[{"href":"https:\/\/www.saralinatacado.com.br\/loja\/wp-json\/wp\/v2\/media?parent=29267"}],"wp:term":[{"taxonomy":"product_brand","embeddable":true,"href":"https:\/\/www.saralinatacado.com.br\/loja\/wp-json\/wp\/v2\/product_brand?post=29267"},{"taxonomy":"product_cat","embeddable":true,"href":"https:\/\/www.saralinatacado.com.br\/loja\/wp-json\/wp\/v2\/product_cat?post=29267"},{"taxonomy":"product_tag","embeddable":true,"href":"https:\/\/www.saralinatacado.com.br\/loja\/wp-json\/wp\/v2\/product_tag?post=29267"}],"curies":[{"name":"wp","href":"https:\/\/api.w.org\/{rel}","templated":true}]}}