{"id":29242,"date":"2023-09-29T14:29:33","date_gmt":"2023-09-29T14:29:33","guid":{"rendered":"https:\/\/www.saralinatacado.com.br\/loja\/?post_type=product&#038;p=29242"},"modified":"2023-09-29T14:29:56","modified_gmt":"2023-09-29T14:29:56","slug":"cabo-usb-lightning-iphone-ipad-5-5s-6-6s-7-8-plus-x-xs-xr-11-12-13-14-pro-max-2-metros","status":"publish","type":"product","link":"https:\/\/www.saralinatacado.com.br\/loja\/produto\/cabo-usb-lightning-iphone-ipad-5-5s-6-6s-7-8-plus-x-xs-xr-11-12-13-14-pro-max-2-metros\/","title":{"rendered":"CABO USB LIGHTNING IPHONE IPAD 5 5S 6 6S 7 8 PLUS X XS XR 11 12 13 14 PRO MAX 1 METROS"},"content":{"rendered":"<p><strong>FICHA T\u00c9CNICA<\/strong><br \/>\nCor: Branco<br \/>\nComprimento: 1 metros<br \/>\nEmbalagem: Com Caixa<br \/>\nConex\u00e3o de Entrada: USB<br \/>\nConex\u00e3o de Sa\u00edda: Lightning<br \/>\nUtiliza\u00e7\u00e3o: Carga e Transfer\u00eancia de Dados<\/p>\n<p><strong>COMPATIBILIDADE<\/strong><br \/>\niPhone 5, 5s, Se<br \/>\niPhone 6, 6s<br \/>\niPhone 7, 7 Plus<br \/>\niPhone 8, 8 Plus<br \/>\niPhone X, Xs<br \/>\niPhone 11, Pro, Pro Max<\/p>\n<p>iPhone 12, Pro, Pro Max<\/p>\n<p>iPhone 13, Pro, Pro Max<\/p>\n<p>iPhone 14, Pro, Pro Max<br \/>\niPad Pro<br \/>\niPad Air, Air 2<br \/>\niPod Nano 7 Gera\u00e7\u00e3o<br \/>\niPod Touch 5 e 6 Gera\u00e7\u00e3o<br \/>\niPad Mini, Mini 2, Mini 3, Mini 4<\/p>\n","protected":false},"excerpt":{"rendered":"<p>FICHA T\u00c9CNICA Cor: Branco Comprimento: 1 metros Embalagem: Com Caixa Conex\u00e3o de Entrada: USB Conex\u00e3o de Sa\u00edda: Lightning Utiliza\u00e7\u00e3o: Carga e Transfer\u00eancia de Dados COMPATIBILIDADE iPhone 5, 5s, Se iPhone 6, 6s iPhone 7, 7 Plus iPhone 8, 8 Plus iPhone X, Xs iPhone 11, Pro, Pro Max iPhone 12, Pro, Pro Max iPhone 13, [&hellip;]\n","protected":false},"featured_media":29245,"comment_status":"open","ping_status":"closed","template":"","meta":{"_bbp_topic_count":0,"_bbp_reply_count":0,"_bbp_total_topic_count":0,"_bbp_total_reply_count":0,"_bbp_voice_count":0,"_bbp_anonymous_reply_count":0,"_bbp_topic_count_hidden":0,"_bbp_reply_count_hidden":0,"_bbp_forum_subforum_count":0,"_joinchat":[]},"product_brand":[],"product_cat":[106],"product_tag":[],"class_list":{"0":"post-29242","1":"product","2":"type-product","3":"status-publish","4":"has-post-thumbnail","6":"product_cat-cabos","8":"first","9":"instock","10":"taxable","11":"shipping-taxable","12":"purchasable","13":"product-type-simple"},"_links":{"self":[{"href":"https:\/\/www.saralinatacado.com.br\/loja\/wp-json\/wp\/v2\/product\/29242","targetHints":{"allow":["GET"]}}],"collection":[{"href":"https:\/\/www.saralinatacado.com.br\/loja\/wp-json\/wp\/v2\/product"}],"about":[{"href":"https:\/\/www.saralinatacado.com.br\/loja\/wp-json\/wp\/v2\/types\/product"}],"replies":[{"embeddable":true,"href":"https:\/\/www.saralinatacado.com.br\/loja\/wp-json\/wp\/v2\/comments?post=29242"}],"wp:featuredmedia":[{"embeddable":true,"href":"https:\/\/www.saralinatacado.com.br\/loja\/wp-json\/wp\/v2\/media\/29245"}],"wp:attachment":[{"href":"https:\/\/www.saralinatacado.com.br\/loja\/wp-json\/wp\/v2\/media?parent=29242"}],"wp:term":[{"taxonomy":"product_brand","embeddable":true,"href":"https:\/\/www.saralinatacado.com.br\/loja\/wp-json\/wp\/v2\/product_brand?post=29242"},{"taxonomy":"product_cat","embeddable":true,"href":"https:\/\/www.saralinatacado.com.br\/loja\/wp-json\/wp\/v2\/product_cat?post=29242"},{"taxonomy":"product_tag","embeddable":true,"href":"https:\/\/www.saralinatacado.com.br\/loja\/wp-json\/wp\/v2\/product_tag?post=29242"}],"curies":[{"name":"wp","href":"https:\/\/api.w.org\/{rel}","templated":true}]}}

<p><strong>FICHA TÉCNICA</strong><br />
Cor: Branco<br />
Comprimento: 1 metros<br />
Embalagem: Com Caixa<br />
Conexão de Entrada: USB<br />
Conexão de Saída: Lightning<br />
Utilização: Carga e Transferência de Dados</p>
<p><strong>COMPATIBILIDADE</strong><br />
iPhone 5, 5s, Se<br />
iPhone 6, 6s<br />
iPhone 7, 7 Plus<br />
iPhone 8, 8 Plus<br />
iPhone X, Xs<br />
iPhone 11, Pro, Pro Max</p>
<p>iPhone 12, Pro, Pro Max</p>
<p>iPhone 13, Pro, Pro Max</p>
<p>iPhone 14, Pro, Pro Max<br />
iPad Pro<br />
iPad Air, Air 2<br />
iPod Nano 7 Geração<br />
iPod Touch 5 e 6 Geração<br />
iPad Mini, Mini 2, Mini 3, Mini 4</p>

<p>FICHA TÉCNICA Cor: Branco Comprimento: 1 metros Embalagem: Com Caixa Conexão de Entrada: USB Conexão de Saída: Lightning Utilização: Carga e Transferência de Dados COMPATIBILIDADE iPhone 5, 5s, Se iPhone 6, 6s iPhone 7, 7 Plus iPhone 8, 8 Plus iPhone X, Xs iPhone 11, Pro, Pro Max iPhone 12, Pro, Pro Max iPhone 13, [&hellip;]
