{"id":29190,"date":"2023-09-27T14:34:04","date_gmt":"2023-09-27T14:34:04","guid":{"rendered":"https:\/\/www.saralinatacado.com.br\/loja\/?post_type=product&#038;p=29190"},"modified":"2023-09-27T14:34:04","modified_gmt":"2023-09-27T14:34:04","slug":"extensao-eletrica-5-metros-bivolt-preto","status":"publish","type":"product","link":"https:\/\/www.saralinatacado.com.br\/loja\/produto\/extensao-eletrica-5-metros-bivolt-preto\/","title":{"rendered":"Extens\u00e3o El\u00e9trica 5 Metros Bivolt Preto"},"content":{"rendered":"<h4 class=\"panel-title\">PRINCIPAIS CARACTER\u00cdSTICAS:<\/h4>\n<ul>\n<li>Cor: Preto<\/li>\n<li>3 Tomadas<\/li>\n<li>Tens\u00e3o Bivolt (110V, 220V)<\/li>\n<li>Entrada e sa\u00edda 2P + T<\/li>\n<li>Amperagem M\u00e1xima do Conjunto: 10A<\/li>\n<li>Comprimento do cabo: 5 metros<\/li>\n<\/ul>\n<p>&nbsp;<\/p>\n<h4 class=\"panel-title\">CONTE\u00daDO DA EMBALAGEM:<\/h4>\n<ul>\n<li>1 Extens\u00e3o El\u00e9trica 3 Tomadas\u00a0 5 Metros<\/li>\n<\/ul>\n","protected":false},"excerpt":{"rendered":"<p>PRINCIPAIS CARACTER\u00cdSTICAS: Cor: Preto 3 Tomadas Tens\u00e3o Bivolt (110V, 220V) Entrada e sa\u00edda 2P + T Amperagem M\u00e1xima do Conjunto: 10A Comprimento do cabo: 5 metros &nbsp; CONTE\u00daDO DA EMBALAGEM: 1 Extens\u00e3o El\u00e9trica 3 Tomadas\u00a0 5 Metros<\/p>\n","protected":false},"featured_media":29191,"comment_status":"open","ping_status":"closed","template":"","meta":{"_bbp_topic_count":0,"_bbp_reply_count":0,"_bbp_total_topic_count":0,"_bbp_total_reply_count":0,"_bbp_voice_count":0,"_bbp_anonymous_reply_count":0,"_bbp_topic_count_hidden":0,"_bbp_reply_count_hidden":0,"_bbp_forum_subforum_count":0,"_joinchat":[]},"product_brand":[],"product_cat":[100],"product_tag":[],"class_list":{"0":"post-29190","1":"product","2":"type-product","3":"status-publish","4":"has-post-thumbnail","6":"product_cat-alimentacao","8":"first","9":"instock","10":"taxable","11":"shipping-taxable","12":"purchasable","13":"product-type-simple"},"_links":{"self":[{"href":"https:\/\/www.saralinatacado.com.br\/loja\/wp-json\/wp\/v2\/product\/29190","targetHints":{"allow":["GET"]}}],"collection":[{"href":"https:\/\/www.saralinatacado.com.br\/loja\/wp-json\/wp\/v2\/product"}],"about":[{"href":"https:\/\/www.saralinatacado.com.br\/loja\/wp-json\/wp\/v2\/types\/product"}],"replies":[{"embeddable":true,"href":"https:\/\/www.saralinatacado.com.br\/loja\/wp-json\/wp\/v2\/comments?post=29190"}],"wp:featuredmedia":[{"embeddable":true,"href":"https:\/\/www.saralinatacado.com.br\/loja\/wp-json\/wp\/v2\/media\/29191"}],"wp:attachment":[{"href":"https:\/\/www.saralinatacado.com.br\/loja\/wp-json\/wp\/v2\/media?parent=29190"}],"wp:term":[{"taxonomy":"product_brand","embeddable":true,"href":"https:\/\/www.saralinatacado.com.br\/loja\/wp-json\/wp\/v2\/product_brand?post=29190"},{"taxonomy":"product_cat","embeddable":true,"href":"https:\/\/www.saralinatacado.com.br\/loja\/wp-json\/wp\/v2\/product_cat?post=29190"},{"taxonomy":"product_tag","embeddable":true,"href":"https:\/\/www.saralinatacado.com.br\/loja\/wp-json\/wp\/v2\/product_tag?post=29190"}],"curies":[{"name":"wp","href":"https:\/\/api.w.org\/{rel}","templated":true}]}}

Extensão Elétrica 5 Metros Bivolt Preto

<h4 class="panel-title">PRINCIPAIS CARACTERÍSTICAS:</h4>
<ul>
<li>Cor: Preto</li>
<li>3 Tomadas</li>
<li>Tensão Bivolt (110V, 220V)</li>
<li>Entrada e saída 2P + T</li>
<li>Amperagem Máxima do Conjunto: 10A</li>
<li>Comprimento do cabo: 5 metros</li>
</ul>
<p>&nbsp;</p>
<h4 class="panel-title">CONTEÚDO DA EMBALAGEM:</h4>
<ul>
<li>1 Extensão Elétrica 3 Tomadas  5 Metros</li>
</ul>

<p>PRINCIPAIS CARACTERÍSTICAS: Cor: Preto 3 Tomadas Tensão Bivolt (110V, 220V) Entrada e saída 2P + T Amperagem Máxima do Conjunto: 10A Comprimento do cabo: 5 metros &nbsp; CONTEÚDO DA EMBALAGEM: 1 Extensão Elétrica 3 Tomadas  5 Metros</p>
